{"id":18556,"date":"2019-06-10T08:17:05","date_gmt":"2019-06-10T08:17:05","guid":{"rendered":"http:\/\/websites1234.com\/academia-nutricion\/?page_id=18556"},"modified":"2024-09-17T07:49:37","modified_gmt":"2024-09-17T07:49:37","slug":"maria-alemany-lamana","status":"publish","type":"page","link":"https:\/\/www.academianutricionydietetica.org\/pro\/la-academia\/organos-de-gobierno\/maria-alemany-lamana\/","title":{"rendered":"Maria Alemany Lamana"},"content":{"rendered":"<p>[vc_row dfd_row_responsive_enable=\u00bbdfd-row-responsive-enable\u00bb responsive_styles=\u00bbpadding_left_mobile:20|padding_right_mobile:20&#8243;][vc_column]<div class=\"dfd-spacer-module\"  data-units=\"px\" data-wide_resolution=\"1280\" data-wide_size=\"80\" data-normal_resolution=\"1024\" data-normal_size=\"60\" data-tablet_resolution=\"800\" data-tablet_size=\"40\" data-mobile_resolution=\"480\" data-mobile_size=\"40\" style=\"height: 80px;\"><\/div><div class=\"dfd-info-banner style-05 responsive-team-members text-center\" ><div class=\"image-cover \"><img loading=\"lazy\" decoding=\"async\" src=\"https:\/\/www.academianutricionydietetica.org\/pro\/uploads\/2023\/11\/Maria-Alemany-150x150.jpg\" alt=\"Image\"  width=\"150\" height=\"150\" class=\"info-banner-image \" \/><\/div><div class=\"content-wrap\"><h2 class=\"info-box-title \" style=\"font-size: 22px; line-height: 26.4px; letter-spacing: 1px; \">Mar\u00ed\u00e0 Alemany Lamana<\/h2><h3 class=\"info-box-subtitle widget-sub-title \" style=\"\">Miembros de honor y em\u00e9ritos<\/h3><div class=\"wrap-delimiter\"><div class=\"delimiter\" ><\/div><\/div><div class=\"description\" style=\"\">Nacido en Barcelona (1946), estudi\u00f3 Biolog\u00eda, doctor\u00e1ndose por la U. Barcelona en<br \/>\n1972. Beca Fullbright de 15 meses St. Louis (1973-4). Casado con S\u00edlvia (1973; dos<br \/>\nhijos, tres nietos). Docente por vocaci\u00f3n; siempre con orientaci\u00f3n qu\u00edmico-biol\u00f3gica.<br \/>\nProfesor Adjunto numerario (1974), agregado (1977) y catedr\u00e1tico (1981) de<br \/>\nBioqu\u00edmica (siempre en el \u00e1mbito del metabolismo y su regulaci\u00f3n). Universidades de<br \/>\nBarcelona, Oviedo, Islas Baleares, UB-Tarragona y finalmente Barcelona (1986).<br \/>\nVetado en un traslado interno gan\u00f3 la plaza en oposici\u00f3n libre. Importante actividad<br \/>\nadministrativa y organizativa, adem\u00e1s de divulgativa. Su investigaci\u00f3n se escor\u00f3 cada<br \/>\nvez m\u00e1s hacia Metabolismo y Nutrici\u00f3n, cambiando el \u00e1rea de su c\u00e1tedra en 2001, a<br \/>\nNyB. Fue uno de los principales docentes implicados en la \u2018metabolizaci\u00f3n\u2019 de la<br \/>\nNutrici\u00f3n, lo que siempre le ha causado considerables problemas y cr\u00f3nica escasez de<br \/>\nfinanciaci\u00f3n. Ha dedicado muchos esfuerzos a la formaci\u00f3n de docentes e<br \/>\ninvestigadores, pero sobre todo a aprender y conocer la bibliograf\u00eda. Los temas en los<br \/>\nque ha investigado han dependido en buena parte de la disponibilidad de muestras,<br \/>\nmateriales, instrumentos y t\u00e9cnicas, pero aun as\u00ed ha conseguido una buena masa<br \/>\ncr\u00edtica de investigaci\u00f3n en algunas l\u00edneas (desarrollo \u2013 metabolismo de los<br \/>\namino\u00e1cidos, efecto funcional de las dietas sobre el equilibrio energ\u00e9tico, incluyendo<br \/>\ntermog\u00e9nesis, farmacolog\u00eda y endocrinolog\u00eda del s\u00edndrome metab\u00f3lico). Fue uno de los<br \/>\nprimeros autores espa\u00f1oles en divulgar conocimientos, ahora comunes, sobre<br \/>\nobesidad, microbiota, y la inutilidad de gran parte de los tratamientos \u201ccontra\u201d la<br \/>\nobesidad de la segunda mitad del SXX. Descubri\u00f3, la oleoil-estrona, un potente agente<br \/>\nadelgazante, que evit\u00f3 su previsto fallecimiento a los 50 a\u00f1os por el mismo s\u00edndrome<br \/>\nmetab\u00f3lico que sigue combatiendo en la actualidad. Desarroll\u00f3 una masiva<br \/>\ninvestigaci\u00f3n alrededor de este compuesto, pero no consigui\u00f3 llevarlo al mercado por<br \/>\nuna jugada financiera se la empresa que desarrollaba las patentes. Este fracaso se<br \/>\naprovech\u00f3 para el cuestionamiento de todo su trabajo y actividades, lo que condujo al<br \/>\nostracismo y una sequ\u00eda absoluta de financiaci\u00f3n, con bloqueo de su actividad docente<br \/>\nque persiste. Todo en favor de planteamientos nutricionales periclitados, y, en general,<br \/>\nsin base cient\u00edfica, pero potenciados por algunos industriales y grupos de poder. A<br \/>\npesar de todo, ha conseguido sobrevivir cient\u00edficamente. Ha sido capaz de detener y en<br \/>\ngran medida revertir \u2013en su propio cuerpo\u2014 los estragos del s\u00edndrome metab\u00f3lico. Y<br \/>\nsigue aprendiendo y cuidando su legado con seriedad y sentido del humor<\/div><\/div><\/div><div class=\"dfd-spacer-module\"  data-units=\"px\" data-wide_resolution=\"1280\" data-wide_size=\"80\" data-normal_resolution=\"1024\" data-normal_size=\"60\" data-tablet_resolution=\"800\" data-tablet_size=\"40\" data-mobile_resolution=\"480\" data-mobile_size=\"40\" style=\"height: 80px;\"><\/div>[\/vc_column][\/vc_row]<\/p>\n","protected":false},"excerpt":{"rendered":"<p>[vc_row dfd_row_responsive_enable=\u00bbdfd-row-responsive-enable\u00bb responsive_styles=\u00bbpadding_left_mobile:20|padding_right_mobile:20&#8243;][vc_column][\/vc_column][\/vc_row]<\/p>\n","protected":false},"author":4,"featured_media":0,"parent":16188,"menu_order":0,"comment_status":"closed","ping_status":"closed","template":"page-custom-with-header.php","meta":{"_acf_changed":false,"_monsterinsights_skip_tracking":false,"_monsterinsights_sitenote_active":false,"_monsterinsights_sitenote_note":"","_monsterinsights_sitenote_category":0,"footnotes":""},"class_list":["post-18556","page","type-page","status-publish","hentry"],"acf":[],"yoast_head":"<!-- This site is optimized with the Yoast SEO plugin v26.7 - https:\/\/yoast.com\/wordpress\/plugins\/seo\/ -->\n<title>Maria Alemany Lamana - Academia Espa\u00f1ola de Nutrici\u00f3n y Diet\u00e9tica<\/title>\n<meta name=\"robots\" content=\"index, follow, max-snippet:-1, max-image-preview:large, max-video-preview:-1\" \/>\n<link rel=\"canonical\" href=\"https:\/\/www.academianutricionydietetica.org\/pro\/la-academia\/organos-de-gobierno\/maria-alemany-lamana\/\" \/>\n<meta property=\"og:locale\" content=\"es_ES\" \/>\n<meta property=\"og:type\" content=\"article\" \/>\n<meta property=\"og:title\" content=\"Maria Alemany Lamana - Academia Espa\u00f1ola de Nutrici\u00f3n y Diet\u00e9tica\" \/>\n<meta property=\"og:description\" content=\"[vc_row dfd_row_responsive_enable=\u00bbdfd-row-responsive-enable\u00bb responsive_styles=\u00bbpadding_left_mobile:20|padding_right_mobile:20&#8243;][vc_column][\/vc_column][\/vc_row]\" \/>\n<meta property=\"og:url\" content=\"https:\/\/www.academianutricionydietetica.org\/pro\/la-academia\/organos-de-gobierno\/maria-alemany-lamana\/\" \/>\n<meta property=\"og:site_name\" content=\"Academia Espa\u00f1ola de Nutrici\u00f3n y Diet\u00e9tica\" \/>\n<meta property=\"article:modified_time\" content=\"2024-09-17T07:49:37+00:00\" \/>\n<meta name=\"twitter:card\" content=\"summary_large_image\" \/>\n<meta name=\"twitter:label1\" content=\"Tiempo de lectura\" \/>\n\t<meta name=\"twitter:data1\" content=\"2 minutos\" \/>\n<script type=\"application\/ld+json\" class=\"yoast-schema-graph\">{\"@context\":\"https:\/\/schema.org\",\"@graph\":[{\"@type\":\"WebPage\",\"@id\":\"https:\/\/www.academianutricionydietetica.org\/pro\/la-academia\/organos-de-gobierno\/maria-alemany-lamana\/\",\"url\":\"https:\/\/www.academianutricionydietetica.org\/pro\/la-academia\/organos-de-gobierno\/maria-alemany-lamana\/\",\"name\":\"Maria Alemany Lamana - Academia Espa\u00f1ola de Nutrici\u00f3n y Diet\u00e9tica\",\"isPartOf\":{\"@id\":\"https:\/\/www.academianutricionydietetica.org\/pro\/#website\"},\"datePublished\":\"2019-06-10T08:17:05+00:00\",\"dateModified\":\"2024-09-17T07:49:37+00:00\",\"breadcrumb\":{\"@id\":\"https:\/\/www.academianutricionydietetica.org\/pro\/la-academia\/organos-de-gobierno\/maria-alemany-lamana\/#breadcrumb\"},\"inLanguage\":\"es\",\"potentialAction\":[{\"@type\":\"ReadAction\",\"target\":[\"https:\/\/www.academianutricionydietetica.org\/pro\/la-academia\/organos-de-gobierno\/maria-alemany-lamana\/\"]}]},{\"@type\":\"BreadcrumbList\",\"@id\":\"https:\/\/www.academianutricionydietetica.org\/pro\/la-academia\/organos-de-gobierno\/maria-alemany-lamana\/#breadcrumb\",\"itemListElement\":[{\"@type\":\"ListItem\",\"position\":1,\"name\":\"Inicio\",\"item\":\"https:\/\/www.academianutricionydietetica.org\/pro\/\"},{\"@type\":\"ListItem\",\"position\":2,\"name\":\"La academia\",\"item\":\"https:\/\/www.academianutricionydietetica.org\/pro\/la-academia\/\"},{\"@type\":\"ListItem\",\"position\":3,\"name\":\"\u00d3rganos de Gobierno\",\"item\":\"https:\/\/www.academianutricionydietetica.org\/pro\/la-academia\/organos-de-gobierno\/\"},{\"@type\":\"ListItem\",\"position\":4,\"name\":\"Maria Alemany Lamana\"}]},{\"@type\":\"WebSite\",\"@id\":\"https:\/\/www.academianutricionydietetica.org\/pro\/#website\",\"url\":\"https:\/\/www.academianutricionydietetica.org\/pro\/\",\"name\":\"Academia Espa\u00f1ola de Nutrici\u00f3n y Diet\u00e9tica\",\"description\":\"Formaci\u00f3n, noticias, jornadas y eventos\",\"potentialAction\":[{\"@type\":\"SearchAction\",\"target\":{\"@type\":\"EntryPoint\",\"urlTemplate\":\"https:\/\/www.academianutricionydietetica.org\/pro\/?s={search_term_string}\"},\"query-input\":{\"@type\":\"PropertyValueSpecification\",\"valueRequired\":true,\"valueName\":\"search_term_string\"}}],\"inLanguage\":\"es\"}]}<\/script>\n<!-- \/ Yoast SEO plugin. -->","yoast_head_json":{"title":"Maria Alemany Lamana - Academia Espa\u00f1ola de Nutrici\u00f3n y Diet\u00e9tica","robots":{"index":"index","follow":"follow","max-snippet":"max-snippet:-1","max-image-preview":"max-image-preview:large","max-video-preview":"max-video-preview:-1"},"canonical":"https:\/\/www.academianutricionydietetica.org\/pro\/la-academia\/organos-de-gobierno\/maria-alemany-lamana\/","og_locale":"es_ES","og_type":"article","og_title":"Maria Alemany Lamana - Academia Espa\u00f1ola de Nutrici\u00f3n y Diet\u00e9tica","og_description":"[vc_row dfd_row_responsive_enable=\u00bbdfd-row-responsive-enable\u00bb responsive_styles=\u00bbpadding_left_mobile:20|padding_right_mobile:20&#8243;][vc_column][\/vc_column][\/vc_row]","og_url":"https:\/\/www.academianutricionydietetica.org\/pro\/la-academia\/organos-de-gobierno\/maria-alemany-lamana\/","og_site_name":"Academia Espa\u00f1ola de Nutrici\u00f3n y Diet\u00e9tica","article_modified_time":"2024-09-17T07:49:37+00:00","twitter_card":"summary_large_image","twitter_misc":{"Tiempo de lectura":"2 minutos"},"schema":{"@context":"https:\/\/schema.org","@graph":[{"@type":"WebPage","@id":"https:\/\/www.academianutricionydietetica.org\/pro\/la-academia\/organos-de-gobierno\/maria-alemany-lamana\/","url":"https:\/\/www.academianutricionydietetica.org\/pro\/la-academia\/organos-de-gobierno\/maria-alemany-lamana\/","name":"Maria Alemany Lamana - Academia Espa\u00f1ola de Nutrici\u00f3n y Diet\u00e9tica","isPartOf":{"@id":"https:\/\/www.academianutricionydietetica.org\/pro\/#website"},"datePublished":"2019-06-10T08:17:05+00:00","dateModified":"2024-09-17T07:49:37+00:00","breadcrumb":{"@id":"https:\/\/www.academianutricionydietetica.org\/pro\/la-academia\/organos-de-gobierno\/maria-alemany-lamana\/#breadcrumb"},"inLanguage":"es","potentialAction":[{"@type":"ReadAction","target":["https:\/\/www.academianutricionydietetica.org\/pro\/la-academia\/organos-de-gobierno\/maria-alemany-lamana\/"]}]},{"@type":"BreadcrumbList","@id":"https:\/\/www.academianutricionydietetica.org\/pro\/la-academia\/organos-de-gobierno\/maria-alemany-lamana\/#breadcrumb","itemListElement":[{"@type":"ListItem","position":1,"name":"Inicio","item":"https:\/\/www.academianutricionydietetica.org\/pro\/"},{"@type":"ListItem","position":2,"name":"La academia","item":"https:\/\/www.academianutricionydietetica.org\/pro\/la-academia\/"},{"@type":"ListItem","position":3,"name":"\u00d3rganos de Gobierno","item":"https:\/\/www.academianutricionydietetica.org\/pro\/la-academia\/organos-de-gobierno\/"},{"@type":"ListItem","position":4,"name":"Maria Alemany Lamana"}]},{"@type":"WebSite","@id":"https:\/\/www.academianutricionydietetica.org\/pro\/#website","url":"https:\/\/www.academianutricionydietetica.org\/pro\/","name":"Academia Espa\u00f1ola de Nutrici\u00f3n y Diet\u00e9tica","description":"Formaci\u00f3n, noticias, jornadas y eventos","potentialAction":[{"@type":"SearchAction","target":{"@type":"EntryPoint","urlTemplate":"https:\/\/www.academianutricionydietetica.org\/pro\/?s={search_term_string}"},"query-input":{"@type":"PropertyValueSpecification","valueRequired":true,"valueName":"search_term_string"}}],"inLanguage":"es"}]}},"_links":{"self":[{"href":"https:\/\/www.academianutricionydietetica.org\/pro\/wp-json\/wp\/v2\/pages\/18556","targetHints":{"allow":["GET"]}}],"collection":[{"href":"https:\/\/www.academianutricionydietetica.org\/pro\/wp-json\/wp\/v2\/pages"}],"about":[{"href":"https:\/\/www.academianutricionydietetica.org\/pro\/wp-json\/wp\/v2\/types\/page"}],"author":[{"embeddable":true,"href":"https:\/\/www.academianutricionydietetica.org\/pro\/wp-json\/wp\/v2\/users\/4"}],"replies":[{"embeddable":true,"href":"https:\/\/www.academianutricionydietetica.org\/pro\/wp-json\/wp\/v2\/comments?post=18556"}],"version-history":[{"count":5,"href":"https:\/\/www.academianutricionydietetica.org\/pro\/wp-json\/wp\/v2\/pages\/18556\/revisions"}],"predecessor-version":[{"id":22960,"href":"https:\/\/www.academianutricionydietetica.org\/pro\/wp-json\/wp\/v2\/pages\/18556\/revisions\/22960"}],"up":[{"embeddable":true,"href":"https:\/\/www.academianutricionydietetica.org\/pro\/wp-json\/wp\/v2\/pages\/16188"}],"wp:attachment":[{"href":"https:\/\/www.academianutricionydietetica.org\/pro\/wp-json\/wp\/v2\/media?parent=18556"}],"curies":[{"name":"wp","href":"https:\/\/api.w.org\/{rel}","templated":true}]}}

<p>[vc_row dfd_row_responsive_enable=»dfd-row-responsive-enable» responsive_styles=»padding_left_mobile:20|padding_right_mobile:20&#8243;][vc_column]<div class="dfd-spacer-module"  data-units="px" data-wide_resolution="1280" data-wide_size="80" data-normal_resolution="1024" data-normal_size="60" data-tablet_resolution="800" data-tablet_size="40" data-mobile_resolution="480" data-mobile_size="40" style="height: 80px;"></div><div class="dfd-info-banner style-05 responsive-team-members text-center" ><div class="image-cover "><img loading="lazy" decoding="async" src="https://www.academianutricionydietetica.org/pro/uploads/2023/11/Maria-Alemany-150x150.jpg" alt="Image"  width="150" height="150" class="info-banner-image " /></div><div class="content-wrap"><h2 class="info-box-title " style="font-size: 22px; line-height: 26.4px; letter-spacing: 1px; ">Maríà Alemany Lamana</h2><h3 class="info-box-subtitle widget-sub-title " style="">Miembros de honor y eméritos</h3><div class="wrap-delimiter"><div class="delimiter" ></div></div><div class="description" style="">Nacido en Barcelona (1946), estudió Biología, doctorándose por la U. Barcelona en<br />
1972. Beca Fullbright de 15 meses St. Louis (1973-4). Casado con Sílvia (1973; dos<br />
hijos, tres nietos). Docente por vocación; siempre con orientación químico-biológica.<br />
Profesor Adjunto numerario (1974), agregado (1977) y catedrático (1981) de<br />
Bioquímica (siempre en el ámbito del metabolismo y su regulación). Universidades de<br />
Barcelona, Oviedo, Islas Baleares, UB-Tarragona y finalmente Barcelona (1986).<br />
Vetado en un traslado interno ganó la plaza en oposición libre. Importante actividad<br />
administrativa y organizativa, además de divulgativa. Su investigación se escoró cada<br />
vez más hacia Metabolismo y Nutrición, cambiando el área de su cátedra en 2001, a<br />
NyB. Fue uno de los principales docentes implicados en la ‘metabolización’ de la<br />
Nutrición, lo que siempre le ha causado considerables problemas y crónica escasez de<br />
financiación. Ha dedicado muchos esfuerzos a la formación de docentes e<br />
investigadores, pero sobre todo a aprender y conocer la bibliografía. Los temas en los<br />
que ha investigado han dependido en buena parte de la disponibilidad de muestras,<br />
materiales, instrumentos y técnicas, pero aun así ha conseguido una buena masa<br />
crítica de investigación en algunas líneas (desarrollo – metabolismo de los<br />
aminoácidos, efecto funcional de las dietas sobre el equilibrio energético, incluyendo<br />
termogénesis, farmacología y endocrinología del síndrome metabólico). Fue uno de los<br />
primeros autores españoles en divulgar conocimientos, ahora comunes, sobre<br />
obesidad, microbiota, y la inutilidad de gran parte de los tratamientos “contra” la<br />
obesidad de la segunda mitad del SXX. Descubrió, la oleoil-estrona, un potente agente<br />
adelgazante, que evitó su previsto fallecimiento a los 50 años por el mismo síndrome<br />
metabólico que sigue combatiendo en la actualidad. Desarrolló una masiva<br />
investigación alrededor de este compuesto, pero no consiguió llevarlo al mercado por<br />
una jugada financiera se la empresa que desarrollaba las patentes. Este fracaso se<br />
aprovechó para el cuestionamiento de todo su trabajo y actividades, lo que condujo al<br />
ostracismo y una sequía absoluta de financiación, con bloqueo de su actividad docente<br />
que persiste. Todo en favor de planteamientos nutricionales periclitados, y, en general,<br />
sin base científica, pero potenciados por algunos industriales y grupos de poder. A<br />
pesar de todo, ha conseguido sobrevivir científicamente. Ha sido capaz de detener y en<br />
gran medida revertir –en su propio cuerpo— los estragos del síndrome metabólico. Y<br />
sigue aprendiendo y cuidando su legado con seriedad y sentido del humor</div></div></div><div class="dfd-spacer-module"  data-units="px" data-wide_resolution="1280" data-wide_size="80" data-normal_resolution="1024" data-normal_size="60" data-tablet_resolution="800" data-tablet_size="40" data-mobile_resolution="480" data-mobile_size="40" style="height: 80px;"></div>[/vc_column][/vc_row]</p>

<!-- This site is optimized with the Yoast SEO plugin v26.7 - https://yoast.com/wordpress/plugins/seo/ -->
<title>Maria Alemany Lamana - Academia Española de Nutrición y Dietética</title>
<meta name="robots" content="index, follow, max-snippet:-1, max-image-preview:large, max-video-preview:-1" />
<link rel="canonical" href="https://www.academianutricionydietetica.org/pro/la-academia/organos-de-gobierno/maria-alemany-lamana/" />
<meta property="og:locale" content="es_ES" />
<meta property="og:type" content="article" />
<meta property="og:title" content="Maria Alemany Lamana - Academia Española de Nutrición y Dietética" />
<meta property="og:description" content="[vc_row dfd_row_responsive_enable=»dfd-row-responsive-enable» responsive_styles=»padding_left_mobile:20|padding_right_mobile:20&#8243;][vc_column][/vc_column][/vc_row]" />
<meta property="og:url" content="https://www.academianutricionydietetica.org/pro/la-academia/organos-de-gobierno/maria-alemany-lamana/" />
<meta property="og:site_name" content="Academia Española de Nutrición y Dietética" />
<meta property="article:modified_time" content="2024-09-17T07:49:37+00:00" />
<meta name="twitter:card" content="summary_large_image" />
<meta name="twitter:label1" content="Tiempo de lectura" />
	<meta name="twitter:data1" content="2 minutos" />
<script type="application/ld+json" class="yoast-schema-graph">{"@context":"https://schema.org","@graph":[{"@type":"WebPage","@id":"https://www.academianutricionydietetica.org/pro/la-academia/organos-de-gobierno/maria-alemany-lamana/","url":"https://www.academianutricionydietetica.org/pro/la-academia/organos-de-gobierno/maria-alemany-lamana/","name":"Maria Alemany Lamana - Academia Española de Nutrición y Dietética","isPartOf":{"@id":"https://www.academianutricionydietetica.org/pro/#website"},"datePublished":"2019-06-10T08:17:05+00:00","dateModified":"2024-09-17T07:49:37+00:00","breadcrumb":{"@id":"https://www.academianutricionydietetica.org/pro/la-academia/organos-de-gobierno/maria-alemany-lamana/#breadcrumb"},"inLanguage":"es","potentialAction":[{"@type":"ReadAction","target":["https://www.academianutricionydietetica.org/pro/la-academia/organos-de-gobierno/maria-alemany-lamana/"]}]},{"@type":"BreadcrumbList","@id":"https://www.academianutricionydietetica.org/pro/la-academia/organos-de-gobierno/maria-alemany-lamana/#breadcrumb","itemListElement":[{"@type":"ListItem","position":1,"name":"Inicio","item":"https://www.academianutricionydietetica.org/pro/"},{"@type":"ListItem","position":2,"name":"La academia","item":"https://www.academianutricionydietetica.org/pro/la-academia/"},{"@type":"ListItem","position":3,"name":"Órganos de Gobierno","item":"https://www.academianutricionydietetica.org/pro/la-academia/organos-de-gobierno/"},{"@type":"ListItem","position":4,"name":"Maria Alemany Lamana"}]},{"@type":"WebSite","@id":"https://www.academianutricionydietetica.org/pro/#website","url":"https://www.academianutricionydietetica.org/pro/","name":"Academia Española de Nutrición y Dietética","description":"Formación, noticias, jornadas y eventos","potentialAction":[{"@type":"SearchAction","target":{"@type":"EntryPoint","urlTemplate":"https://www.academianutricionydietetica.org/pro/?s={search_term_string}"},"query-input":{"@type":"PropertyValueSpecification","valueRequired":true,"valueName":"search_term_string"}}],"inLanguage":"es"}]}</script>
<!-- / Yoast SEO plugin. -->

Maria Alemany Lamana - Academia Española de Nutrición y Dietética

Academia Española de Nutrición y Dietética

Órganos de Gobierno

Formación, noticias, jornadas y eventos
