{"id":18585,"date":"2019-06-10T09:21:50","date_gmt":"2019-06-10T09:21:50","guid":{"rendered":"http:\/\/websites1234.com\/academia-nutricion\/?page_id=18585"},"modified":"2022-07-12T15:06:57","modified_gmt":"2022-07-12T15:06:57","slug":"griselda-herrero-martin","status":"publish","type":"page","link":"https:\/\/www.academianutricionydietetica.org\/pro\/la-academia\/organos-de-gobierno\/griselda-herrero-martin\/","title":{"rendered":"Griselda Herrero Mart\u00edn"},"content":{"rendered":"<p>[vc_row dfd_row_responsive_enable=\u00bbdfd-row-responsive-enable\u00bb responsive_styles=\u00bbpadding_left_mobile:20|padding_right_mobile:20&#8243;][vc_column]<div class=\"dfd-spacer-module\"  data-units=\"px\" data-wide_resolution=\"1280\" data-wide_size=\"80\" data-normal_resolution=\"1024\" data-normal_size=\"60\" data-tablet_resolution=\"800\" data-tablet_size=\"40\" data-mobile_resolution=\"480\" data-mobile_size=\"40\" style=\"height: 80px;\"><\/div><div class=\"dfd-info-banner style-05 responsive-team-members text-center\" ><div class=\"image-cover \"><img loading=\"lazy\" decoding=\"async\" src=\"https:\/\/www.academianutricionydietetica.org\/pro\/uploads\/2019\/06\/32-150x150.jpg\" alt=\"Image\"  width=\"150\" height=\"150\" class=\"info-banner-image \" \/><\/div><div class=\"content-wrap\"><h2 class=\"info-box-title \" style=\"font-size: 22px; line-height: 26.4px; letter-spacing: 1px; \">Griselda Herrero Mart\u00edn<\/h2><h3 class=\"info-box-subtitle widget-sub-title \" style=\"\">Acad\u00e9micos de n\u00famero<\/h3><div class=\"wrap-delimiter\"><div class=\"delimiter\" ><\/div><\/div><div class=\"description\" style=\"\">Doctora en Bioqu\u00edmica (Universidad de Granada) y Diplomada en Nutrici\u00f3n Humana y Diet\u00e9tica (Universidad Pablo de Olavide de Sevilla). M\u00e1ster en Inmunolog\u00eda Molecualr y Celular (Universidad de Granada). Experta Universitaria en Trastornos de la Conducta Alimentaria y Obesidad (Universidad Cat\u00f3lica de Valencia); Inmunonutrici\u00f3n (Universidad Cat\u00f3lica de Valencia); y Ensayos Cl\u00ednicos (Universidad de Sevilla). Experta en Coaching Nutricional y Psiconutrici\u00f3n. Compagina su labor como Profesora Asociada en el \u00c1rea de Nutrici\u00f3n de la Universidad Pablo de Olavide de Sevilla (impartiendo clase en el Grado de Nutrici\u00f3n Humana y Diet\u00e9tica, en el Grado de Ciencias de la Actividad F\u00edsica y el Deporte, en el M\u00e1ster de Ciencia y Tecnolog\u00eda de Aceites y Bebidas Fermentadas; Participando en el Aula Abierta de Mayores, Organizando Cursos de Verano y Dirigiendo el Curso de Experto Universitario en TCA y Obesidad), con la docencia en el Centro Universitario Internacional y en el Institute of Studies Abroad. Ha elaborado material docente para el grado de nutrici\u00f3n humana y diet\u00e9tica y el M\u00e1ster de Nutrici\u00f3n de la Universidad Europea del Atl\u00e1ntico.<\/p>\n<p>Es fundadora de Norte Salud Nutrici\u00f3n, empresa centrada en la psiconutrici\u00f3n, la educaci\u00f3n alimentaria, la investigaci\u00f3n en nutrici\u00f3n y el asesoramiento a empresas, donde trabaja por la promoci\u00f3n de h\u00e1bitos saludables y la prevenci\u00f3n y tratamiento de patolog\u00edas desde un enfoque interdisciplinar e integral.<\/p>\n<p>Colabora con diversas revistas (Diabetes, Objetivo Bienestar, MIA, El Giraldillo, Saber Consumir, Vitamina 301), programas de TV (Consumo Cuidado, Salud al D\u00eda), radio (Radio Guadalquivir) y blogs (Mustela, La Taca) como divulgadora en salud y nutrici\u00f3n. Ha participado como ponente en numerosos eventos y jornadas adem\u00e1s de tener m\u00e1s de 20 comunicaciones a congresos nacionales e internacionales, y m\u00e1s de 10 publicaciones cient\u00edficas en revistas indexadas de relevancia. Es colaboradora de la Escuela de Padres con Talento, Revisora de la Revista Espa\u00f1ola de Nutrici\u00f3n Humana y Diet\u00e9tica, Miembro del Colegio Profesional de Dietistas-Nutricionistas de Andaluc\u00eda (Colegiada n\u00ba AND-336), Socia de SANCYD (Sociedad Andaluza de Nutrici\u00f3n Clinica y Diet\u00e9tica), SAEIA (Sociedad Andaluza para el Estudio de Intolerancias Alimentarias), SEN (Sociedad Espa\u00f1ola de Nutrici\u00f3n), y pertenece al Comit\u00e9 Cient\u00edfico del grupo de Dietoterapia de la Academia Espa\u00f1ola de Dietistas-Nutricionistas.<\/div><\/div><\/div><div class=\"dfd-spacer-module\"  data-units=\"px\" data-wide_resolution=\"1280\" data-wide_size=\"80\" data-normal_resolution=\"1024\" data-normal_size=\"60\" data-tablet_resolution=\"800\" data-tablet_size=\"40\" data-mobile_resolution=\"480\" data-mobile_size=\"40\" style=\"height: 80px;\"><\/div>[\/vc_column][\/vc_row]<\/p>\n","protected":false},"excerpt":{"rendered":"<p>[vc_row dfd_row_responsive_enable=\u00bbdfd-row-responsive-enable\u00bb responsive_styles=\u00bbpadding_left_mobile:20|padding_right_mobile:20&#8243;][vc_column][\/vc_column][\/vc_row]<\/p>\n","protected":false},"author":4,"featured_media":0,"parent":16188,"menu_order":0,"comment_status":"closed","ping_status":"closed","template":"page-custom-with-header.php","meta":{"_acf_changed":false,"_monsterinsights_skip_tracking":false,"_monsterinsights_sitenote_active":false,"_monsterinsights_sitenote_note":"","_monsterinsights_sitenote_category":0,"footnotes":""},"class_list":["post-18585","page","type-page","status-publish","hentry"],"acf":[],"yoast_head":"<!-- This site is optimized with the Yoast SEO plugin v26.7 - https:\/\/yoast.com\/wordpress\/plugins\/seo\/ -->\n<title>Griselda Herrero Mart\u00edn - Academia Espa\u00f1ola de Nutrici\u00f3n y Diet\u00e9tica<\/title>\n<meta name=\"robots\" content=\"index, follow, max-snippet:-1, max-image-preview:large, max-video-preview:-1\" \/>\n<link rel=\"canonical\" href=\"https:\/\/www.academianutricionydietetica.org\/pro\/la-academia\/organos-de-gobierno\/griselda-herrero-martin\/\" \/>\n<meta property=\"og:locale\" content=\"es_ES\" \/>\n<meta property=\"og:type\" content=\"article\" \/>\n<meta property=\"og:title\" content=\"Griselda Herrero Mart\u00edn - Academia Espa\u00f1ola de Nutrici\u00f3n y Diet\u00e9tica\" \/>\n<meta property=\"og:description\" content=\"[vc_row dfd_row_responsive_enable=\u00bbdfd-row-responsive-enable\u00bb responsive_styles=\u00bbpadding_left_mobile:20|padding_right_mobile:20&#8243;][vc_column][\/vc_column][\/vc_row]\" \/>\n<meta property=\"og:url\" content=\"https:\/\/www.academianutricionydietetica.org\/pro\/la-academia\/organos-de-gobierno\/griselda-herrero-martin\/\" \/>\n<meta property=\"og:site_name\" content=\"Academia Espa\u00f1ola de Nutrici\u00f3n y Diet\u00e9tica\" \/>\n<meta property=\"article:modified_time\" content=\"2022-07-12T15:06:57+00:00\" \/>\n<meta name=\"twitter:card\" content=\"summary_large_image\" \/>\n<meta name=\"twitter:label1\" content=\"Tiempo de lectura\" \/>\n\t<meta name=\"twitter:data1\" content=\"3 minutos\" \/>\n<script type=\"application\/ld+json\" class=\"yoast-schema-graph\">{\"@context\":\"https:\/\/schema.org\",\"@graph\":[{\"@type\":\"WebPage\",\"@id\":\"https:\/\/www.academianutricionydietetica.org\/pro\/la-academia\/organos-de-gobierno\/griselda-herrero-martin\/\",\"url\":\"https:\/\/www.academianutricionydietetica.org\/pro\/la-academia\/organos-de-gobierno\/griselda-herrero-martin\/\",\"name\":\"Griselda Herrero Mart\u00edn - Academia Espa\u00f1ola de Nutrici\u00f3n y Diet\u00e9tica\",\"isPartOf\":{\"@id\":\"https:\/\/www.academianutricionydietetica.org\/pro\/#website\"},\"datePublished\":\"2019-06-10T09:21:50+00:00\",\"dateModified\":\"2022-07-12T15:06:57+00:00\",\"breadcrumb\":{\"@id\":\"https:\/\/www.academianutricionydietetica.org\/pro\/la-academia\/organos-de-gobierno\/griselda-herrero-martin\/#breadcrumb\"},\"inLanguage\":\"es\",\"potentialAction\":[{\"@type\":\"ReadAction\",\"target\":[\"https:\/\/www.academianutricionydietetica.org\/pro\/la-academia\/organos-de-gobierno\/griselda-herrero-martin\/\"]}]},{\"@type\":\"BreadcrumbList\",\"@id\":\"https:\/\/www.academianutricionydietetica.org\/pro\/la-academia\/organos-de-gobierno\/griselda-herrero-martin\/#breadcrumb\",\"itemListElement\":[{\"@type\":\"ListItem\",\"position\":1,\"name\":\"Inicio\",\"item\":\"https:\/\/www.academianutricionydietetica.org\/pro\/\"},{\"@type\":\"ListItem\",\"position\":2,\"name\":\"La academia\",\"item\":\"https:\/\/www.academianutricionydietetica.org\/pro\/la-academia\/\"},{\"@type\":\"ListItem\",\"position\":3,\"name\":\"\u00d3rganos de Gobierno\",\"item\":\"https:\/\/www.academianutricionydietetica.org\/pro\/la-academia\/organos-de-gobierno\/\"},{\"@type\":\"ListItem\",\"position\":4,\"name\":\"Griselda Herrero Mart\u00edn\"}]},{\"@type\":\"WebSite\",\"@id\":\"https:\/\/www.academianutricionydietetica.org\/pro\/#website\",\"url\":\"https:\/\/www.academianutricionydietetica.org\/pro\/\",\"name\":\"Academia Espa\u00f1ola de Nutrici\u00f3n y Diet\u00e9tica\",\"description\":\"Formaci\u00f3n, noticias, jornadas y eventos\",\"potentialAction\":[{\"@type\":\"SearchAction\",\"target\":{\"@type\":\"EntryPoint\",\"urlTemplate\":\"https:\/\/www.academianutricionydietetica.org\/pro\/?s={search_term_string}\"},\"query-input\":{\"@type\":\"PropertyValueSpecification\",\"valueRequired\":true,\"valueName\":\"search_term_string\"}}],\"inLanguage\":\"es\"}]}<\/script>\n<!-- \/ Yoast SEO plugin. -->","yoast_head_json":{"title":"Griselda Herrero Mart\u00edn - Academia Espa\u00f1ola de Nutrici\u00f3n y Diet\u00e9tica","robots":{"index":"index","follow":"follow","max-snippet":"max-snippet:-1","max-image-preview":"max-image-preview:large","max-video-preview":"max-video-preview:-1"},"canonical":"https:\/\/www.academianutricionydietetica.org\/pro\/la-academia\/organos-de-gobierno\/griselda-herrero-martin\/","og_locale":"es_ES","og_type":"article","og_title":"Griselda Herrero Mart\u00edn - Academia Espa\u00f1ola de Nutrici\u00f3n y Diet\u00e9tica","og_description":"[vc_row dfd_row_responsive_enable=\u00bbdfd-row-responsive-enable\u00bb responsive_styles=\u00bbpadding_left_mobile:20|padding_right_mobile:20&#8243;][vc_column][\/vc_column][\/vc_row]","og_url":"https:\/\/www.academianutricionydietetica.org\/pro\/la-academia\/organos-de-gobierno\/griselda-herrero-martin\/","og_site_name":"Academia Espa\u00f1ola de Nutrici\u00f3n y Diet\u00e9tica","article_modified_time":"2022-07-12T15:06:57+00:00","twitter_card":"summary_large_image","twitter_misc":{"Tiempo de lectura":"3 minutos"},"schema":{"@context":"https:\/\/schema.org","@graph":[{"@type":"WebPage","@id":"https:\/\/www.academianutricionydietetica.org\/pro\/la-academia\/organos-de-gobierno\/griselda-herrero-martin\/","url":"https:\/\/www.academianutricionydietetica.org\/pro\/la-academia\/organos-de-gobierno\/griselda-herrero-martin\/","name":"Griselda Herrero Mart\u00edn - Academia Espa\u00f1ola de Nutrici\u00f3n y Diet\u00e9tica","isPartOf":{"@id":"https:\/\/www.academianutricionydietetica.org\/pro\/#website"},"datePublished":"2019-06-10T09:21:50+00:00","dateModified":"2022-07-12T15:06:57+00:00","breadcrumb":{"@id":"https:\/\/www.academianutricionydietetica.org\/pro\/la-academia\/organos-de-gobierno\/griselda-herrero-martin\/#breadcrumb"},"inLanguage":"es","potentialAction":[{"@type":"ReadAction","target":["https:\/\/www.academianutricionydietetica.org\/pro\/la-academia\/organos-de-gobierno\/griselda-herrero-martin\/"]}]},{"@type":"BreadcrumbList","@id":"https:\/\/www.academianutricionydietetica.org\/pro\/la-academia\/organos-de-gobierno\/griselda-herrero-martin\/#breadcrumb","itemListElement":[{"@type":"ListItem","position":1,"name":"Inicio","item":"https:\/\/www.academianutricionydietetica.org\/pro\/"},{"@type":"ListItem","position":2,"name":"La academia","item":"https:\/\/www.academianutricionydietetica.org\/pro\/la-academia\/"},{"@type":"ListItem","position":3,"name":"\u00d3rganos de Gobierno","item":"https:\/\/www.academianutricionydietetica.org\/pro\/la-academia\/organos-de-gobierno\/"},{"@type":"ListItem","position":4,"name":"Griselda Herrero Mart\u00edn"}]},{"@type":"WebSite","@id":"https:\/\/www.academianutricionydietetica.org\/pro\/#website","url":"https:\/\/www.academianutricionydietetica.org\/pro\/","name":"Academia Espa\u00f1ola de Nutrici\u00f3n y Diet\u00e9tica","description":"Formaci\u00f3n, noticias, jornadas y eventos","potentialAction":[{"@type":"SearchAction","target":{"@type":"EntryPoint","urlTemplate":"https:\/\/www.academianutricionydietetica.org\/pro\/?s={search_term_string}"},"query-input":{"@type":"PropertyValueSpecification","valueRequired":true,"valueName":"search_term_string"}}],"inLanguage":"es"}]}},"_links":{"self":[{"href":"https:\/\/www.academianutricionydietetica.org\/pro\/wp-json\/wp\/v2\/pages\/18585","targetHints":{"allow":["GET"]}}],"collection":[{"href":"https:\/\/www.academianutricionydietetica.org\/pro\/wp-json\/wp\/v2\/pages"}],"about":[{"href":"https:\/\/www.academianutricionydietetica.org\/pro\/wp-json\/wp\/v2\/types\/page"}],"author":[{"embeddable":true,"href":"https:\/\/www.academianutricionydietetica.org\/pro\/wp-json\/wp\/v2\/users\/4"}],"replies":[{"embeddable":true,"href":"https:\/\/www.academianutricionydietetica.org\/pro\/wp-json\/wp\/v2\/comments?post=18585"}],"version-history":[{"count":2,"href":"https:\/\/www.academianutricionydietetica.org\/pro\/wp-json\/wp\/v2\/pages\/18585\/revisions"}],"predecessor-version":[{"id":19461,"href":"https:\/\/www.academianutricionydietetica.org\/pro\/wp-json\/wp\/v2\/pages\/18585\/revisions\/19461"}],"up":[{"embeddable":true,"href":"https:\/\/www.academianutricionydietetica.org\/pro\/wp-json\/wp\/v2\/pages\/16188"}],"wp:attachment":[{"href":"https:\/\/www.academianutricionydietetica.org\/pro\/wp-json\/wp\/v2\/media?parent=18585"}],"curies":[{"name":"wp","href":"https:\/\/api.w.org\/{rel}","templated":true}]}}

Griselda Herrero Martín

<p>[vc_row dfd_row_responsive_enable=»dfd-row-responsive-enable» responsive_styles=»padding_left_mobile:20|padding_right_mobile:20&#8243;][vc_column]<div class="dfd-spacer-module"  data-units="px" data-wide_resolution="1280" data-wide_size="80" data-normal_resolution="1024" data-normal_size="60" data-tablet_resolution="800" data-tablet_size="40" data-mobile_resolution="480" data-mobile_size="40" style="height: 80px;"></div><div class="dfd-info-banner style-05 responsive-team-members text-center" ><div class="image-cover "><img loading="lazy" decoding="async" src="https://www.academianutricionydietetica.org/pro/uploads/2019/06/32-150x150.jpg" alt="Image"  width="150" height="150" class="info-banner-image " /></div><div class="content-wrap"><h2 class="info-box-title " style="font-size: 22px; line-height: 26.4px; letter-spacing: 1px; ">Griselda Herrero Martín</h2><h3 class="info-box-subtitle widget-sub-title " style="">Académicos de número</h3><div class="wrap-delimiter"><div class="delimiter" ></div></div><div class="description" style="">Doctora en Bioquímica (Universidad de Granada) y Diplomada en Nutrición Humana y Dietética (Universidad Pablo de Olavide de Sevilla). Máster en Inmunología Molecualr y Celular (Universidad de Granada). Experta Universitaria en Trastornos de la Conducta Alimentaria y Obesidad (Universidad Católica de Valencia); Inmunonutrición (Universidad Católica de Valencia); y Ensayos Clínicos (Universidad de Sevilla). Experta en Coaching Nutricional y Psiconutrición. Compagina su labor como Profesora Asociada en el Área de Nutrición de la Universidad Pablo de Olavide de Sevilla (impartiendo clase en el Grado de Nutrición Humana y Dietética, en el Grado de Ciencias de la Actividad Física y el Deporte, en el Máster de Ciencia y Tecnología de Aceites y Bebidas Fermentadas; Participando en el Aula Abierta de Mayores, Organizando Cursos de Verano y Dirigiendo el Curso de Experto Universitario en TCA y Obesidad), con la docencia en el Centro Universitario Internacional y en el Institute of Studies Abroad. Ha elaborado material docente para el grado de nutrición humana y dietética y el Máster de Nutrición de la Universidad Europea del Atlántico.</p>
<p>Es fundadora de Norte Salud Nutrición, empresa centrada en la psiconutrición, la educación alimentaria, la investigación en nutrición y el asesoramiento a empresas, donde trabaja por la promoción de hábitos saludables y la prevención y tratamiento de patologías desde un enfoque interdisciplinar e integral.</p>
<p>Colabora con diversas revistas (Diabetes, Objetivo Bienestar, MIA, El Giraldillo, Saber Consumir, Vitamina 301), programas de TV (Consumo Cuidado, Salud al Día), radio (Radio Guadalquivir) y blogs (Mustela, La Taca) como divulgadora en salud y nutrición. Ha participado como ponente en numerosos eventos y jornadas además de tener más de 20 comunicaciones a congresos nacionales e internacionales, y más de 10 publicaciones científicas en revistas indexadas de relevancia. Es colaboradora de la Escuela de Padres con Talento, Revisora de la Revista Española de Nutrición Humana y Dietética, Miembro del Colegio Profesional de Dietistas-Nutricionistas de Andalucía (Colegiada nº AND-336), Socia de SANCYD (Sociedad Andaluza de Nutrición Clinica y Dietética), SAEIA (Sociedad Andaluza para el Estudio de Intolerancias Alimentarias), SEN (Sociedad Española de Nutrición), y pertenece al Comité Científico del grupo de Dietoterapia de la Academia Española de Dietistas-Nutricionistas.</div></div></div><div class="dfd-spacer-module"  data-units="px" data-wide_resolution="1280" data-wide_size="80" data-normal_resolution="1024" data-normal_size="60" data-tablet_resolution="800" data-tablet_size="40" data-mobile_resolution="480" data-mobile_size="40" style="height: 80px;"></div>[/vc_column][/vc_row]</p>

<!-- This site is optimized with the Yoast SEO plugin v26.7 - https://yoast.com/wordpress/plugins/seo/ -->
<title>Griselda Herrero Martín - Academia Española de Nutrición y Dietética</title>
<meta name="robots" content="index, follow, max-snippet:-1, max-image-preview:large, max-video-preview:-1" />
<link rel="canonical" href="https://www.academianutricionydietetica.org/pro/la-academia/organos-de-gobierno/griselda-herrero-martin/" />
<meta property="og:locale" content="es_ES" />
<meta property="og:type" content="article" />
<meta property="og:title" content="Griselda Herrero Martín - Academia Española de Nutrición y Dietética" />
<meta property="og:description" content="[vc_row dfd_row_responsive_enable=»dfd-row-responsive-enable» responsive_styles=»padding_left_mobile:20|padding_right_mobile:20&#8243;][vc_column][/vc_column][/vc_row]" />
<meta property="og:url" content="https://www.academianutricionydietetica.org/pro/la-academia/organos-de-gobierno/griselda-herrero-martin/" />
<meta property="og:site_name" content="Academia Española de Nutrición y Dietética" />
<meta property="article:modified_time" content="2022-07-12T15:06:57+00:00" />
<meta name="twitter:card" content="summary_large_image" />
<meta name="twitter:label1" content="Tiempo de lectura" />
	<meta name="twitter:data1" content="3 minutos" />
<script type="application/ld+json" class="yoast-schema-graph">{"@context":"https://schema.org","@graph":[{"@type":"WebPage","@id":"https://www.academianutricionydietetica.org/pro/la-academia/organos-de-gobierno/griselda-herrero-martin/","url":"https://www.academianutricionydietetica.org/pro/la-academia/organos-de-gobierno/griselda-herrero-martin/","name":"Griselda Herrero Martín - Academia Española de Nutrición y Dietética","isPartOf":{"@id":"https://www.academianutricionydietetica.org/pro/#website"},"datePublished":"2019-06-10T09:21:50+00:00","dateModified":"2022-07-12T15:06:57+00:00","breadcrumb":{"@id":"https://www.academianutricionydietetica.org/pro/la-academia/organos-de-gobierno/griselda-herrero-martin/#breadcrumb"},"inLanguage":"es","potentialAction":[{"@type":"ReadAction","target":["https://www.academianutricionydietetica.org/pro/la-academia/organos-de-gobierno/griselda-herrero-martin/"]}]},{"@type":"BreadcrumbList","@id":"https://www.academianutricionydietetica.org/pro/la-academia/organos-de-gobierno/griselda-herrero-martin/#breadcrumb","itemListElement":[{"@type":"ListItem","position":1,"name":"Inicio","item":"https://www.academianutricionydietetica.org/pro/"},{"@type":"ListItem","position":2,"name":"La academia","item":"https://www.academianutricionydietetica.org/pro/la-academia/"},{"@type":"ListItem","position":3,"name":"Órganos de Gobierno","item":"https://www.academianutricionydietetica.org/pro/la-academia/organos-de-gobierno/"},{"@type":"ListItem","position":4,"name":"Griselda Herrero Martín"}]},{"@type":"WebSite","@id":"https://www.academianutricionydietetica.org/pro/#website","url":"https://www.academianutricionydietetica.org/pro/","name":"Academia Española de Nutrición y Dietética","description":"Formación, noticias, jornadas y eventos","potentialAction":[{"@type":"SearchAction","target":{"@type":"EntryPoint","urlTemplate":"https://www.academianutricionydietetica.org/pro/?s={search_term_string}"},"query-input":{"@type":"PropertyValueSpecification","valueRequired":true,"valueName":"search_term_string"}}],"inLanguage":"es"}]}</script>
<!-- / Yoast SEO plugin. -->

Griselda Herrero Martín - Academia Española de Nutrición y Dietética

Academia Española de Nutrición y Dietética

Órganos de Gobierno

Formación, noticias, jornadas y eventos
