{"id":18634,"date":"2019-06-10T10:36:00","date_gmt":"2019-06-10T10:36:00","guid":{"rendered":"http:\/\/websites1234.com\/academia-nutricion\/?page_id=18634"},"modified":"2022-07-12T15:17:34","modified_gmt":"2022-07-12T15:17:34","slug":"ismael-san-mauro-martin","status":"publish","type":"page","link":"https:\/\/www.academianutricionydietetica.org\/pro\/la-academia\/organos-de-gobierno\/ismael-san-mauro-martin\/","title":{"rendered":"Ismael San Mauro Mart\u00edn"},"content":{"rendered":"<p>[vc_row dfd_row_responsive_enable=\u00bbdfd-row-responsive-enable\u00bb responsive_styles=\u00bbpadding_left_mobile:20|padding_right_mobile:20&#8243;][vc_column]<div class=\"dfd-spacer-module\"  data-units=\"px\" data-wide_resolution=\"1280\" data-wide_size=\"80\" data-normal_resolution=\"1024\" data-normal_size=\"60\" data-tablet_resolution=\"800\" data-tablet_size=\"40\" data-mobile_resolution=\"480\" data-mobile_size=\"40\" style=\"height: 80px;\"><\/div><div class=\"dfd-info-banner style-05 responsive-team-members text-center\" ><div class=\"image-cover \"><img loading=\"lazy\" decoding=\"async\" src=\"https:\/\/www.academianutricionydietetica.org\/pro\/uploads\/2019\/06\/15-150x150.jpg\" alt=\"Image\"  width=\"150\" height=\"150\" class=\"info-banner-image \" \/><\/div><div class=\"content-wrap\"><h2 class=\"info-box-title \" style=\"font-size: 22px; line-height: 26.4px; letter-spacing: 1px; \">Ismael San Mauro Mart\u00edn<\/h2><h3 class=\"info-box-subtitle widget-sub-title \" style=\"\">Acad\u00e9micos de n\u00famero<\/h3><div class=\"wrap-delimiter\"><div class=\"delimiter\" ><\/div><\/div><div class=\"description\" style=\"\">F O R M A C I \u00d3 N A C A D E M I C A<\/p>\n<p>Doctor en ciencias biom\u00e9dicas en el Dpto. de Medicina de la UCM. 2012-2016. Calificaci\u00f3n SOBRESALIENTE \u00abCUM LAUDE\u201d<br \/>\nM\u00e1ster Oficial en Condicionantes gen\u00e9ticos, Nutricionales y Ambientales en el crecimiento y el desarrollo (UniCan). 2010-2011 (60 ECTS)<br \/>\nM\u00e1ster Oficial de Nutrigen\u00f3mica y nutrici\u00f3n personalizada (UIB). 2009-2010. (60 ECTS)<br \/>\nDiplomado en Nutrici\u00f3n Humana y Diet\u00e9tica (UCM.) 2005-2008.<br \/>\nE X P E R I E N C I A L A B O R A L<\/p>\n<p>CEO en los Centros de Investigaci\u00f3n en Nutrici\u00f3n y Salud S.L. 2011-<br \/>\nProfesor en el Grado de Nutrici\u00f3n Humana y Diet\u00e9tica. UCM. 2012<br \/>\nInvestigador en el programa Beca Manuel de Oya (Cerveza y Salud). ICTAN-CSIC. 2012-2013<br \/>\nDirector y nutricionista de Foodsan Nutricionistas S.L. Oct.09 \u2013Nov. 2011<br \/>\nDirector y nutricionista del Dpto. de Nutrici\u00f3n del M\u00e9todo Aequilibrium, Unidad Hospitalaria de Obesidad del Hospital Puerta de Am\u00e9rica. Oct. 2010-Jun. 2011.<br \/>\nDietista en el Hospital Sureste de Arganda Del Rey (Madrid). 2008.<br \/>\nCongresos cient\u00edficos:<br \/>\nPonente en 9 congresos nacionales y 7 internacional de investigaci\u00f3n y nutrici\u00f3n. 2009-<br \/>\nComit\u00e9 Cient\u00edfico Jornadas ADDINMA 2012, 2013, 2014, 2015, 2016;<br \/>\n40 Publicaciones cient\u00edficas (30 JCR)<br \/>\nPremios concedidos:<br \/>\n1er finalista del \u201cI Concurso de proyectos de educaci\u00f3n\/ promoci\u00f3n de la salud\u201d de Extremadura, con el t\u00edtulo \u201cCome lo que gastas, gasta lo que comes\u201d. Mayo 2009.<br \/>\nFinalista con una de las 2 Becas anuales Manuel de Oya nacionales. 2012-2013<br \/>\nOTROS<\/p>\n<p>Comit\u00e9 cient\u00edfico Dr.Sch\u00e4r Institute, Comit\u00e9 cient\u00edfico Fundaci\u00f3n Espa\u00f1ola de Dietistas-Nutricionistas (FEDN).<br \/>\nMiembro de Grupos de especializaci\u00f3n y cient\u00edficos: GREP-AED-N y GE-NuDAFD..Miembro de SENPE, ADDINMA, FEDN.<\/div><\/div><\/div><div class=\"dfd-spacer-module\"  data-units=\"px\" data-wide_resolution=\"1280\" data-wide_size=\"80\" data-normal_resolution=\"1024\" data-normal_size=\"60\" data-tablet_resolution=\"800\" data-tablet_size=\"40\" data-mobile_resolution=\"480\" data-mobile_size=\"40\" style=\"height: 80px;\"><\/div>[\/vc_column][\/vc_row]<\/p>\n","protected":false},"excerpt":{"rendered":"<p>[vc_row dfd_row_responsive_enable=\u00bbdfd-row-responsive-enable\u00bb responsive_styles=\u00bbpadding_left_mobile:20|padding_right_mobile:20&#8243;][vc_column][\/vc_column][\/vc_row]<\/p>\n","protected":false},"author":4,"featured_media":0,"parent":16188,"menu_order":0,"comment_status":"closed","ping_status":"closed","template":"page-custom-with-header.php","meta":{"_acf_changed":false,"_monsterinsights_skip_tracking":false,"_monsterinsights_sitenote_active":false,"_monsterinsights_sitenote_note":"","_monsterinsights_sitenote_category":0,"footnotes":""},"class_list":["post-18634","page","type-page","status-publish","hentry"],"acf":[],"yoast_head":"<!-- This site is optimized with the Yoast SEO plugin v26.7 - https:\/\/yoast.com\/wordpress\/plugins\/seo\/ -->\n<title>Ismael San Mauro Mart\u00edn - Academia Espa\u00f1ola de Nutrici\u00f3n y Diet\u00e9tica<\/title>\n<meta name=\"robots\" content=\"index, follow, max-snippet:-1, max-image-preview:large, max-video-preview:-1\" \/>\n<link rel=\"canonical\" href=\"https:\/\/www.academianutricionydietetica.org\/pro\/la-academia\/organos-de-gobierno\/ismael-san-mauro-martin\/\" \/>\n<meta property=\"og:locale\" content=\"es_ES\" \/>\n<meta property=\"og:type\" content=\"article\" \/>\n<meta property=\"og:title\" content=\"Ismael San Mauro Mart\u00edn - Academia Espa\u00f1ola de Nutrici\u00f3n y Diet\u00e9tica\" \/>\n<meta property=\"og:description\" content=\"[vc_row dfd_row_responsive_enable=\u00bbdfd-row-responsive-enable\u00bb responsive_styles=\u00bbpadding_left_mobile:20|padding_right_mobile:20&#8243;][vc_column][\/vc_column][\/vc_row]\" \/>\n<meta property=\"og:url\" content=\"https:\/\/www.academianutricionydietetica.org\/pro\/la-academia\/organos-de-gobierno\/ismael-san-mauro-martin\/\" \/>\n<meta property=\"og:site_name\" content=\"Academia Espa\u00f1ola de Nutrici\u00f3n y Diet\u00e9tica\" \/>\n<meta property=\"article:modified_time\" content=\"2022-07-12T15:17:34+00:00\" \/>\n<meta name=\"twitter:card\" content=\"summary_large_image\" \/>\n<meta name=\"twitter:label1\" content=\"Tiempo de lectura\" \/>\n\t<meta name=\"twitter:data1\" content=\"2 minutos\" \/>\n<script type=\"application\/ld+json\" class=\"yoast-schema-graph\">{\"@context\":\"https:\/\/schema.org\",\"@graph\":[{\"@type\":\"WebPage\",\"@id\":\"https:\/\/www.academianutricionydietetica.org\/pro\/la-academia\/organos-de-gobierno\/ismael-san-mauro-martin\/\",\"url\":\"https:\/\/www.academianutricionydietetica.org\/pro\/la-academia\/organos-de-gobierno\/ismael-san-mauro-martin\/\",\"name\":\"Ismael San Mauro Mart\u00edn - Academia Espa\u00f1ola de Nutrici\u00f3n y Diet\u00e9tica\",\"isPartOf\":{\"@id\":\"https:\/\/www.academianutricionydietetica.org\/pro\/#website\"},\"datePublished\":\"2019-06-10T10:36:00+00:00\",\"dateModified\":\"2022-07-12T15:17:34+00:00\",\"breadcrumb\":{\"@id\":\"https:\/\/www.academianutricionydietetica.org\/pro\/la-academia\/organos-de-gobierno\/ismael-san-mauro-martin\/#breadcrumb\"},\"inLanguage\":\"es\",\"potentialAction\":[{\"@type\":\"ReadAction\",\"target\":[\"https:\/\/www.academianutricionydietetica.org\/pro\/la-academia\/organos-de-gobierno\/ismael-san-mauro-martin\/\"]}]},{\"@type\":\"BreadcrumbList\",\"@id\":\"https:\/\/www.academianutricionydietetica.org\/pro\/la-academia\/organos-de-gobierno\/ismael-san-mauro-martin\/#breadcrumb\",\"itemListElement\":[{\"@type\":\"ListItem\",\"position\":1,\"name\":\"Inicio\",\"item\":\"https:\/\/www.academianutricionydietetica.org\/pro\/\"},{\"@type\":\"ListItem\",\"position\":2,\"name\":\"La academia\",\"item\":\"https:\/\/www.academianutricionydietetica.org\/pro\/la-academia\/\"},{\"@type\":\"ListItem\",\"position\":3,\"name\":\"\u00d3rganos de Gobierno\",\"item\":\"https:\/\/www.academianutricionydietetica.org\/pro\/la-academia\/organos-de-gobierno\/\"},{\"@type\":\"ListItem\",\"position\":4,\"name\":\"Ismael San Mauro Mart\u00edn\"}]},{\"@type\":\"WebSite\",\"@id\":\"https:\/\/www.academianutricionydietetica.org\/pro\/#website\",\"url\":\"https:\/\/www.academianutricionydietetica.org\/pro\/\",\"name\":\"Academia Espa\u00f1ola de Nutrici\u00f3n y Diet\u00e9tica\",\"description\":\"Formaci\u00f3n, noticias, jornadas y eventos\",\"potentialAction\":[{\"@type\":\"SearchAction\",\"target\":{\"@type\":\"EntryPoint\",\"urlTemplate\":\"https:\/\/www.academianutricionydietetica.org\/pro\/?s={search_term_string}\"},\"query-input\":{\"@type\":\"PropertyValueSpecification\",\"valueRequired\":true,\"valueName\":\"search_term_string\"}}],\"inLanguage\":\"es\"}]}<\/script>\n<!-- \/ Yoast SEO plugin. -->","yoast_head_json":{"title":"Ismael San Mauro Mart\u00edn - Academia Espa\u00f1ola de Nutrici\u00f3n y Diet\u00e9tica","robots":{"index":"index","follow":"follow","max-snippet":"max-snippet:-1","max-image-preview":"max-image-preview:large","max-video-preview":"max-video-preview:-1"},"canonical":"https:\/\/www.academianutricionydietetica.org\/pro\/la-academia\/organos-de-gobierno\/ismael-san-mauro-martin\/","og_locale":"es_ES","og_type":"article","og_title":"Ismael San Mauro Mart\u00edn - Academia Espa\u00f1ola de Nutrici\u00f3n y Diet\u00e9tica","og_description":"[vc_row dfd_row_responsive_enable=\u00bbdfd-row-responsive-enable\u00bb responsive_styles=\u00bbpadding_left_mobile:20|padding_right_mobile:20&#8243;][vc_column][\/vc_column][\/vc_row]","og_url":"https:\/\/www.academianutricionydietetica.org\/pro\/la-academia\/organos-de-gobierno\/ismael-san-mauro-martin\/","og_site_name":"Academia Espa\u00f1ola de Nutrici\u00f3n y Diet\u00e9tica","article_modified_time":"2022-07-12T15:17:34+00:00","twitter_card":"summary_large_image","twitter_misc":{"Tiempo de lectura":"2 minutos"},"schema":{"@context":"https:\/\/schema.org","@graph":[{"@type":"WebPage","@id":"https:\/\/www.academianutricionydietetica.org\/pro\/la-academia\/organos-de-gobierno\/ismael-san-mauro-martin\/","url":"https:\/\/www.academianutricionydietetica.org\/pro\/la-academia\/organos-de-gobierno\/ismael-san-mauro-martin\/","name":"Ismael San Mauro Mart\u00edn - Academia Espa\u00f1ola de Nutrici\u00f3n y Diet\u00e9tica","isPartOf":{"@id":"https:\/\/www.academianutricionydietetica.org\/pro\/#website"},"datePublished":"2019-06-10T10:36:00+00:00","dateModified":"2022-07-12T15:17:34+00:00","breadcrumb":{"@id":"https:\/\/www.academianutricionydietetica.org\/pro\/la-academia\/organos-de-gobierno\/ismael-san-mauro-martin\/#breadcrumb"},"inLanguage":"es","potentialAction":[{"@type":"ReadAction","target":["https:\/\/www.academianutricionydietetica.org\/pro\/la-academia\/organos-de-gobierno\/ismael-san-mauro-martin\/"]}]},{"@type":"BreadcrumbList","@id":"https:\/\/www.academianutricionydietetica.org\/pro\/la-academia\/organos-de-gobierno\/ismael-san-mauro-martin\/#breadcrumb","itemListElement":[{"@type":"ListItem","position":1,"name":"Inicio","item":"https:\/\/www.academianutricionydietetica.org\/pro\/"},{"@type":"ListItem","position":2,"name":"La academia","item":"https:\/\/www.academianutricionydietetica.org\/pro\/la-academia\/"},{"@type":"ListItem","position":3,"name":"\u00d3rganos de Gobierno","item":"https:\/\/www.academianutricionydietetica.org\/pro\/la-academia\/organos-de-gobierno\/"},{"@type":"ListItem","position":4,"name":"Ismael San Mauro Mart\u00edn"}]},{"@type":"WebSite","@id":"https:\/\/www.academianutricionydietetica.org\/pro\/#website","url":"https:\/\/www.academianutricionydietetica.org\/pro\/","name":"Academia Espa\u00f1ola de Nutrici\u00f3n y Diet\u00e9tica","description":"Formaci\u00f3n, noticias, jornadas y eventos","potentialAction":[{"@type":"SearchAction","target":{"@type":"EntryPoint","urlTemplate":"https:\/\/www.academianutricionydietetica.org\/pro\/?s={search_term_string}"},"query-input":{"@type":"PropertyValueSpecification","valueRequired":true,"valueName":"search_term_string"}}],"inLanguage":"es"}]}},"_links":{"self":[{"href":"https:\/\/www.academianutricionydietetica.org\/pro\/wp-json\/wp\/v2\/pages\/18634","targetHints":{"allow":["GET"]}}],"collection":[{"href":"https:\/\/www.academianutricionydietetica.org\/pro\/wp-json\/wp\/v2\/pages"}],"about":[{"href":"https:\/\/www.academianutricionydietetica.org\/pro\/wp-json\/wp\/v2\/types\/page"}],"author":[{"embeddable":true,"href":"https:\/\/www.academianutricionydietetica.org\/pro\/wp-json\/wp\/v2\/users\/4"}],"replies":[{"embeddable":true,"href":"https:\/\/www.academianutricionydietetica.org\/pro\/wp-json\/wp\/v2\/comments?post=18634"}],"version-history":[{"count":3,"href":"https:\/\/www.academianutricionydietetica.org\/pro\/wp-json\/wp\/v2\/pages\/18634\/revisions"}],"predecessor-version":[{"id":19491,"href":"https:\/\/www.academianutricionydietetica.org\/pro\/wp-json\/wp\/v2\/pages\/18634\/revisions\/19491"}],"up":[{"embeddable":true,"href":"https:\/\/www.academianutricionydietetica.org\/pro\/wp-json\/wp\/v2\/pages\/16188"}],"wp:attachment":[{"href":"https:\/\/www.academianutricionydietetica.org\/pro\/wp-json\/wp\/v2\/media?parent=18634"}],"curies":[{"name":"wp","href":"https:\/\/api.w.org\/{rel}","templated":true}]}}

Ismael San Mauro Martín

<p>[vc_row dfd_row_responsive_enable=»dfd-row-responsive-enable» responsive_styles=»padding_left_mobile:20|padding_right_mobile:20&#8243;][vc_column]<div class="dfd-spacer-module"  data-units="px" data-wide_resolution="1280" data-wide_size="80" data-normal_resolution="1024" data-normal_size="60" data-tablet_resolution="800" data-tablet_size="40" data-mobile_resolution="480" data-mobile_size="40" style="height: 80px;"></div><div class="dfd-info-banner style-05 responsive-team-members text-center" ><div class="image-cover "><img loading="lazy" decoding="async" src="https://www.academianutricionydietetica.org/pro/uploads/2019/06/15-150x150.jpg" alt="Image"  width="150" height="150" class="info-banner-image " /></div><div class="content-wrap"><h2 class="info-box-title " style="font-size: 22px; line-height: 26.4px; letter-spacing: 1px; ">Ismael San Mauro Martín</h2><h3 class="info-box-subtitle widget-sub-title " style="">Académicos de número</h3><div class="wrap-delimiter"><div class="delimiter" ></div></div><div class="description" style="">F O R M A C I Ó N A C A D E M I C A</p>
<p>Doctor en ciencias biomédicas en el Dpto. de Medicina de la UCM. 2012-2016. Calificación SOBRESALIENTE «CUM LAUDE”<br />
Máster Oficial en Condicionantes genéticos, Nutricionales y Ambientales en el crecimiento y el desarrollo (UniCan). 2010-2011 (60 ECTS)<br />
Máster Oficial de Nutrigenómica y nutrición personalizada (UIB). 2009-2010. (60 ECTS)<br />
Diplomado en Nutrición Humana y Dietética (UCM.) 2005-2008.<br />
E X P E R I E N C I A L A B O R A L</p>
<p>CEO en los Centros de Investigación en Nutrición y Salud S.L. 2011-<br />
Profesor en el Grado de Nutrición Humana y Dietética. UCM. 2012<br />
Investigador en el programa Beca Manuel de Oya (Cerveza y Salud). ICTAN-CSIC. 2012-2013<br />
Director y nutricionista de Foodsan Nutricionistas S.L. Oct.09 –Nov. 2011<br />
Director y nutricionista del Dpto. de Nutrición del Método Aequilibrium, Unidad Hospitalaria de Obesidad del Hospital Puerta de América. Oct. 2010-Jun. 2011.<br />
Dietista en el Hospital Sureste de Arganda Del Rey (Madrid). 2008.<br />
Congresos científicos:<br />
Ponente en 9 congresos nacionales y 7 internacional de investigación y nutrición. 2009-<br />
Comité Científico Jornadas ADDINMA 2012, 2013, 2014, 2015, 2016;<br />
40 Publicaciones científicas (30 JCR)<br />
Premios concedidos:<br />
1er finalista del “I Concurso de proyectos de educación/ promoción de la salud” de Extremadura, con el título “Come lo que gastas, gasta lo que comes”. Mayo 2009.<br />
Finalista con una de las 2 Becas anuales Manuel de Oya nacionales. 2012-2013<br />
OTROS</p>
<p>Comité científico Dr.Schär Institute, Comité científico Fundación Española de Dietistas-Nutricionistas (FEDN).<br />
Miembro de Grupos de especialización y científicos: GREP-AED-N y GE-NuDAFD..Miembro de SENPE, ADDINMA, FEDN.</div></div></div><div class="dfd-spacer-module"  data-units="px" data-wide_resolution="1280" data-wide_size="80" data-normal_resolution="1024" data-normal_size="60" data-tablet_resolution="800" data-tablet_size="40" data-mobile_resolution="480" data-mobile_size="40" style="height: 80px;"></div>[/vc_column][/vc_row]</p>

<!-- This site is optimized with the Yoast SEO plugin v26.7 - https://yoast.com/wordpress/plugins/seo/ -->
<title>Ismael San Mauro Martín - Academia Española de Nutrición y Dietética</title>
<meta name="robots" content="index, follow, max-snippet:-1, max-image-preview:large, max-video-preview:-1" />
<link rel="canonical" href="https://www.academianutricionydietetica.org/pro/la-academia/organos-de-gobierno/ismael-san-mauro-martin/" />
<meta property="og:locale" content="es_ES" />
<meta property="og:type" content="article" />
<meta property="og:title" content="Ismael San Mauro Martín - Academia Española de Nutrición y Dietética" />
<meta property="og:description" content="[vc_row dfd_row_responsive_enable=»dfd-row-responsive-enable» responsive_styles=»padding_left_mobile:20|padding_right_mobile:20&#8243;][vc_column][/vc_column][/vc_row]" />
<meta property="og:url" content="https://www.academianutricionydietetica.org/pro/la-academia/organos-de-gobierno/ismael-san-mauro-martin/" />
<meta property="og:site_name" content="Academia Española de Nutrición y Dietética" />
<meta property="article:modified_time" content="2022-07-12T15:17:34+00:00" />
<meta name="twitter:card" content="summary_large_image" />
<meta name="twitter:label1" content="Tiempo de lectura" />
	<meta name="twitter:data1" content="2 minutos" />
<script type="application/ld+json" class="yoast-schema-graph">{"@context":"https://schema.org","@graph":[{"@type":"WebPage","@id":"https://www.academianutricionydietetica.org/pro/la-academia/organos-de-gobierno/ismael-san-mauro-martin/","url":"https://www.academianutricionydietetica.org/pro/la-academia/organos-de-gobierno/ismael-san-mauro-martin/","name":"Ismael San Mauro Martín - Academia Española de Nutrición y Dietética","isPartOf":{"@id":"https://www.academianutricionydietetica.org/pro/#website"},"datePublished":"2019-06-10T10:36:00+00:00","dateModified":"2022-07-12T15:17:34+00:00","breadcrumb":{"@id":"https://www.academianutricionydietetica.org/pro/la-academia/organos-de-gobierno/ismael-san-mauro-martin/#breadcrumb"},"inLanguage":"es","potentialAction":[{"@type":"ReadAction","target":["https://www.academianutricionydietetica.org/pro/la-academia/organos-de-gobierno/ismael-san-mauro-martin/"]}]},{"@type":"BreadcrumbList","@id":"https://www.academianutricionydietetica.org/pro/la-academia/organos-de-gobierno/ismael-san-mauro-martin/#breadcrumb","itemListElement":[{"@type":"ListItem","position":1,"name":"Inicio","item":"https://www.academianutricionydietetica.org/pro/"},{"@type":"ListItem","position":2,"name":"La academia","item":"https://www.academianutricionydietetica.org/pro/la-academia/"},{"@type":"ListItem","position":3,"name":"Órganos de Gobierno","item":"https://www.academianutricionydietetica.org/pro/la-academia/organos-de-gobierno/"},{"@type":"ListItem","position":4,"name":"Ismael San Mauro Martín"}]},{"@type":"WebSite","@id":"https://www.academianutricionydietetica.org/pro/#website","url":"https://www.academianutricionydietetica.org/pro/","name":"Academia Española de Nutrición y Dietética","description":"Formación, noticias, jornadas y eventos","potentialAction":[{"@type":"SearchAction","target":{"@type":"EntryPoint","urlTemplate":"https://www.academianutricionydietetica.org/pro/?s={search_term_string}"},"query-input":{"@type":"PropertyValueSpecification","valueRequired":true,"valueName":"search_term_string"}}],"inLanguage":"es"}]}</script>
<!-- / Yoast SEO plugin. -->

Ismael San Mauro Martín - Academia Española de Nutrición y Dietética

Academia Española de Nutrición y Dietética

Órganos de Gobierno

Formación, noticias, jornadas y eventos
