{"id":18637,"date":"2019-06-10T10:39:21","date_gmt":"2019-06-10T10:39:21","guid":{"rendered":"http:\/\/websites1234.com\/academia-nutricion\/?page_id=18637"},"modified":"2022-07-12T15:18:33","modified_gmt":"2022-07-12T15:18:33","slug":"isabel-sospedra-lopez","status":"publish","type":"page","link":"https:\/\/www.academianutricionydietetica.org\/pro\/la-academia\/organos-de-gobierno\/isabel-sospedra-lopez\/","title":{"rendered":"Isabel Sospedra L\u00f3pez"},"content":{"rendered":"<p>[vc_row dfd_row_responsive_enable=\u00bbdfd-row-responsive-enable\u00bb responsive_styles=\u00bbpadding_left_mobile:20|padding_right_mobile:20&#8243;][vc_column]<div class=\"dfd-spacer-module\"  data-units=\"px\" data-wide_resolution=\"1280\" data-wide_size=\"80\" data-normal_resolution=\"1024\" data-normal_size=\"60\" data-tablet_resolution=\"800\" data-tablet_size=\"40\" data-mobile_resolution=\"480\" data-mobile_size=\"40\" style=\"height: 80px;\"><\/div><div class=\"dfd-info-banner style-05 responsive-team-members text-center\" ><div class=\"image-cover \"><img loading=\"lazy\" decoding=\"async\" src=\"https:\/\/www.academianutricionydietetica.org\/pro\/uploads\/2019\/06\/29-150x150.jpg\" alt=\"Image\"  width=\"150\" height=\"150\" class=\"info-banner-image \" \/><\/div><div class=\"content-wrap\"><h2 class=\"info-box-title \" style=\"font-size: 34px; line-height: 48px; letter-spacing: 8px; \">Isabel Sospedra L\u00f3pez<\/h2><h3 class=\"info-box-subtitle widget-sub-title \" style=\"\">Acad\u00e9micos de n\u00famero<\/h3><div class=\"wrap-delimiter\"><div class=\"delimiter\" ><\/div><\/div><div class=\"description\" style=\"\">TITULACIONES UNIVERSITARIAS<br \/>\n-Licenciatura en Farmacia (2007)<br \/>\n-Diplomatura en Nutrici\u00f3n Humana y Diet\u00e9tica (2009)<br \/>\n-Diploma de Estudios Avanzados (DEA) en Ciencia de los Alimentos (2009)<br \/>\n-Doctorado por la Universidad de Valencia (2011)<\/p>\n<p>OCUPACI\u00d3N ACTUAL<br \/>\n&#8211; Profesora Ayudante Doctor. Dep. Enfermer\u00eda. Facultad de Ciencias de la Salud. Universidad de Alicante.<br \/>\n&#8211; Coordinadora del Grado en Nutrici\u00f3n Humana y Diet\u00e9tica de la Universidad de Alicante.<\/p>\n<p>PUBLICACIONES CIENT\u00cdFICAS (\u00faltimos 5 a\u00f1os)<br \/>\n1. ART\u00cdCULOS CIENT\u00cdFICOS<\/p>\n<p>Caracter\u00edsticas cineantropom\u00e9tricas en jugadores de baloncesto adolescentes. (2016) Rev Esp Nutr Hum Diet, 20: 23-31.<br \/>\nEstudio de factores de riesgo de enfermedad cardiovascular en trabajadores universitarios espa\u00f1oles. (2016) Nutr Hosp, 33; 3: 644-688<br \/>\nPrevalence of Bacteria and Absence of Anisakid Parasites in Raw and Prepared Fish and Seafood Dishes in Spanish Restaurants. (2015) J Food Prot, 78; 3: 615-618.<br \/>\nEffect of High Fat Diets on Body Mass, Oleylethanolamide Plasma Levels and Oxytocin Expression in Growing Rats. (2015) J Food Sci, 80; 6: 1425-1431.<br \/>\nThe omic sciences in the study of staphylococcal toxins analyzed in food matrices. (2013) Food Res Int, 54:1052-1060.<br \/>\nSurvey of microbial quality of plant-based foods served in restaurants. (2013) Food Control, 30:418-422.<br \/>\nCharacterization of Heat-Labile toxin-subunit B from Escherichia coli by liquid chromatography\u2013electrospray ionization-mass spectrometry and matrix-assisted laser desorption\/ionization time-of-flight mass spectrometry. (2012) Food Chem Toxicol, 50:3886-3891.<br \/>\nRapid Whole Protein Quantitation of Staphylococcal Enterotoxins A and B by Liquid Chromatography\/Mass Spectrometry. (2012) J Chrom A, 1238:54-59.<br \/>\nReport of toxic shock syndrome toxin 1 (TSST-1) from Staphylococcus aureus isolated in food handlers and surfaces from foodservice establishments. (2012): Ecotoxicol Environ Saf, 80:288-290.<br \/>\nRapid whole protein quantification of staphylococcal enterotoxin B by liquid chromatography. (2012) Food Chem, 133:163-166.<br \/>\nIncidence of microorganisms from fresh orange juice processed by squeezing machines. (2012) Food Control, 23:283-285.<br \/>\n2. CONTRIBUCIONES A CONGRESOS<\/p>\n<p>17th International Congress of Dietetics (2016). Poster<br \/>\nII Congreso Ibero-Americano de Epidemiolog\u00eda y Salud P\u00fablica (2015). Com. Oral<br \/>\nCongreso Colombiano de Nutrici\u00f3n y Diet\u00e9tica (2015). Com. Oral<br \/>\n12th Euro Fed Lipid Congress. 2014. Poster<br \/>\nII International Workshop on Metabolomics &amp; Proteomics. 2012. Poster<br \/>\n3. PROYECTOS DE INVESTIGACI\u00d3N<\/p>\n<p>Adaptaci\u00f3n y validaci\u00f3n de herramientas para la determinaci\u00f3n de estilos de alimentaci\u00f3n infantil. Universidad de Alicante. GRE15-18<br \/>\nAceite de oliva y otros l\u00edpidos de la dieta en el c\u00e1ncer de mama. Fundaci\u00f3n Patrimonio Comunal Olivarero. FPCO2013-CF611.084<br \/>\nEvaluaci\u00f3n del riesgo de micotoxinas emergentes de Fusarium. Ministerio de Ciencia e Innovaci\u00f3n. AGL2010-17024<\/div><\/div><\/div><div class=\"dfd-spacer-module\"  data-units=\"px\" data-wide_resolution=\"1280\" data-wide_size=\"80\" data-normal_resolution=\"1024\" data-normal_size=\"60\" data-tablet_resolution=\"800\" data-tablet_size=\"40\" data-mobile_resolution=\"480\" data-mobile_size=\"40\" style=\"height: 80px;\"><\/div>[\/vc_column][\/vc_row]<\/p>\n","protected":false},"excerpt":{"rendered":"<p>[vc_row dfd_row_responsive_enable=\u00bbdfd-row-responsive-enable\u00bb responsive_styles=\u00bbpadding_left_mobile:20|padding_right_mobile:20&#8243;][vc_column][\/vc_column][\/vc_row]<\/p>\n","protected":false},"author":4,"featured_media":0,"parent":16188,"menu_order":0,"comment_status":"closed","ping_status":"closed","template":"page-custom-with-header.php","meta":{"_acf_changed":false,"_monsterinsights_skip_tracking":false,"_monsterinsights_sitenote_active":false,"_monsterinsights_sitenote_note":"","_monsterinsights_sitenote_category":0,"footnotes":""},"class_list":["post-18637","page","type-page","status-publish","hentry"],"acf":[],"yoast_head":"<!-- This site is optimized with the Yoast SEO plugin v26.7 - https:\/\/yoast.com\/wordpress\/plugins\/seo\/ -->\n<title>Isabel Sospedra L\u00f3pez - Academia Espa\u00f1ola de Nutrici\u00f3n y Diet\u00e9tica<\/title>\n<meta name=\"robots\" content=\"index, follow, max-snippet:-1, max-image-preview:large, max-video-preview:-1\" \/>\n<link rel=\"canonical\" href=\"https:\/\/www.academianutricionydietetica.org\/pro\/la-academia\/organos-de-gobierno\/isabel-sospedra-lopez\/\" \/>\n<meta property=\"og:locale\" content=\"es_ES\" \/>\n<meta property=\"og:type\" content=\"article\" \/>\n<meta property=\"og:title\" content=\"Isabel Sospedra L\u00f3pez - Academia Espa\u00f1ola de Nutrici\u00f3n y Diet\u00e9tica\" \/>\n<meta property=\"og:description\" content=\"[vc_row dfd_row_responsive_enable=\u00bbdfd-row-responsive-enable\u00bb responsive_styles=\u00bbpadding_left_mobile:20|padding_right_mobile:20&#8243;][vc_column][\/vc_column][\/vc_row]\" \/>\n<meta property=\"og:url\" content=\"https:\/\/www.academianutricionydietetica.org\/pro\/la-academia\/organos-de-gobierno\/isabel-sospedra-lopez\/\" \/>\n<meta property=\"og:site_name\" content=\"Academia Espa\u00f1ola de Nutrici\u00f3n y Diet\u00e9tica\" \/>\n<meta property=\"article:modified_time\" content=\"2022-07-12T15:18:33+00:00\" \/>\n<meta name=\"twitter:card\" content=\"summary_large_image\" \/>\n<meta name=\"twitter:label1\" content=\"Tiempo de lectura\" \/>\n\t<meta name=\"twitter:data1\" content=\"3 minutos\" \/>\n<script type=\"application\/ld+json\" class=\"yoast-schema-graph\">{\"@context\":\"https:\/\/schema.org\",\"@graph\":[{\"@type\":\"WebPage\",\"@id\":\"https:\/\/www.academianutricionydietetica.org\/pro\/la-academia\/organos-de-gobierno\/isabel-sospedra-lopez\/\",\"url\":\"https:\/\/www.academianutricionydietetica.org\/pro\/la-academia\/organos-de-gobierno\/isabel-sospedra-lopez\/\",\"name\":\"Isabel Sospedra L\u00f3pez - Academia Espa\u00f1ola de Nutrici\u00f3n y Diet\u00e9tica\",\"isPartOf\":{\"@id\":\"https:\/\/www.academianutricionydietetica.org\/pro\/#website\"},\"datePublished\":\"2019-06-10T10:39:21+00:00\",\"dateModified\":\"2022-07-12T15:18:33+00:00\",\"breadcrumb\":{\"@id\":\"https:\/\/www.academianutricionydietetica.org\/pro\/la-academia\/organos-de-gobierno\/isabel-sospedra-lopez\/#breadcrumb\"},\"inLanguage\":\"es\",\"potentialAction\":[{\"@type\":\"ReadAction\",\"target\":[\"https:\/\/www.academianutricionydietetica.org\/pro\/la-academia\/organos-de-gobierno\/isabel-sospedra-lopez\/\"]}]},{\"@type\":\"BreadcrumbList\",\"@id\":\"https:\/\/www.academianutricionydietetica.org\/pro\/la-academia\/organos-de-gobierno\/isabel-sospedra-lopez\/#breadcrumb\",\"itemListElement\":[{\"@type\":\"ListItem\",\"position\":1,\"name\":\"Inicio\",\"item\":\"https:\/\/www.academianutricionydietetica.org\/pro\/\"},{\"@type\":\"ListItem\",\"position\":2,\"name\":\"La academia\",\"item\":\"https:\/\/www.academianutricionydietetica.org\/pro\/la-academia\/\"},{\"@type\":\"ListItem\",\"position\":3,\"name\":\"\u00d3rganos de Gobierno\",\"item\":\"https:\/\/www.academianutricionydietetica.org\/pro\/la-academia\/organos-de-gobierno\/\"},{\"@type\":\"ListItem\",\"position\":4,\"name\":\"Isabel Sospedra L\u00f3pez\"}]},{\"@type\":\"WebSite\",\"@id\":\"https:\/\/www.academianutricionydietetica.org\/pro\/#website\",\"url\":\"https:\/\/www.academianutricionydietetica.org\/pro\/\",\"name\":\"Academia Espa\u00f1ola de Nutrici\u00f3n y Diet\u00e9tica\",\"description\":\"Formaci\u00f3n, noticias, jornadas y eventos\",\"potentialAction\":[{\"@type\":\"SearchAction\",\"target\":{\"@type\":\"EntryPoint\",\"urlTemplate\":\"https:\/\/www.academianutricionydietetica.org\/pro\/?s={search_term_string}\"},\"query-input\":{\"@type\":\"PropertyValueSpecification\",\"valueRequired\":true,\"valueName\":\"search_term_string\"}}],\"inLanguage\":\"es\"}]}<\/script>\n<!-- \/ Yoast SEO plugin. -->","yoast_head_json":{"title":"Isabel Sospedra L\u00f3pez - Academia Espa\u00f1ola de Nutrici\u00f3n y Diet\u00e9tica","robots":{"index":"index","follow":"follow","max-snippet":"max-snippet:-1","max-image-preview":"max-image-preview:large","max-video-preview":"max-video-preview:-1"},"canonical":"https:\/\/www.academianutricionydietetica.org\/pro\/la-academia\/organos-de-gobierno\/isabel-sospedra-lopez\/","og_locale":"es_ES","og_type":"article","og_title":"Isabel Sospedra L\u00f3pez - Academia Espa\u00f1ola de Nutrici\u00f3n y Diet\u00e9tica","og_description":"[vc_row dfd_row_responsive_enable=\u00bbdfd-row-responsive-enable\u00bb responsive_styles=\u00bbpadding_left_mobile:20|padding_right_mobile:20&#8243;][vc_column][\/vc_column][\/vc_row]","og_url":"https:\/\/www.academianutricionydietetica.org\/pro\/la-academia\/organos-de-gobierno\/isabel-sospedra-lopez\/","og_site_name":"Academia Espa\u00f1ola de Nutrici\u00f3n y Diet\u00e9tica","article_modified_time":"2022-07-12T15:18:33+00:00","twitter_card":"summary_large_image","twitter_misc":{"Tiempo de lectura":"3 minutos"},"schema":{"@context":"https:\/\/schema.org","@graph":[{"@type":"WebPage","@id":"https:\/\/www.academianutricionydietetica.org\/pro\/la-academia\/organos-de-gobierno\/isabel-sospedra-lopez\/","url":"https:\/\/www.academianutricionydietetica.org\/pro\/la-academia\/organos-de-gobierno\/isabel-sospedra-lopez\/","name":"Isabel Sospedra L\u00f3pez - Academia Espa\u00f1ola de Nutrici\u00f3n y Diet\u00e9tica","isPartOf":{"@id":"https:\/\/www.academianutricionydietetica.org\/pro\/#website"},"datePublished":"2019-06-10T10:39:21+00:00","dateModified":"2022-07-12T15:18:33+00:00","breadcrumb":{"@id":"https:\/\/www.academianutricionydietetica.org\/pro\/la-academia\/organos-de-gobierno\/isabel-sospedra-lopez\/#breadcrumb"},"inLanguage":"es","potentialAction":[{"@type":"ReadAction","target":["https:\/\/www.academianutricionydietetica.org\/pro\/la-academia\/organos-de-gobierno\/isabel-sospedra-lopez\/"]}]},{"@type":"BreadcrumbList","@id":"https:\/\/www.academianutricionydietetica.org\/pro\/la-academia\/organos-de-gobierno\/isabel-sospedra-lopez\/#breadcrumb","itemListElement":[{"@type":"ListItem","position":1,"name":"Inicio","item":"https:\/\/www.academianutricionydietetica.org\/pro\/"},{"@type":"ListItem","position":2,"name":"La academia","item":"https:\/\/www.academianutricionydietetica.org\/pro\/la-academia\/"},{"@type":"ListItem","position":3,"name":"\u00d3rganos de Gobierno","item":"https:\/\/www.academianutricionydietetica.org\/pro\/la-academia\/organos-de-gobierno\/"},{"@type":"ListItem","position":4,"name":"Isabel Sospedra L\u00f3pez"}]},{"@type":"WebSite","@id":"https:\/\/www.academianutricionydietetica.org\/pro\/#website","url":"https:\/\/www.academianutricionydietetica.org\/pro\/","name":"Academia Espa\u00f1ola de Nutrici\u00f3n y Diet\u00e9tica","description":"Formaci\u00f3n, noticias, jornadas y eventos","potentialAction":[{"@type":"SearchAction","target":{"@type":"EntryPoint","urlTemplate":"https:\/\/www.academianutricionydietetica.org\/pro\/?s={search_term_string}"},"query-input":{"@type":"PropertyValueSpecification","valueRequired":true,"valueName":"search_term_string"}}],"inLanguage":"es"}]}},"_links":{"self":[{"href":"https:\/\/www.academianutricionydietetica.org\/pro\/wp-json\/wp\/v2\/pages\/18637","targetHints":{"allow":["GET"]}}],"collection":[{"href":"https:\/\/www.academianutricionydietetica.org\/pro\/wp-json\/wp\/v2\/pages"}],"about":[{"href":"https:\/\/www.academianutricionydietetica.org\/pro\/wp-json\/wp\/v2\/types\/page"}],"author":[{"embeddable":true,"href":"https:\/\/www.academianutricionydietetica.org\/pro\/wp-json\/wp\/v2\/users\/4"}],"replies":[{"embeddable":true,"href":"https:\/\/www.academianutricionydietetica.org\/pro\/wp-json\/wp\/v2\/comments?post=18637"}],"version-history":[{"count":2,"href":"https:\/\/www.academianutricionydietetica.org\/pro\/wp-json\/wp\/v2\/pages\/18637\/revisions"}],"predecessor-version":[{"id":19492,"href":"https:\/\/www.academianutricionydietetica.org\/pro\/wp-json\/wp\/v2\/pages\/18637\/revisions\/19492"}],"up":[{"embeddable":true,"href":"https:\/\/www.academianutricionydietetica.org\/pro\/wp-json\/wp\/v2\/pages\/16188"}],"wp:attachment":[{"href":"https:\/\/www.academianutricionydietetica.org\/pro\/wp-json\/wp\/v2\/media?parent=18637"}],"curies":[{"name":"wp","href":"https:\/\/api.w.org\/{rel}","templated":true}]}}

Isabel Sospedra López

<p>[vc_row dfd_row_responsive_enable=»dfd-row-responsive-enable» responsive_styles=»padding_left_mobile:20|padding_right_mobile:20&#8243;][vc_column]<div class="dfd-spacer-module"  data-units="px" data-wide_resolution="1280" data-wide_size="80" data-normal_resolution="1024" data-normal_size="60" data-tablet_resolution="800" data-tablet_size="40" data-mobile_resolution="480" data-mobile_size="40" style="height: 80px;"></div><div class="dfd-info-banner style-05 responsive-team-members text-center" ><div class="image-cover "><img loading="lazy" decoding="async" src="https://www.academianutricionydietetica.org/pro/uploads/2019/06/29-150x150.jpg" alt="Image"  width="150" height="150" class="info-banner-image " /></div><div class="content-wrap"><h2 class="info-box-title " style="font-size: 34px; line-height: 48px; letter-spacing: 8px; ">Isabel Sospedra López</h2><h3 class="info-box-subtitle widget-sub-title " style="">Académicos de número</h3><div class="wrap-delimiter"><div class="delimiter" ></div></div><div class="description" style="">TITULACIONES UNIVERSITARIAS<br />
-Licenciatura en Farmacia (2007)<br />
-Diplomatura en Nutrición Humana y Dietética (2009)<br />
-Diploma de Estudios Avanzados (DEA) en Ciencia de los Alimentos (2009)<br />
-Doctorado por la Universidad de Valencia (2011)</p>
<p>OCUPACIÓN ACTUAL<br />
&#8211; Profesora Ayudante Doctor. Dep. Enfermería. Facultad de Ciencias de la Salud. Universidad de Alicante.<br />
&#8211; Coordinadora del Grado en Nutrición Humana y Dietética de la Universidad de Alicante.</p>
<p>PUBLICACIONES CIENTÍFICAS (últimos 5 años)<br />
1. ARTÍCULOS CIENTÍFICOS</p>
<p>Características cineantropométricas en jugadores de baloncesto adolescentes. (2016) Rev Esp Nutr Hum Diet, 20: 23-31.<br />
Estudio de factores de riesgo de enfermedad cardiovascular en trabajadores universitarios españoles. (2016) Nutr Hosp, 33; 3: 644-688<br />
Prevalence of Bacteria and Absence of Anisakid Parasites in Raw and Prepared Fish and Seafood Dishes in Spanish Restaurants. (2015) J Food Prot, 78; 3: 615-618.<br />
Effect of High Fat Diets on Body Mass, Oleylethanolamide Plasma Levels and Oxytocin Expression in Growing Rats. (2015) J Food Sci, 80; 6: 1425-1431.<br />
The omic sciences in the study of staphylococcal toxins analyzed in food matrices. (2013) Food Res Int, 54:1052-1060.<br />
Survey of microbial quality of plant-based foods served in restaurants. (2013) Food Control, 30:418-422.<br />
Characterization of Heat-Labile toxin-subunit B from Escherichia coli by liquid chromatography–electrospray ionization-mass spectrometry and matrix-assisted laser desorption/ionization time-of-flight mass spectrometry. (2012) Food Chem Toxicol, 50:3886-3891.<br />
Rapid Whole Protein Quantitation of Staphylococcal Enterotoxins A and B by Liquid Chromatography/Mass Spectrometry. (2012) J Chrom A, 1238:54-59.<br />
Report of toxic shock syndrome toxin 1 (TSST-1) from Staphylococcus aureus isolated in food handlers and surfaces from foodservice establishments. (2012): Ecotoxicol Environ Saf, 80:288-290.<br />
Rapid whole protein quantification of staphylococcal enterotoxin B by liquid chromatography. (2012) Food Chem, 133:163-166.<br />
Incidence of microorganisms from fresh orange juice processed by squeezing machines. (2012) Food Control, 23:283-285.<br />
2. CONTRIBUCIONES A CONGRESOS</p>
<p>17th International Congress of Dietetics (2016). Poster<br />
II Congreso Ibero-Americano de Epidemiología y Salud Pública (2015). Com. Oral<br />
Congreso Colombiano de Nutrición y Dietética (2015). Com. Oral<br />
12th Euro Fed Lipid Congress. 2014. Poster<br />
II International Workshop on Metabolomics &amp; Proteomics. 2012. Poster<br />
3. PROYECTOS DE INVESTIGACIÓN</p>
<p>Adaptación y validación de herramientas para la determinación de estilos de alimentación infantil. Universidad de Alicante. GRE15-18<br />
Aceite de oliva y otros lípidos de la dieta en el cáncer de mama. Fundación Patrimonio Comunal Olivarero. FPCO2013-CF611.084<br />
Evaluación del riesgo de micotoxinas emergentes de Fusarium. Ministerio de Ciencia e Innovación. AGL2010-17024</div></div></div><div class="dfd-spacer-module"  data-units="px" data-wide_resolution="1280" data-wide_size="80" data-normal_resolution="1024" data-normal_size="60" data-tablet_resolution="800" data-tablet_size="40" data-mobile_resolution="480" data-mobile_size="40" style="height: 80px;"></div>[/vc_column][/vc_row]</p>

<!-- This site is optimized with the Yoast SEO plugin v26.7 - https://yoast.com/wordpress/plugins/seo/ -->
<title>Isabel Sospedra López - Academia Española de Nutrición y Dietética</title>
<meta name="robots" content="index, follow, max-snippet:-1, max-image-preview:large, max-video-preview:-1" />
<link rel="canonical" href="https://www.academianutricionydietetica.org/pro/la-academia/organos-de-gobierno/isabel-sospedra-lopez/" />
<meta property="og:locale" content="es_ES" />
<meta property="og:type" content="article" />
<meta property="og:title" content="Isabel Sospedra López - Academia Española de Nutrición y Dietética" />
<meta property="og:description" content="[vc_row dfd_row_responsive_enable=»dfd-row-responsive-enable» responsive_styles=»padding_left_mobile:20|padding_right_mobile:20&#8243;][vc_column][/vc_column][/vc_row]" />
<meta property="og:url" content="https://www.academianutricionydietetica.org/pro/la-academia/organos-de-gobierno/isabel-sospedra-lopez/" />
<meta property="og:site_name" content="Academia Española de Nutrición y Dietética" />
<meta property="article:modified_time" content="2022-07-12T15:18:33+00:00" />
<meta name="twitter:card" content="summary_large_image" />
<meta name="twitter:label1" content="Tiempo de lectura" />
	<meta name="twitter:data1" content="3 minutos" />
<script type="application/ld+json" class="yoast-schema-graph">{"@context":"https://schema.org","@graph":[{"@type":"WebPage","@id":"https://www.academianutricionydietetica.org/pro/la-academia/organos-de-gobierno/isabel-sospedra-lopez/","url":"https://www.academianutricionydietetica.org/pro/la-academia/organos-de-gobierno/isabel-sospedra-lopez/","name":"Isabel Sospedra López - Academia Española de Nutrición y Dietética","isPartOf":{"@id":"https://www.academianutricionydietetica.org/pro/#website"},"datePublished":"2019-06-10T10:39:21+00:00","dateModified":"2022-07-12T15:18:33+00:00","breadcrumb":{"@id":"https://www.academianutricionydietetica.org/pro/la-academia/organos-de-gobierno/isabel-sospedra-lopez/#breadcrumb"},"inLanguage":"es","potentialAction":[{"@type":"ReadAction","target":["https://www.academianutricionydietetica.org/pro/la-academia/organos-de-gobierno/isabel-sospedra-lopez/"]}]},{"@type":"BreadcrumbList","@id":"https://www.academianutricionydietetica.org/pro/la-academia/organos-de-gobierno/isabel-sospedra-lopez/#breadcrumb","itemListElement":[{"@type":"ListItem","position":1,"name":"Inicio","item":"https://www.academianutricionydietetica.org/pro/"},{"@type":"ListItem","position":2,"name":"La academia","item":"https://www.academianutricionydietetica.org/pro/la-academia/"},{"@type":"ListItem","position":3,"name":"Órganos de Gobierno","item":"https://www.academianutricionydietetica.org/pro/la-academia/organos-de-gobierno/"},{"@type":"ListItem","position":4,"name":"Isabel Sospedra López"}]},{"@type":"WebSite","@id":"https://www.academianutricionydietetica.org/pro/#website","url":"https://www.academianutricionydietetica.org/pro/","name":"Academia Española de Nutrición y Dietética","description":"Formación, noticias, jornadas y eventos","potentialAction":[{"@type":"SearchAction","target":{"@type":"EntryPoint","urlTemplate":"https://www.academianutricionydietetica.org/pro/?s={search_term_string}"},"query-input":{"@type":"PropertyValueSpecification","valueRequired":true,"valueName":"search_term_string"}}],"inLanguage":"es"}]}</script>
<!-- / Yoast SEO plugin. -->

Isabel Sospedra López - Academia Española de Nutrición y Dietética

Academia Española de Nutrición y Dietética

Órganos de Gobierno

Formación, noticias, jornadas y eventos
