{"id":18653,"date":"2019-06-10T10:56:19","date_gmt":"2019-06-10T10:56:19","guid":{"rendered":"http:\/\/websites1234.com\/academia-nutricion\/?page_id=18653"},"modified":"2022-07-12T15:21:46","modified_gmt":"2022-07-12T15:21:46","slug":"eva-ma-trescastro-lopez","status":"publish","type":"page","link":"https:\/\/www.academianutricionydietetica.org\/pro\/la-academia\/organos-de-gobierno\/eva-ma-trescastro-lopez\/","title":{"rendered":"Eva M\u00aa Trescastro Lopez"},"content":{"rendered":"<p>[vc_row dfd_row_responsive_enable=\u00bbdfd-row-responsive-enable\u00bb responsive_styles=\u00bbpadding_left_mobile:20|padding_right_mobile:20&#8243;][vc_column]<div class=\"dfd-spacer-module\"  data-units=\"px\" data-wide_resolution=\"1280\" data-wide_size=\"80\" data-normal_resolution=\"1024\" data-normal_size=\"60\" data-tablet_resolution=\"800\" data-tablet_size=\"40\" data-mobile_resolution=\"480\" data-mobile_size=\"40\" style=\"height: 80px;\"><\/div><div class=\"dfd-info-banner style-05 responsive-team-members text-center\" ><div class=\"image-cover \"><img loading=\"lazy\" decoding=\"async\" src=\"https:\/\/www.academianutricionydietetica.org\/pro\/uploads\/2019\/06\/9-150x150.jpg\" alt=\"Image\"  width=\"150\" height=\"150\" class=\"info-banner-image \" \/><\/div><div class=\"content-wrap\"><h2 class=\"info-box-title \" style=\"font-size: 22px; line-height: 26.4px; letter-spacing: 1px; \">Eva M\u00aa Trescastro Lopez<\/h2><h3 class=\"info-box-subtitle widget-sub-title \" style=\"\">Acad\u00e9micos de n\u00famero<\/h3><div class=\"wrap-delimiter\"><div class=\"delimiter\" ><\/div><\/div><div class=\"description\" style=\"\">Dietista-Nutricionista, Licenciada en Ciencia y Tecnolog\u00eda de los Alimentos y Doctora en Salud P\u00fablica por la Universidad de Alicante, ha centrado su principal actividad investigadora en el an\u00e1lisis de la incidencia de las pol\u00edticas alimentarias y las iniciativas de nutrici\u00f3n comunitaria en la transici\u00f3n alimentaria y epidemiol\u00f3gico-nutricional de la poblaci\u00f3n espa\u00f1ola.<\/p>\n<p>Ha publicado 24 art\u00edculos en revistas especializadas en el \u00e1rea de la nutrici\u00f3n humana y la diet\u00e9tica y de la historia de la medicina, indexadas en repertorios nacionales e internacionales, 8 de ellos con \u00edndice de impacto (JCR) y 16 en publicaciones de elevada calidad en sus \u00e1reas. Es autora de cuatro monograf\u00edas, 14 cap\u00edtulos de libro, y co-editora de dos monograf\u00edas colectivas. Forma parte del Grupo GADEA del Programa PROMETEO de la Generalitat Valenciana para grupos de investigaci\u00f3n de excelencia y del Grupo Balmis de Investigaci\u00f3n en Salud Comunitaria e Historia de la Ciencia de la Universidad de Alicante desde 2009, adem\u00e1s de investigadora asociada al Grupo SANHISOC de la Universidad de Valencia. Ha participado como investigadora e investigadora asociada en 8 proyectos de investigaci\u00f3n financiados en convocatorias p\u00fablicas, siendo investigadora principal en 3 de ellos.<\/p>\n<p>Ha presentado 60 comunicaciones en congresos y conferencias cient\u00edficas y ha sido coordinadora acad\u00e9mica de 23 seminarios y actividades acad\u00e9micas.<\/p>\n<p>Su actividad docente se desarrolla en el \u00e1mbito de la educaci\u00f3n alimentaria y nutricional en la Diplomatura y el Grado de Nutrici\u00f3n Humana y Diet\u00e9tica y en diversos M\u00e1steres relacionados con la Nutrici\u00f3n en la Universidad de Alicante, donde coordina 3 asignaturas y es tutora de Trabajos Fin de M\u00e1ster y Trabajos Fin de Grado, as\u00ed como en el M\u00e1ster en Salud P\u00fablica de la Universidad Miguel Hern\u00e1ndez donde tutoriza trabajos Fin de M\u00e1ster. Es co-directora de tres tesis doctorales en el Programa de Doctorado de Ciencias de la Salud de la Universidad de Alicante, as\u00ed como coordinadora acad\u00e9mica del 3\u00ba y 4\u00ba curso del Grado en Nutrici\u00f3n Humana y Diet\u00e9tica y del M\u00e1ster Universitario en Nutrici\u00f3n y Alimentaci\u00f3n de la Universidad de Alicante.<\/p>\n<p>Revisora de diversas revistas cient\u00edficas, nacionales e internacionales.<\/p>\n<p>Premio a la trayectoria acad\u00e9mica en la IV Gala de la Salud de la Uni\u00f3n Profesional Sanitaria de Alicante (2013) y Premio Extraordinario de Doctorado (2015).<\/p>\n<p>Ha sido Presidenta de la Comisi\u00f3n Deontol\u00f3gica del Consejo General de Dietistas-Nutricionistas de Espa\u00f1a (2013-2016) y del Comit\u00e9 Cient\u00edfico de la Fundaci\u00f3n Espa\u00f1ola de Dietistas-Nutricionistas (2014-2016).<\/p>\n<p>Miembro del Consejo de Gobierno de la Universidad de Alicante.<\/p>\n<p>Tiene reconocido un sexenio de investigaci\u00f3n.<\/div><\/div><\/div><div class=\"dfd-spacer-module\"  data-units=\"px\" data-wide_resolution=\"1280\" data-wide_size=\"80\" data-normal_resolution=\"1024\" data-normal_size=\"60\" data-tablet_resolution=\"800\" data-tablet_size=\"40\" data-mobile_resolution=\"480\" data-mobile_size=\"40\" style=\"height: 80px;\"><\/div>[\/vc_column][\/vc_row]<\/p>\n","protected":false},"excerpt":{"rendered":"<p>[vc_row dfd_row_responsive_enable=\u00bbdfd-row-responsive-enable\u00bb responsive_styles=\u00bbpadding_left_mobile:20|padding_right_mobile:20&#8243;][vc_column][\/vc_column][\/vc_row]<\/p>\n","protected":false},"author":4,"featured_media":0,"parent":16188,"menu_order":0,"comment_status":"closed","ping_status":"closed","template":"page-custom-with-header.php","meta":{"_acf_changed":false,"_monsterinsights_skip_tracking":false,"_monsterinsights_sitenote_active":false,"_monsterinsights_sitenote_note":"","_monsterinsights_sitenote_category":0,"footnotes":""},"class_list":["post-18653","page","type-page","status-publish","hentry"],"acf":[],"yoast_head":"<!-- This site is optimized with the Yoast SEO plugin v26.7 - https:\/\/yoast.com\/wordpress\/plugins\/seo\/ -->\n<title>Eva M\u00aa Trescastro Lopez - Academia Espa\u00f1ola de Nutrici\u00f3n y Diet\u00e9tica<\/title>\n<meta name=\"robots\" content=\"index, follow, max-snippet:-1, max-image-preview:large, max-video-preview:-1\" \/>\n<link rel=\"canonical\" href=\"https:\/\/www.academianutricionydietetica.org\/pro\/la-academia\/organos-de-gobierno\/eva-ma-trescastro-lopez\/\" \/>\n<meta property=\"og:locale\" content=\"es_ES\" \/>\n<meta property=\"og:type\" content=\"article\" \/>\n<meta property=\"og:title\" content=\"Eva M\u00aa Trescastro Lopez - Academia Espa\u00f1ola de Nutrici\u00f3n y Diet\u00e9tica\" \/>\n<meta property=\"og:description\" content=\"[vc_row dfd_row_responsive_enable=\u00bbdfd-row-responsive-enable\u00bb responsive_styles=\u00bbpadding_left_mobile:20|padding_right_mobile:20&#8243;][vc_column][\/vc_column][\/vc_row]\" \/>\n<meta property=\"og:url\" content=\"https:\/\/www.academianutricionydietetica.org\/pro\/la-academia\/organos-de-gobierno\/eva-ma-trescastro-lopez\/\" \/>\n<meta property=\"og:site_name\" content=\"Academia Espa\u00f1ola de Nutrici\u00f3n y Diet\u00e9tica\" \/>\n<meta property=\"article:modified_time\" content=\"2022-07-12T15:21:46+00:00\" \/>\n<meta name=\"twitter:card\" content=\"summary_large_image\" \/>\n<meta name=\"twitter:label1\" content=\"Tiempo de lectura\" \/>\n\t<meta name=\"twitter:data1\" content=\"3 minutos\" \/>\n<script type=\"application\/ld+json\" class=\"yoast-schema-graph\">{\"@context\":\"https:\/\/schema.org\",\"@graph\":[{\"@type\":\"WebPage\",\"@id\":\"https:\/\/www.academianutricionydietetica.org\/pro\/la-academia\/organos-de-gobierno\/eva-ma-trescastro-lopez\/\",\"url\":\"https:\/\/www.academianutricionydietetica.org\/pro\/la-academia\/organos-de-gobierno\/eva-ma-trescastro-lopez\/\",\"name\":\"Eva M\u00aa Trescastro Lopez - Academia Espa\u00f1ola de Nutrici\u00f3n y Diet\u00e9tica\",\"isPartOf\":{\"@id\":\"https:\/\/www.academianutricionydietetica.org\/pro\/#website\"},\"datePublished\":\"2019-06-10T10:56:19+00:00\",\"dateModified\":\"2022-07-12T15:21:46+00:00\",\"breadcrumb\":{\"@id\":\"https:\/\/www.academianutricionydietetica.org\/pro\/la-academia\/organos-de-gobierno\/eva-ma-trescastro-lopez\/#breadcrumb\"},\"inLanguage\":\"es\",\"potentialAction\":[{\"@type\":\"ReadAction\",\"target\":[\"https:\/\/www.academianutricionydietetica.org\/pro\/la-academia\/organos-de-gobierno\/eva-ma-trescastro-lopez\/\"]}]},{\"@type\":\"BreadcrumbList\",\"@id\":\"https:\/\/www.academianutricionydietetica.org\/pro\/la-academia\/organos-de-gobierno\/eva-ma-trescastro-lopez\/#breadcrumb\",\"itemListElement\":[{\"@type\":\"ListItem\",\"position\":1,\"name\":\"Inicio\",\"item\":\"https:\/\/www.academianutricionydietetica.org\/pro\/\"},{\"@type\":\"ListItem\",\"position\":2,\"name\":\"La academia\",\"item\":\"https:\/\/www.academianutricionydietetica.org\/pro\/la-academia\/\"},{\"@type\":\"ListItem\",\"position\":3,\"name\":\"\u00d3rganos de Gobierno\",\"item\":\"https:\/\/www.academianutricionydietetica.org\/pro\/la-academia\/organos-de-gobierno\/\"},{\"@type\":\"ListItem\",\"position\":4,\"name\":\"Eva M\u00aa Trescastro Lopez\"}]},{\"@type\":\"WebSite\",\"@id\":\"https:\/\/www.academianutricionydietetica.org\/pro\/#website\",\"url\":\"https:\/\/www.academianutricionydietetica.org\/pro\/\",\"name\":\"Academia Espa\u00f1ola de Nutrici\u00f3n y Diet\u00e9tica\",\"description\":\"Formaci\u00f3n, noticias, jornadas y eventos\",\"potentialAction\":[{\"@type\":\"SearchAction\",\"target\":{\"@type\":\"EntryPoint\",\"urlTemplate\":\"https:\/\/www.academianutricionydietetica.org\/pro\/?s={search_term_string}\"},\"query-input\":{\"@type\":\"PropertyValueSpecification\",\"valueRequired\":true,\"valueName\":\"search_term_string\"}}],\"inLanguage\":\"es\"}]}<\/script>\n<!-- \/ Yoast SEO plugin. -->","yoast_head_json":{"title":"Eva M\u00aa Trescastro Lopez - Academia Espa\u00f1ola de Nutrici\u00f3n y Diet\u00e9tica","robots":{"index":"index","follow":"follow","max-snippet":"max-snippet:-1","max-image-preview":"max-image-preview:large","max-video-preview":"max-video-preview:-1"},"canonical":"https:\/\/www.academianutricionydietetica.org\/pro\/la-academia\/organos-de-gobierno\/eva-ma-trescastro-lopez\/","og_locale":"es_ES","og_type":"article","og_title":"Eva M\u00aa Trescastro Lopez - Academia Espa\u00f1ola de Nutrici\u00f3n y Diet\u00e9tica","og_description":"[vc_row dfd_row_responsive_enable=\u00bbdfd-row-responsive-enable\u00bb responsive_styles=\u00bbpadding_left_mobile:20|padding_right_mobile:20&#8243;][vc_column][\/vc_column][\/vc_row]","og_url":"https:\/\/www.academianutricionydietetica.org\/pro\/la-academia\/organos-de-gobierno\/eva-ma-trescastro-lopez\/","og_site_name":"Academia Espa\u00f1ola de Nutrici\u00f3n y Diet\u00e9tica","article_modified_time":"2022-07-12T15:21:46+00:00","twitter_card":"summary_large_image","twitter_misc":{"Tiempo de lectura":"3 minutos"},"schema":{"@context":"https:\/\/schema.org","@graph":[{"@type":"WebPage","@id":"https:\/\/www.academianutricionydietetica.org\/pro\/la-academia\/organos-de-gobierno\/eva-ma-trescastro-lopez\/","url":"https:\/\/www.academianutricionydietetica.org\/pro\/la-academia\/organos-de-gobierno\/eva-ma-trescastro-lopez\/","name":"Eva M\u00aa Trescastro Lopez - Academia Espa\u00f1ola de Nutrici\u00f3n y Diet\u00e9tica","isPartOf":{"@id":"https:\/\/www.academianutricionydietetica.org\/pro\/#website"},"datePublished":"2019-06-10T10:56:19+00:00","dateModified":"2022-07-12T15:21:46+00:00","breadcrumb":{"@id":"https:\/\/www.academianutricionydietetica.org\/pro\/la-academia\/organos-de-gobierno\/eva-ma-trescastro-lopez\/#breadcrumb"},"inLanguage":"es","potentialAction":[{"@type":"ReadAction","target":["https:\/\/www.academianutricionydietetica.org\/pro\/la-academia\/organos-de-gobierno\/eva-ma-trescastro-lopez\/"]}]},{"@type":"BreadcrumbList","@id":"https:\/\/www.academianutricionydietetica.org\/pro\/la-academia\/organos-de-gobierno\/eva-ma-trescastro-lopez\/#breadcrumb","itemListElement":[{"@type":"ListItem","position":1,"name":"Inicio","item":"https:\/\/www.academianutricionydietetica.org\/pro\/"},{"@type":"ListItem","position":2,"name":"La academia","item":"https:\/\/www.academianutricionydietetica.org\/pro\/la-academia\/"},{"@type":"ListItem","position":3,"name":"\u00d3rganos de Gobierno","item":"https:\/\/www.academianutricionydietetica.org\/pro\/la-academia\/organos-de-gobierno\/"},{"@type":"ListItem","position":4,"name":"Eva M\u00aa Trescastro Lopez"}]},{"@type":"WebSite","@id":"https:\/\/www.academianutricionydietetica.org\/pro\/#website","url":"https:\/\/www.academianutricionydietetica.org\/pro\/","name":"Academia Espa\u00f1ola de Nutrici\u00f3n y Diet\u00e9tica","description":"Formaci\u00f3n, noticias, jornadas y eventos","potentialAction":[{"@type":"SearchAction","target":{"@type":"EntryPoint","urlTemplate":"https:\/\/www.academianutricionydietetica.org\/pro\/?s={search_term_string}"},"query-input":{"@type":"PropertyValueSpecification","valueRequired":true,"valueName":"search_term_string"}}],"inLanguage":"es"}]}},"_links":{"self":[{"href":"https:\/\/www.academianutricionydietetica.org\/pro\/wp-json\/wp\/v2\/pages\/18653","targetHints":{"allow":["GET"]}}],"collection":[{"href":"https:\/\/www.academianutricionydietetica.org\/pro\/wp-json\/wp\/v2\/pages"}],"about":[{"href":"https:\/\/www.academianutricionydietetica.org\/pro\/wp-json\/wp\/v2\/types\/page"}],"author":[{"embeddable":true,"href":"https:\/\/www.academianutricionydietetica.org\/pro\/wp-json\/wp\/v2\/users\/4"}],"replies":[{"embeddable":true,"href":"https:\/\/www.academianutricionydietetica.org\/pro\/wp-json\/wp\/v2\/comments?post=18653"}],"version-history":[{"count":3,"href":"https:\/\/www.academianutricionydietetica.org\/pro\/wp-json\/wp\/v2\/pages\/18653\/revisions"}],"predecessor-version":[{"id":19501,"href":"https:\/\/www.academianutricionydietetica.org\/pro\/wp-json\/wp\/v2\/pages\/18653\/revisions\/19501"}],"up":[{"embeddable":true,"href":"https:\/\/www.academianutricionydietetica.org\/pro\/wp-json\/wp\/v2\/pages\/16188"}],"wp:attachment":[{"href":"https:\/\/www.academianutricionydietetica.org\/pro\/wp-json\/wp\/v2\/media?parent=18653"}],"curies":[{"name":"wp","href":"https:\/\/api.w.org\/{rel}","templated":true}]}}

Eva Mª Trescastro Lopez

<p>[vc_row dfd_row_responsive_enable=»dfd-row-responsive-enable» responsive_styles=»padding_left_mobile:20|padding_right_mobile:20&#8243;][vc_column]<div class="dfd-spacer-module"  data-units="px" data-wide_resolution="1280" data-wide_size="80" data-normal_resolution="1024" data-normal_size="60" data-tablet_resolution="800" data-tablet_size="40" data-mobile_resolution="480" data-mobile_size="40" style="height: 80px;"></div><div class="dfd-info-banner style-05 responsive-team-members text-center" ><div class="image-cover "><img loading="lazy" decoding="async" src="https://www.academianutricionydietetica.org/pro/uploads/2019/06/9-150x150.jpg" alt="Image"  width="150" height="150" class="info-banner-image " /></div><div class="content-wrap"><h2 class="info-box-title " style="font-size: 22px; line-height: 26.4px; letter-spacing: 1px; ">Eva Mª Trescastro Lopez</h2><h3 class="info-box-subtitle widget-sub-title " style="">Académicos de número</h3><div class="wrap-delimiter"><div class="delimiter" ></div></div><div class="description" style="">Dietista-Nutricionista, Licenciada en Ciencia y Tecnología de los Alimentos y Doctora en Salud Pública por la Universidad de Alicante, ha centrado su principal actividad investigadora en el análisis de la incidencia de las políticas alimentarias y las iniciativas de nutrición comunitaria en la transición alimentaria y epidemiológico-nutricional de la población española.</p>
<p>Ha publicado 24 artículos en revistas especializadas en el área de la nutrición humana y la dietética y de la historia de la medicina, indexadas en repertorios nacionales e internacionales, 8 de ellos con índice de impacto (JCR) y 16 en publicaciones de elevada calidad en sus áreas. Es autora de cuatro monografías, 14 capítulos de libro, y co-editora de dos monografías colectivas. Forma parte del Grupo GADEA del Programa PROMETEO de la Generalitat Valenciana para grupos de investigación de excelencia y del Grupo Balmis de Investigación en Salud Comunitaria e Historia de la Ciencia de la Universidad de Alicante desde 2009, además de investigadora asociada al Grupo SANHISOC de la Universidad de Valencia. Ha participado como investigadora e investigadora asociada en 8 proyectos de investigación financiados en convocatorias públicas, siendo investigadora principal en 3 de ellos.</p>
<p>Ha presentado 60 comunicaciones en congresos y conferencias científicas y ha sido coordinadora académica de 23 seminarios y actividades académicas.</p>
<p>Su actividad docente se desarrolla en el ámbito de la educación alimentaria y nutricional en la Diplomatura y el Grado de Nutrición Humana y Dietética y en diversos Másteres relacionados con la Nutrición en la Universidad de Alicante, donde coordina 3 asignaturas y es tutora de Trabajos Fin de Máster y Trabajos Fin de Grado, así como en el Máster en Salud Pública de la Universidad Miguel Hernández donde tutoriza trabajos Fin de Máster. Es co-directora de tres tesis doctorales en el Programa de Doctorado de Ciencias de la Salud de la Universidad de Alicante, así como coordinadora académica del 3º y 4º curso del Grado en Nutrición Humana y Dietética y del Máster Universitario en Nutrición y Alimentación de la Universidad de Alicante.</p>
<p>Revisora de diversas revistas científicas, nacionales e internacionales.</p>
<p>Premio a la trayectoria académica en la IV Gala de la Salud de la Unión Profesional Sanitaria de Alicante (2013) y Premio Extraordinario de Doctorado (2015).</p>
<p>Ha sido Presidenta de la Comisión Deontológica del Consejo General de Dietistas-Nutricionistas de España (2013-2016) y del Comité Científico de la Fundación Española de Dietistas-Nutricionistas (2014-2016).</p>
<p>Miembro del Consejo de Gobierno de la Universidad de Alicante.</p>
<p>Tiene reconocido un sexenio de investigación.</div></div></div><div class="dfd-spacer-module"  data-units="px" data-wide_resolution="1280" data-wide_size="80" data-normal_resolution="1024" data-normal_size="60" data-tablet_resolution="800" data-tablet_size="40" data-mobile_resolution="480" data-mobile_size="40" style="height: 80px;"></div>[/vc_column][/vc_row]</p>

<!-- This site is optimized with the Yoast SEO plugin v26.7 - https://yoast.com/wordpress/plugins/seo/ -->
<title>Eva Mª Trescastro Lopez - Academia Española de Nutrición y Dietética</title>
<meta name="robots" content="index, follow, max-snippet:-1, max-image-preview:large, max-video-preview:-1" />
<link rel="canonical" href="https://www.academianutricionydietetica.org/pro/la-academia/organos-de-gobierno/eva-ma-trescastro-lopez/" />
<meta property="og:locale" content="es_ES" />
<meta property="og:type" content="article" />
<meta property="og:title" content="Eva Mª Trescastro Lopez - Academia Española de Nutrición y Dietética" />
<meta property="og:description" content="[vc_row dfd_row_responsive_enable=»dfd-row-responsive-enable» responsive_styles=»padding_left_mobile:20|padding_right_mobile:20&#8243;][vc_column][/vc_column][/vc_row]" />
<meta property="og:url" content="https://www.academianutricionydietetica.org/pro/la-academia/organos-de-gobierno/eva-ma-trescastro-lopez/" />
<meta property="og:site_name" content="Academia Española de Nutrición y Dietética" />
<meta property="article:modified_time" content="2022-07-12T15:21:46+00:00" />
<meta name="twitter:card" content="summary_large_image" />
<meta name="twitter:label1" content="Tiempo de lectura" />
	<meta name="twitter:data1" content="3 minutos" />
<script type="application/ld+json" class="yoast-schema-graph">{"@context":"https://schema.org","@graph":[{"@type":"WebPage","@id":"https://www.academianutricionydietetica.org/pro/la-academia/organos-de-gobierno/eva-ma-trescastro-lopez/","url":"https://www.academianutricionydietetica.org/pro/la-academia/organos-de-gobierno/eva-ma-trescastro-lopez/","name":"Eva Mª Trescastro Lopez - Academia Española de Nutrición y Dietética","isPartOf":{"@id":"https://www.academianutricionydietetica.org/pro/#website"},"datePublished":"2019-06-10T10:56:19+00:00","dateModified":"2022-07-12T15:21:46+00:00","breadcrumb":{"@id":"https://www.academianutricionydietetica.org/pro/la-academia/organos-de-gobierno/eva-ma-trescastro-lopez/#breadcrumb"},"inLanguage":"es","potentialAction":[{"@type":"ReadAction","target":["https://www.academianutricionydietetica.org/pro/la-academia/organos-de-gobierno/eva-ma-trescastro-lopez/"]}]},{"@type":"BreadcrumbList","@id":"https://www.academianutricionydietetica.org/pro/la-academia/organos-de-gobierno/eva-ma-trescastro-lopez/#breadcrumb","itemListElement":[{"@type":"ListItem","position":1,"name":"Inicio","item":"https://www.academianutricionydietetica.org/pro/"},{"@type":"ListItem","position":2,"name":"La academia","item":"https://www.academianutricionydietetica.org/pro/la-academia/"},{"@type":"ListItem","position":3,"name":"Órganos de Gobierno","item":"https://www.academianutricionydietetica.org/pro/la-academia/organos-de-gobierno/"},{"@type":"ListItem","position":4,"name":"Eva Mª Trescastro Lopez"}]},{"@type":"WebSite","@id":"https://www.academianutricionydietetica.org/pro/#website","url":"https://www.academianutricionydietetica.org/pro/","name":"Academia Española de Nutrición y Dietética","description":"Formación, noticias, jornadas y eventos","potentialAction":[{"@type":"SearchAction","target":{"@type":"EntryPoint","urlTemplate":"https://www.academianutricionydietetica.org/pro/?s={search_term_string}"},"query-input":{"@type":"PropertyValueSpecification","valueRequired":true,"valueName":"search_term_string"}}],"inLanguage":"es"}]}</script>
<!-- / Yoast SEO plugin. -->

Eva Mª Trescastro Lopez - Academia Española de Nutrición y Dietética

Academia Española de Nutrición y Dietética

Órganos de Gobierno

Formación, noticias, jornadas y eventos
