{"id":18678,"date":"2019-06-13T08:57:59","date_gmt":"2019-06-13T08:57:59","guid":{"rendered":"http:\/\/websites1234.com\/academia-nutricion\/?page_id=18678"},"modified":"2024-03-28T11:23:48","modified_gmt":"2024-03-28T11:23:48","slug":"pilar-cervera-ral","status":"publish","type":"page","link":"https:\/\/www.academianutricionydietetica.org\/pro\/la-academia\/organos-de-gobierno\/pilar-cervera-ral\/","title":{"rendered":"Pilar Cervera Ral"},"content":{"rendered":"<p>[vc_row dfd_row_responsive_enable=\u00bbdfd-row-responsive-enable\u00bb responsive_styles=\u00bbpadding_left_mobile:20|padding_right_mobile:20&#8243;][vc_column]<div class=\"dfd-spacer-module\"  data-units=\"px\" data-wide_resolution=\"1280\" data-wide_size=\"80\" data-normal_resolution=\"1024\" data-normal_size=\"60\" data-tablet_resolution=\"800\" data-tablet_size=\"40\" data-mobile_resolution=\"480\" data-mobile_size=\"40\" style=\"height: 80px;\"><\/div><div class=\"dfd-info-banner style-05 responsive-team-members text-center\" ><div class=\"image-cover \"><img loading=\"lazy\" decoding=\"async\" src=\"https:\/\/www.academianutricionydietetica.org\/pro\/uploads\/2019\/06\/49-150x150.jpg\" alt=\"Image\"  width=\"150\" height=\"150\" class=\"info-banner-image \" \/><\/div><div class=\"content-wrap\"><h2 class=\"info-box-title \" style=\"font-size: 22px; line-height: 26.4px; letter-spacing: 1px; \">Pilar Cervera Ral<\/h2><h3 class=\"info-box-subtitle widget-sub-title \" style=\"\">Miembros de honor y em\u00e9ritos<\/h3><div class=\"wrap-delimiter\"><div class=\"delimiter\" ><\/div><\/div><div class=\"description\" style=\"\">Pilar Cervera Ral, es Dietista-Nutricionista y adem\u00e1s de su formaci\u00f3n de base en Ciencias de la Salud, cuenta con los Diplomas Universitarios: 1) Diet\u00e9tica Superior y 2) Biolog\u00eda de la Nutrici\u00f3n Humana, ambos otorgados por la Uni. de Nancy &#8211; Francia.<\/p>\n<p>En 1985 obtuvo la plaza de Profesora Titular de Escuela Universitaria (TEU) de Nutrici\u00f3n y Diet\u00e9tica en la Escuela Universitaria de Enfermer\u00eda de la Universidad de Barcelona (UB), y del a\u00f1o 1993 hasta el 2006 ostent\u00f3 el cargo de Directora del Centre d\u2019Ensenyament Superior de Nutrici\u00f3 i Diet\u00e8tica (CESNID) adscrito a la misma Universidad. Desde septiembre de 2009 est\u00e1 en situaci\u00f3n de profesora jubilada.<\/p>\n<p>Ha sido miembro del Grupo de trabajo que elabor\u00f3 \u200b\u200bel documento de consenso sobre el Perfil de las Competencias del titulado universitario en Nutrici\u00f3n Humana y Diet\u00e9tica.<\/p>\n<p>Este grupo gener\u00f3 la necesidad de crear la Conferencia Espa\u00f1ola de Decanos y Directores de Centros que imparten la titulaci\u00f3n de Nutrici\u00f3n Humana y Diet\u00e9tica (CDDNutrici\u00f3n), que la formaban las 23 Universidades que en aquella fecha ofrecian la titulaci\u00f3n y de la que ostent\u00f3 el cargo de Presidenta en el periodo 2005-2007. Posteriormente fue nombrada Presidenta de Honor.<\/p>\n<p>Ha publicado los libros \u00abAlimentaci\u00f3n Materno-Infantil\u00bb (Ed. Masson, 2 ed.), \u00abAlimentaci\u00f3n y Dietoterapia\u00bb (Ed. Mc Graw-Hill-Interamericana, 4 ed. conjuntamente con J. Clap\u00e9s y R. Rigolfas), y \u00abEducar en la alimentaci\u00f3n y la nutrici\u00f3n \u00ab(1 \u00aa edici\u00f3n 2010, con R. Rigolfas y L. Padr\u00f3) cap\u00edtulos en varios libros y m\u00e1s de 150 art\u00edculos en diversas revistas y otras publicaciones.<\/p>\n<p>Ha coordinado y participado en diversos proyectos internacionales (ALFA, EPIC, EUROFIR &#8230;), ha sido miembro de sociedades cient\u00edficas y profesionales relacionadas con la Alimentaci\u00f3n, la Nutrici\u00f3n y la Diet\u00e9tica de Espa\u00f1a y otros paises.<\/p>\n<p>Del a\u00f1o 1988 al 1995, presidi\u00f3 la Junta Directiva de la Asociaci\u00f3n de Profesionales PRO Asociaci\u00f3n Espa\u00f1ola de Dietistas-Nutricionistas, posteriormente AEDN. Del a\u00f1o 1996 hasta el 2013 ostent\u00f3 la Presidencia Honoraria de la AEDN, la cual es miembro de la FESNAD (Federaci\u00f3n Espa\u00f1ola de Sociedades de Nutrici\u00f3n, Alimentaci\u00f3n y Diet\u00e9tica), de la EFAD (Federaci\u00f3n Europea de Asociaciones de Dietistas y de la ICAD (Confederaci\u00f3n Internacional de Asociaciones de Dietistas). Ha coordinado la Comisi\u00f3n para la elaboraci\u00f3n del C\u00f3digo Deontol\u00f3gico de los Dietistas-Nutricionistas espa\u00f1oles y la Comisi\u00f3n de Formaci\u00f3n a lo largo de la vida (LLL) en la AEDN.<\/p>\n<p>En marzo de 2003, dentro del IV Congreso de la Sociedad Espa\u00f1ola de Nutrici\u00f3n B\u00e1sica y Aplicada (SENBA) le fue concedido el premio Grande Covi\u00e1n en reconocimiento a su trayectoria acad\u00e9mica.<\/p>\n<p>Del 1993 al 2016 ha sido miembro del Consejo Cient\u00edfico del Instituto Danone y del 2006 al 2013 Presidi\u00f3 el Comit\u00e9 Cient\u00edfico de la Asociaci\u00f3n \u00ab5 al d\u00eda\u00bb Espa\u00f1a.<\/div><\/div><\/div><div class=\"dfd-spacer-module\"  data-units=\"px\" data-wide_resolution=\"1280\" data-wide_size=\"80\" data-normal_resolution=\"1024\" data-normal_size=\"60\" data-tablet_resolution=\"800\" data-tablet_size=\"40\" data-mobile_resolution=\"480\" data-mobile_size=\"40\" style=\"height: 80px;\"><\/div>[\/vc_column][\/vc_row]<\/p>\n","protected":false},"excerpt":{"rendered":"<p>[vc_row dfd_row_responsive_enable=\u00bbdfd-row-responsive-enable\u00bb responsive_styles=\u00bbpadding_left_mobile:20|padding_right_mobile:20&#8243;][vc_column][\/vc_column][\/vc_row]<\/p>\n","protected":false},"author":4,"featured_media":0,"parent":16188,"menu_order":0,"comment_status":"closed","ping_status":"closed","template":"page-custom-with-header.php","meta":{"_acf_changed":false,"_monsterinsights_skip_tracking":false,"_monsterinsights_sitenote_active":false,"_monsterinsights_sitenote_note":"","_monsterinsights_sitenote_category":0,"footnotes":""},"class_list":["post-18678","page","type-page","status-publish","hentry"],"acf":[],"yoast_head":"<!-- This site is optimized with the Yoast SEO plugin v26.7 - https:\/\/yoast.com\/wordpress\/plugins\/seo\/ -->\n<title>Pilar Cervera Ral - Academia Espa\u00f1ola de Nutrici\u00f3n y Diet\u00e9tica<\/title>\n<meta name=\"robots\" content=\"index, follow, max-snippet:-1, max-image-preview:large, max-video-preview:-1\" \/>\n<link rel=\"canonical\" href=\"https:\/\/www.academianutricionydietetica.org\/pro\/la-academia\/organos-de-gobierno\/pilar-cervera-ral\/\" \/>\n<meta property=\"og:locale\" content=\"es_ES\" \/>\n<meta property=\"og:type\" content=\"article\" \/>\n<meta property=\"og:title\" content=\"Pilar Cervera Ral - Academia Espa\u00f1ola de Nutrici\u00f3n y Diet\u00e9tica\" \/>\n<meta property=\"og:description\" content=\"[vc_row dfd_row_responsive_enable=\u00bbdfd-row-responsive-enable\u00bb responsive_styles=\u00bbpadding_left_mobile:20|padding_right_mobile:20&#8243;][vc_column][\/vc_column][\/vc_row]\" \/>\n<meta property=\"og:url\" content=\"https:\/\/www.academianutricionydietetica.org\/pro\/la-academia\/organos-de-gobierno\/pilar-cervera-ral\/\" \/>\n<meta property=\"og:site_name\" content=\"Academia Espa\u00f1ola de Nutrici\u00f3n y Diet\u00e9tica\" \/>\n<meta property=\"article:modified_time\" content=\"2024-03-28T11:23:48+00:00\" \/>\n<meta name=\"twitter:card\" content=\"summary_large_image\" \/>\n<meta name=\"twitter:label1\" content=\"Tiempo de lectura\" \/>\n\t<meta name=\"twitter:data1\" content=\"3 minutos\" \/>\n<script type=\"application\/ld+json\" class=\"yoast-schema-graph\">{\"@context\":\"https:\/\/schema.org\",\"@graph\":[{\"@type\":\"WebPage\",\"@id\":\"https:\/\/www.academianutricionydietetica.org\/pro\/la-academia\/organos-de-gobierno\/pilar-cervera-ral\/\",\"url\":\"https:\/\/www.academianutricionydietetica.org\/pro\/la-academia\/organos-de-gobierno\/pilar-cervera-ral\/\",\"name\":\"Pilar Cervera Ral - Academia Espa\u00f1ola de Nutrici\u00f3n y Diet\u00e9tica\",\"isPartOf\":{\"@id\":\"https:\/\/www.academianutricionydietetica.org\/pro\/#website\"},\"datePublished\":\"2019-06-13T08:57:59+00:00\",\"dateModified\":\"2024-03-28T11:23:48+00:00\",\"breadcrumb\":{\"@id\":\"https:\/\/www.academianutricionydietetica.org\/pro\/la-academia\/organos-de-gobierno\/pilar-cervera-ral\/#breadcrumb\"},\"inLanguage\":\"es\",\"potentialAction\":[{\"@type\":\"ReadAction\",\"target\":[\"https:\/\/www.academianutricionydietetica.org\/pro\/la-academia\/organos-de-gobierno\/pilar-cervera-ral\/\"]}]},{\"@type\":\"BreadcrumbList\",\"@id\":\"https:\/\/www.academianutricionydietetica.org\/pro\/la-academia\/organos-de-gobierno\/pilar-cervera-ral\/#breadcrumb\",\"itemListElement\":[{\"@type\":\"ListItem\",\"position\":1,\"name\":\"Inicio\",\"item\":\"https:\/\/www.academianutricionydietetica.org\/pro\/\"},{\"@type\":\"ListItem\",\"position\":2,\"name\":\"La academia\",\"item\":\"https:\/\/www.academianutricionydietetica.org\/pro\/la-academia\/\"},{\"@type\":\"ListItem\",\"position\":3,\"name\":\"\u00d3rganos de Gobierno\",\"item\":\"https:\/\/www.academianutricionydietetica.org\/pro\/la-academia\/organos-de-gobierno\/\"},{\"@type\":\"ListItem\",\"position\":4,\"name\":\"Pilar Cervera Ral\"}]},{\"@type\":\"WebSite\",\"@id\":\"https:\/\/www.academianutricionydietetica.org\/pro\/#website\",\"url\":\"https:\/\/www.academianutricionydietetica.org\/pro\/\",\"name\":\"Academia Espa\u00f1ola de Nutrici\u00f3n y Diet\u00e9tica\",\"description\":\"Formaci\u00f3n, noticias, jornadas y eventos\",\"potentialAction\":[{\"@type\":\"SearchAction\",\"target\":{\"@type\":\"EntryPoint\",\"urlTemplate\":\"https:\/\/www.academianutricionydietetica.org\/pro\/?s={search_term_string}\"},\"query-input\":{\"@type\":\"PropertyValueSpecification\",\"valueRequired\":true,\"valueName\":\"search_term_string\"}}],\"inLanguage\":\"es\"}]}<\/script>\n<!-- \/ Yoast SEO plugin. -->","yoast_head_json":{"title":"Pilar Cervera Ral - Academia Espa\u00f1ola de Nutrici\u00f3n y Diet\u00e9tica","robots":{"index":"index","follow":"follow","max-snippet":"max-snippet:-1","max-image-preview":"max-image-preview:large","max-video-preview":"max-video-preview:-1"},"canonical":"https:\/\/www.academianutricionydietetica.org\/pro\/la-academia\/organos-de-gobierno\/pilar-cervera-ral\/","og_locale":"es_ES","og_type":"article","og_title":"Pilar Cervera Ral - Academia Espa\u00f1ola de Nutrici\u00f3n y Diet\u00e9tica","og_description":"[vc_row dfd_row_responsive_enable=\u00bbdfd-row-responsive-enable\u00bb responsive_styles=\u00bbpadding_left_mobile:20|padding_right_mobile:20&#8243;][vc_column][\/vc_column][\/vc_row]","og_url":"https:\/\/www.academianutricionydietetica.org\/pro\/la-academia\/organos-de-gobierno\/pilar-cervera-ral\/","og_site_name":"Academia Espa\u00f1ola de Nutrici\u00f3n y Diet\u00e9tica","article_modified_time":"2024-03-28T11:23:48+00:00","twitter_card":"summary_large_image","twitter_misc":{"Tiempo de lectura":"3 minutos"},"schema":{"@context":"https:\/\/schema.org","@graph":[{"@type":"WebPage","@id":"https:\/\/www.academianutricionydietetica.org\/pro\/la-academia\/organos-de-gobierno\/pilar-cervera-ral\/","url":"https:\/\/www.academianutricionydietetica.org\/pro\/la-academia\/organos-de-gobierno\/pilar-cervera-ral\/","name":"Pilar Cervera Ral - Academia Espa\u00f1ola de Nutrici\u00f3n y Diet\u00e9tica","isPartOf":{"@id":"https:\/\/www.academianutricionydietetica.org\/pro\/#website"},"datePublished":"2019-06-13T08:57:59+00:00","dateModified":"2024-03-28T11:23:48+00:00","breadcrumb":{"@id":"https:\/\/www.academianutricionydietetica.org\/pro\/la-academia\/organos-de-gobierno\/pilar-cervera-ral\/#breadcrumb"},"inLanguage":"es","potentialAction":[{"@type":"ReadAction","target":["https:\/\/www.academianutricionydietetica.org\/pro\/la-academia\/organos-de-gobierno\/pilar-cervera-ral\/"]}]},{"@type":"BreadcrumbList","@id":"https:\/\/www.academianutricionydietetica.org\/pro\/la-academia\/organos-de-gobierno\/pilar-cervera-ral\/#breadcrumb","itemListElement":[{"@type":"ListItem","position":1,"name":"Inicio","item":"https:\/\/www.academianutricionydietetica.org\/pro\/"},{"@type":"ListItem","position":2,"name":"La academia","item":"https:\/\/www.academianutricionydietetica.org\/pro\/la-academia\/"},{"@type":"ListItem","position":3,"name":"\u00d3rganos de Gobierno","item":"https:\/\/www.academianutricionydietetica.org\/pro\/la-academia\/organos-de-gobierno\/"},{"@type":"ListItem","position":4,"name":"Pilar Cervera Ral"}]},{"@type":"WebSite","@id":"https:\/\/www.academianutricionydietetica.org\/pro\/#website","url":"https:\/\/www.academianutricionydietetica.org\/pro\/","name":"Academia Espa\u00f1ola de Nutrici\u00f3n y Diet\u00e9tica","description":"Formaci\u00f3n, noticias, jornadas y eventos","potentialAction":[{"@type":"SearchAction","target":{"@type":"EntryPoint","urlTemplate":"https:\/\/www.academianutricionydietetica.org\/pro\/?s={search_term_string}"},"query-input":{"@type":"PropertyValueSpecification","valueRequired":true,"valueName":"search_term_string"}}],"inLanguage":"es"}]}},"_links":{"self":[{"href":"https:\/\/www.academianutricionydietetica.org\/pro\/wp-json\/wp\/v2\/pages\/18678","targetHints":{"allow":["GET"]}}],"collection":[{"href":"https:\/\/www.academianutricionydietetica.org\/pro\/wp-json\/wp\/v2\/pages"}],"about":[{"href":"https:\/\/www.academianutricionydietetica.org\/pro\/wp-json\/wp\/v2\/types\/page"}],"author":[{"embeddable":true,"href":"https:\/\/www.academianutricionydietetica.org\/pro\/wp-json\/wp\/v2\/users\/4"}],"replies":[{"embeddable":true,"href":"https:\/\/www.academianutricionydietetica.org\/pro\/wp-json\/wp\/v2\/comments?post=18678"}],"version-history":[{"count":4,"href":"https:\/\/www.academianutricionydietetica.org\/pro\/wp-json\/wp\/v2\/pages\/18678\/revisions"}],"predecessor-version":[{"id":22580,"href":"https:\/\/www.academianutricionydietetica.org\/pro\/wp-json\/wp\/v2\/pages\/18678\/revisions\/22580"}],"up":[{"embeddable":true,"href":"https:\/\/www.academianutricionydietetica.org\/pro\/wp-json\/wp\/v2\/pages\/16188"}],"wp:attachment":[{"href":"https:\/\/www.academianutricionydietetica.org\/pro\/wp-json\/wp\/v2\/media?parent=18678"}],"curies":[{"name":"wp","href":"https:\/\/api.w.org\/{rel}","templated":true}]}}