{"id":18681,"date":"2019-06-13T09:01:58","date_gmt":"2019-06-13T09:01:58","guid":{"rendered":"http:\/\/websites1234.com\/academia-nutricion\/?page_id=18681"},"modified":"2022-07-12T15:29:00","modified_gmt":"2022-07-12T15:29:00","slug":"ma-carmen-cuadrado-vives","status":"publish","type":"page","link":"https:\/\/www.academianutricionydietetica.org\/pro\/la-academia\/organos-de-gobierno\/ma-carmen-cuadrado-vives\/","title":{"rendered":"M\u00aa Carmen Cuadrado Vives"},"content":{"rendered":"<p>[vc_row dfd_row_responsive_enable=\u00bbdfd-row-responsive-enable\u00bb responsive_styles=\u00bbpadding_left_mobile:20|padding_right_mobile:20&#8243;][vc_column]<div class=\"dfd-spacer-module\"  data-units=\"px\" data-wide_resolution=\"1280\" data-wide_size=\"80\" data-normal_resolution=\"1024\" data-normal_size=\"60\" data-tablet_resolution=\"800\" data-tablet_size=\"40\" data-mobile_resolution=\"480\" data-mobile_size=\"40\" style=\"height: 80px;\"><\/div><div class=\"dfd-info-banner style-05 responsive-team-members text-center\" ><div class=\"image-cover \"><img loading=\"lazy\" decoding=\"async\" src=\"https:\/\/www.academianutricionydietetica.org\/pro\/uploads\/2019\/06\/108-150x150.jpg\" alt=\"Image\"  width=\"150\" height=\"150\" class=\"info-banner-image \" \/><\/div><div class=\"content-wrap\"><h2 class=\"info-box-title \" style=\"font-size: 22px; line-height: 26.4px; letter-spacing: 1px; \">M\u00aa Carmen Cuadrado Vives<\/h2><h3 class=\"info-box-subtitle widget-sub-title \" style=\"\">Miembros de honor y em\u00e9ritos<\/h3><div class=\"wrap-delimiter\"><div class=\"delimiter\" ><\/div><\/div><div class=\"description\" style=\"\">DOCTORA EN FARMACIA (Programa Nutrici\u00f3n) por la UCM en 1995<\/p>\n<p>Profesor Contratado Doctor del Departamento de Nutrici\u00f3n de la Facultad de Farmacia de la UCM desde el 1-10-2005.<\/p>\n<p>Profesor Ayudante Doctor del Departamento de Nutrici\u00f3n de la Facultad de Farmacia de la Universidad Complutense de Madrid desde el 1-10-2003 hasta 30-9-2005<\/p>\n<p>Profesor Ayudante del Departamento de Nutrici\u00f3n de la Facultad de Farmacia de la UCM desde el 7-2-2001 hasta 30-9-2003.<\/p>\n<p>Experiencia docente (29 a\u00f1os) en la UCM desde el curso acad\u00e9mico 1989\/90.<\/p>\n<p>Direcci\u00f3n de Tesis Doctorales (10), Tesinas de Licenciatura (1) y Trabajos de Investigaci\u00f3n para la obtenci\u00f3n del Diploma de Estudios Avanzados del Programa de Tercer Ciclo (12), Trabajos fin de M\u00e1ster (4) y Trabajos Fin de Grado (20).<\/p>\n<p>Profesora en M\u00e1ster, T\u00edtulos Propios de Experto, Escuela Complutense de verano y seminarios organizados por distintas Universidades Espa\u00f1olas, y otras entidades p\u00fablicas y privadas nacionales e internacionales.<\/p>\n<p>L\u00edneas de investigaci\u00f3n:<\/p>\n<p>Ampliaci\u00f3n de las tablas de composici\u00f3n de alimentos en Espa\u00f1a y an\u00e1lisis del papel de algunos componentes diet\u00e9ticos en la alimentaci\u00f3n de los espa\u00f1oles.<\/p>\n<p>Valoraci\u00f3n del estado nutricional juzgado por la dieta y estudio de los h\u00e1bitos alimentarios de la poblaci\u00f3n espa\u00f1ola, de individuos y grupos (sanos y enfermos). Relaci\u00f3n dieta\u2010salud.<\/p>\n<p>Nutrici\u00f3n y diet\u00e9tica culinaria en Gastronom\u00eda<\/p>\n<p>Miembro del Grupo de Investigaci\u00f3n: 950574 &#8211; Nutrici\u00f3n y Salud Gastrointestinal (NuSaGa)<\/p>\n<p>Miembro del Grupo Innovadieta: https:\/\/www.ucm.es\/innovadieta\/<\/p>\n<p>Participaci\u00f3n en 4 proyectos de innovaci\u00f3n docente y en 23 Proyectos de investigaci\u00f3n financiados (FAO, UE, FIS y otras entidades)<\/p>\n<p>Miembro del Comit\u00e9 Cient\u00edfico de la Fundaci\u00f3n Espa\u00f1ola de Nutrici\u00f3n (desde 2010)<\/p>\n<p>Miembro de la Sociedad Espa\u00f1ola de la Nutrici\u00f3n (S.E.\u00d1.), miembro espa\u00f1ol de la International Union of Nutritional Sciences (I.U.N.S.) y de la Federation of European Nutrition Societies (F.E.N.S.)<\/p>\n<p>Miembro del Comit\u00e9 Asesor de los cursos para Sumilleres del Instituto de Formaci\u00f3n Empresarial de la C\u00e1mara de Comercio e Industria de Madrid 1993-2000<\/p>\n<p>Coautora de las Tablas de Composici\u00f3n de Alimentos. 19\u00aa Edici\u00f3n (2018) (reediciones anuales desde 1992)<\/p>\n<p>Publicaciones cient\u00edficas en revistas espa\u00f1olas, en revistas extranjeras, informes, monograf\u00edas y trabajos de divulgaci\u00f3n, libros, cap\u00edtulos de libro. Ponencias y mesas redondas. M\u00e1s de 300 trabajos presentados en Congresos Nacionales en Internacionales.<\/p>\n<p>Colaboraci\u00f3n en medios de comunicaci\u00f3n social (prensa escrita, radio, TV, internet)<\/div><\/div><\/div><div class=\"dfd-spacer-module\"  data-units=\"px\" data-wide_resolution=\"1280\" data-wide_size=\"80\" data-normal_resolution=\"1024\" data-normal_size=\"60\" data-tablet_resolution=\"800\" data-tablet_size=\"40\" data-mobile_resolution=\"480\" data-mobile_size=\"40\" style=\"height: 80px;\"><\/div>[\/vc_column][\/vc_row]<\/p>\n","protected":false},"excerpt":{"rendered":"<p>[vc_row dfd_row_responsive_enable=\u00bbdfd-row-responsive-enable\u00bb responsive_styles=\u00bbpadding_left_mobile:20|padding_right_mobile:20&#8243;][vc_column][\/vc_column][\/vc_row]<\/p>\n","protected":false},"author":4,"featured_media":0,"parent":16188,"menu_order":0,"comment_status":"closed","ping_status":"closed","template":"page-custom-with-header.php","meta":{"_acf_changed":false,"_monsterinsights_skip_tracking":false,"_monsterinsights_sitenote_active":false,"_monsterinsights_sitenote_note":"","_monsterinsights_sitenote_category":0,"footnotes":""},"class_list":["post-18681","page","type-page","status-publish","hentry"],"acf":[],"yoast_head":"<!-- This site is optimized with the Yoast SEO plugin v26.7 - https:\/\/yoast.com\/wordpress\/plugins\/seo\/ -->\n<title>M\u00aa Carmen Cuadrado Vives - Academia Espa\u00f1ola de Nutrici\u00f3n y Diet\u00e9tica<\/title>\n<meta name=\"robots\" content=\"index, follow, max-snippet:-1, max-image-preview:large, max-video-preview:-1\" \/>\n<link rel=\"canonical\" href=\"https:\/\/www.academianutricionydietetica.org\/pro\/la-academia\/organos-de-gobierno\/ma-carmen-cuadrado-vives\/\" \/>\n<meta property=\"og:locale\" content=\"es_ES\" \/>\n<meta property=\"og:type\" content=\"article\" \/>\n<meta property=\"og:title\" content=\"M\u00aa Carmen Cuadrado Vives - Academia Espa\u00f1ola de Nutrici\u00f3n y Diet\u00e9tica\" \/>\n<meta property=\"og:description\" content=\"[vc_row dfd_row_responsive_enable=\u00bbdfd-row-responsive-enable\u00bb responsive_styles=\u00bbpadding_left_mobile:20|padding_right_mobile:20&#8243;][vc_column][\/vc_column][\/vc_row]\" \/>\n<meta property=\"og:url\" content=\"https:\/\/www.academianutricionydietetica.org\/pro\/la-academia\/organos-de-gobierno\/ma-carmen-cuadrado-vives\/\" \/>\n<meta property=\"og:site_name\" content=\"Academia Espa\u00f1ola de Nutrici\u00f3n y Diet\u00e9tica\" \/>\n<meta property=\"article:modified_time\" content=\"2022-07-12T15:29:00+00:00\" \/>\n<meta name=\"twitter:card\" content=\"summary_large_image\" \/>\n<meta name=\"twitter:label1\" content=\"Tiempo de lectura\" \/>\n\t<meta name=\"twitter:data1\" content=\"3 minutos\" \/>\n<script type=\"application\/ld+json\" class=\"yoast-schema-graph\">{\"@context\":\"https:\/\/schema.org\",\"@graph\":[{\"@type\":\"WebPage\",\"@id\":\"https:\/\/www.academianutricionydietetica.org\/pro\/la-academia\/organos-de-gobierno\/ma-carmen-cuadrado-vives\/\",\"url\":\"https:\/\/www.academianutricionydietetica.org\/pro\/la-academia\/organos-de-gobierno\/ma-carmen-cuadrado-vives\/\",\"name\":\"M\u00aa Carmen Cuadrado Vives - Academia Espa\u00f1ola de Nutrici\u00f3n y Diet\u00e9tica\",\"isPartOf\":{\"@id\":\"https:\/\/www.academianutricionydietetica.org\/pro\/#website\"},\"datePublished\":\"2019-06-13T09:01:58+00:00\",\"dateModified\":\"2022-07-12T15:29:00+00:00\",\"breadcrumb\":{\"@id\":\"https:\/\/www.academianutricionydietetica.org\/pro\/la-academia\/organos-de-gobierno\/ma-carmen-cuadrado-vives\/#breadcrumb\"},\"inLanguage\":\"es\",\"potentialAction\":[{\"@type\":\"ReadAction\",\"target\":[\"https:\/\/www.academianutricionydietetica.org\/pro\/la-academia\/organos-de-gobierno\/ma-carmen-cuadrado-vives\/\"]}]},{\"@type\":\"BreadcrumbList\",\"@id\":\"https:\/\/www.academianutricionydietetica.org\/pro\/la-academia\/organos-de-gobierno\/ma-carmen-cuadrado-vives\/#breadcrumb\",\"itemListElement\":[{\"@type\":\"ListItem\",\"position\":1,\"name\":\"Inicio\",\"item\":\"https:\/\/www.academianutricionydietetica.org\/pro\/\"},{\"@type\":\"ListItem\",\"position\":2,\"name\":\"La academia\",\"item\":\"https:\/\/www.academianutricionydietetica.org\/pro\/la-academia\/\"},{\"@type\":\"ListItem\",\"position\":3,\"name\":\"\u00d3rganos de Gobierno\",\"item\":\"https:\/\/www.academianutricionydietetica.org\/pro\/la-academia\/organos-de-gobierno\/\"},{\"@type\":\"ListItem\",\"position\":4,\"name\":\"M\u00aa Carmen Cuadrado Vives\"}]},{\"@type\":\"WebSite\",\"@id\":\"https:\/\/www.academianutricionydietetica.org\/pro\/#website\",\"url\":\"https:\/\/www.academianutricionydietetica.org\/pro\/\",\"name\":\"Academia Espa\u00f1ola de Nutrici\u00f3n y Diet\u00e9tica\",\"description\":\"Formaci\u00f3n, noticias, jornadas y eventos\",\"potentialAction\":[{\"@type\":\"SearchAction\",\"target\":{\"@type\":\"EntryPoint\",\"urlTemplate\":\"https:\/\/www.academianutricionydietetica.org\/pro\/?s={search_term_string}\"},\"query-input\":{\"@type\":\"PropertyValueSpecification\",\"valueRequired\":true,\"valueName\":\"search_term_string\"}}],\"inLanguage\":\"es\"}]}<\/script>\n<!-- \/ Yoast SEO plugin. -->","yoast_head_json":{"title":"M\u00aa Carmen Cuadrado Vives - Academia Espa\u00f1ola de Nutrici\u00f3n y Diet\u00e9tica","robots":{"index":"index","follow":"follow","max-snippet":"max-snippet:-1","max-image-preview":"max-image-preview:large","max-video-preview":"max-video-preview:-1"},"canonical":"https:\/\/www.academianutricionydietetica.org\/pro\/la-academia\/organos-de-gobierno\/ma-carmen-cuadrado-vives\/","og_locale":"es_ES","og_type":"article","og_title":"M\u00aa Carmen Cuadrado Vives - Academia Espa\u00f1ola de Nutrici\u00f3n y Diet\u00e9tica","og_description":"[vc_row dfd_row_responsive_enable=\u00bbdfd-row-responsive-enable\u00bb responsive_styles=\u00bbpadding_left_mobile:20|padding_right_mobile:20&#8243;][vc_column][\/vc_column][\/vc_row]","og_url":"https:\/\/www.academianutricionydietetica.org\/pro\/la-academia\/organos-de-gobierno\/ma-carmen-cuadrado-vives\/","og_site_name":"Academia Espa\u00f1ola de Nutrici\u00f3n y Diet\u00e9tica","article_modified_time":"2022-07-12T15:29:00+00:00","twitter_card":"summary_large_image","twitter_misc":{"Tiempo de lectura":"3 minutos"},"schema":{"@context":"https:\/\/schema.org","@graph":[{"@type":"WebPage","@id":"https:\/\/www.academianutricionydietetica.org\/pro\/la-academia\/organos-de-gobierno\/ma-carmen-cuadrado-vives\/","url":"https:\/\/www.academianutricionydietetica.org\/pro\/la-academia\/organos-de-gobierno\/ma-carmen-cuadrado-vives\/","name":"M\u00aa Carmen Cuadrado Vives - Academia Espa\u00f1ola de Nutrici\u00f3n y Diet\u00e9tica","isPartOf":{"@id":"https:\/\/www.academianutricionydietetica.org\/pro\/#website"},"datePublished":"2019-06-13T09:01:58+00:00","dateModified":"2022-07-12T15:29:00+00:00","breadcrumb":{"@id":"https:\/\/www.academianutricionydietetica.org\/pro\/la-academia\/organos-de-gobierno\/ma-carmen-cuadrado-vives\/#breadcrumb"},"inLanguage":"es","potentialAction":[{"@type":"ReadAction","target":["https:\/\/www.academianutricionydietetica.org\/pro\/la-academia\/organos-de-gobierno\/ma-carmen-cuadrado-vives\/"]}]},{"@type":"BreadcrumbList","@id":"https:\/\/www.academianutricionydietetica.org\/pro\/la-academia\/organos-de-gobierno\/ma-carmen-cuadrado-vives\/#breadcrumb","itemListElement":[{"@type":"ListItem","position":1,"name":"Inicio","item":"https:\/\/www.academianutricionydietetica.org\/pro\/"},{"@type":"ListItem","position":2,"name":"La academia","item":"https:\/\/www.academianutricionydietetica.org\/pro\/la-academia\/"},{"@type":"ListItem","position":3,"name":"\u00d3rganos de Gobierno","item":"https:\/\/www.academianutricionydietetica.org\/pro\/la-academia\/organos-de-gobierno\/"},{"@type":"ListItem","position":4,"name":"M\u00aa Carmen Cuadrado Vives"}]},{"@type":"WebSite","@id":"https:\/\/www.academianutricionydietetica.org\/pro\/#website","url":"https:\/\/www.academianutricionydietetica.org\/pro\/","name":"Academia Espa\u00f1ola de Nutrici\u00f3n y Diet\u00e9tica","description":"Formaci\u00f3n, noticias, jornadas y eventos","potentialAction":[{"@type":"SearchAction","target":{"@type":"EntryPoint","urlTemplate":"https:\/\/www.academianutricionydietetica.org\/pro\/?s={search_term_string}"},"query-input":{"@type":"PropertyValueSpecification","valueRequired":true,"valueName":"search_term_string"}}],"inLanguage":"es"}]}},"_links":{"self":[{"href":"https:\/\/www.academianutricionydietetica.org\/pro\/wp-json\/wp\/v2\/pages\/18681","targetHints":{"allow":["GET"]}}],"collection":[{"href":"https:\/\/www.academianutricionydietetica.org\/pro\/wp-json\/wp\/v2\/pages"}],"about":[{"href":"https:\/\/www.academianutricionydietetica.org\/pro\/wp-json\/wp\/v2\/types\/page"}],"author":[{"embeddable":true,"href":"https:\/\/www.academianutricionydietetica.org\/pro\/wp-json\/wp\/v2\/users\/4"}],"replies":[{"embeddable":true,"href":"https:\/\/www.academianutricionydietetica.org\/pro\/wp-json\/wp\/v2\/comments?post=18681"}],"version-history":[{"count":3,"href":"https:\/\/www.academianutricionydietetica.org\/pro\/wp-json\/wp\/v2\/pages\/18681\/revisions"}],"predecessor-version":[{"id":19518,"href":"https:\/\/www.academianutricionydietetica.org\/pro\/wp-json\/wp\/v2\/pages\/18681\/revisions\/19518"}],"up":[{"embeddable":true,"href":"https:\/\/www.academianutricionydietetica.org\/pro\/wp-json\/wp\/v2\/pages\/16188"}],"wp:attachment":[{"href":"https:\/\/www.academianutricionydietetica.org\/pro\/wp-json\/wp\/v2\/media?parent=18681"}],"curies":[{"name":"wp","href":"https:\/\/api.w.org\/{rel}","templated":true}]}}

Mª Carmen Cuadrado Vives

<p>[vc_row dfd_row_responsive_enable=»dfd-row-responsive-enable» responsive_styles=»padding_left_mobile:20|padding_right_mobile:20&#8243;][vc_column]<div class="dfd-spacer-module"  data-units="px" data-wide_resolution="1280" data-wide_size="80" data-normal_resolution="1024" data-normal_size="60" data-tablet_resolution="800" data-tablet_size="40" data-mobile_resolution="480" data-mobile_size="40" style="height: 80px;"></div><div class="dfd-info-banner style-05 responsive-team-members text-center" ><div class="image-cover "><img loading="lazy" decoding="async" src="https://www.academianutricionydietetica.org/pro/uploads/2019/06/108-150x150.jpg" alt="Image"  width="150" height="150" class="info-banner-image " /></div><div class="content-wrap"><h2 class="info-box-title " style="font-size: 22px; line-height: 26.4px; letter-spacing: 1px; ">Mª Carmen Cuadrado Vives</h2><h3 class="info-box-subtitle widget-sub-title " style="">Miembros de honor y eméritos</h3><div class="wrap-delimiter"><div class="delimiter" ></div></div><div class="description" style="">DOCTORA EN FARMACIA (Programa Nutrición) por la UCM en 1995</p>
<p>Profesor Contratado Doctor del Departamento de Nutrición de la Facultad de Farmacia de la UCM desde el 1-10-2005.</p>
<p>Profesor Ayudante Doctor del Departamento de Nutrición de la Facultad de Farmacia de la Universidad Complutense de Madrid desde el 1-10-2003 hasta 30-9-2005</p>
<p>Profesor Ayudante del Departamento de Nutrición de la Facultad de Farmacia de la UCM desde el 7-2-2001 hasta 30-9-2003.</p>
<p>Experiencia docente (29 años) en la UCM desde el curso académico 1989/90.</p>
<p>Dirección de Tesis Doctorales (10), Tesinas de Licenciatura (1) y Trabajos de Investigación para la obtención del Diploma de Estudios Avanzados del Programa de Tercer Ciclo (12), Trabajos fin de Máster (4) y Trabajos Fin de Grado (20).</p>
<p>Profesora en Máster, Títulos Propios de Experto, Escuela Complutense de verano y seminarios organizados por distintas Universidades Españolas, y otras entidades públicas y privadas nacionales e internacionales.</p>
<p>Líneas de investigación:</p>
<p>Ampliación de las tablas de composición de alimentos en España y análisis del papel de algunos componentes dietéticos en la alimentación de los españoles.</p>
<p>Valoración del estado nutricional juzgado por la dieta y estudio de los hábitos alimentarios de la población española, de individuos y grupos (sanos y enfermos). Relación dieta‐salud.</p>
<p>Nutrición y dietética culinaria en Gastronomía</p>
<p>Miembro del Grupo de Investigación: 950574 &#8211; Nutrición y Salud Gastrointestinal (NuSaGa)</p>
<p>Miembro del Grupo Innovadieta: https://www.ucm.es/innovadieta/</p>
<p>Participación en 4 proyectos de innovación docente y en 23 Proyectos de investigación financiados (FAO, UE, FIS y otras entidades)</p>
<p>Miembro del Comité Científico de la Fundación Española de Nutrición (desde 2010)</p>
<p>Miembro de la Sociedad Española de la Nutrición (S.E.Ñ.), miembro español de la International Union of Nutritional Sciences (I.U.N.S.) y de la Federation of European Nutrition Societies (F.E.N.S.)</p>
<p>Miembro del Comité Asesor de los cursos para Sumilleres del Instituto de Formación Empresarial de la Cámara de Comercio e Industria de Madrid 1993-2000</p>
<p>Coautora de las Tablas de Composición de Alimentos. 19ª Edición (2018) (reediciones anuales desde 1992)</p>
<p>Publicaciones científicas en revistas españolas, en revistas extranjeras, informes, monografías y trabajos de divulgación, libros, capítulos de libro. Ponencias y mesas redondas. Más de 300 trabajos presentados en Congresos Nacionales en Internacionales.</p>
<p>Colaboración en medios de comunicación social (prensa escrita, radio, TV, internet)</div></div></div><div class="dfd-spacer-module"  data-units="px" data-wide_resolution="1280" data-wide_size="80" data-normal_resolution="1024" data-normal_size="60" data-tablet_resolution="800" data-tablet_size="40" data-mobile_resolution="480" data-mobile_size="40" style="height: 80px;"></div>[/vc_column][/vc_row]</p>

<!-- This site is optimized with the Yoast SEO plugin v26.7 - https://yoast.com/wordpress/plugins/seo/ -->
<title>Mª Carmen Cuadrado Vives - Academia Española de Nutrición y Dietética</title>
<meta name="robots" content="index, follow, max-snippet:-1, max-image-preview:large, max-video-preview:-1" />
<link rel="canonical" href="https://www.academianutricionydietetica.org/pro/la-academia/organos-de-gobierno/ma-carmen-cuadrado-vives/" />
<meta property="og:locale" content="es_ES" />
<meta property="og:type" content="article" />
<meta property="og:title" content="Mª Carmen Cuadrado Vives - Academia Española de Nutrición y Dietética" />
<meta property="og:description" content="[vc_row dfd_row_responsive_enable=»dfd-row-responsive-enable» responsive_styles=»padding_left_mobile:20|padding_right_mobile:20&#8243;][vc_column][/vc_column][/vc_row]" />
<meta property="og:url" content="https://www.academianutricionydietetica.org/pro/la-academia/organos-de-gobierno/ma-carmen-cuadrado-vives/" />
<meta property="og:site_name" content="Academia Española de Nutrición y Dietética" />
<meta property="article:modified_time" content="2022-07-12T15:29:00+00:00" />
<meta name="twitter:card" content="summary_large_image" />
<meta name="twitter:label1" content="Tiempo de lectura" />
	<meta name="twitter:data1" content="3 minutos" />
<script type="application/ld+json" class="yoast-schema-graph">{"@context":"https://schema.org","@graph":[{"@type":"WebPage","@id":"https://www.academianutricionydietetica.org/pro/la-academia/organos-de-gobierno/ma-carmen-cuadrado-vives/","url":"https://www.academianutricionydietetica.org/pro/la-academia/organos-de-gobierno/ma-carmen-cuadrado-vives/","name":"Mª Carmen Cuadrado Vives - Academia Española de Nutrición y Dietética","isPartOf":{"@id":"https://www.academianutricionydietetica.org/pro/#website"},"datePublished":"2019-06-13T09:01:58+00:00","dateModified":"2022-07-12T15:29:00+00:00","breadcrumb":{"@id":"https://www.academianutricionydietetica.org/pro/la-academia/organos-de-gobierno/ma-carmen-cuadrado-vives/#breadcrumb"},"inLanguage":"es","potentialAction":[{"@type":"ReadAction","target":["https://www.academianutricionydietetica.org/pro/la-academia/organos-de-gobierno/ma-carmen-cuadrado-vives/"]}]},{"@type":"BreadcrumbList","@id":"https://www.academianutricionydietetica.org/pro/la-academia/organos-de-gobierno/ma-carmen-cuadrado-vives/#breadcrumb","itemListElement":[{"@type":"ListItem","position":1,"name":"Inicio","item":"https://www.academianutricionydietetica.org/pro/"},{"@type":"ListItem","position":2,"name":"La academia","item":"https://www.academianutricionydietetica.org/pro/la-academia/"},{"@type":"ListItem","position":3,"name":"Órganos de Gobierno","item":"https://www.academianutricionydietetica.org/pro/la-academia/organos-de-gobierno/"},{"@type":"ListItem","position":4,"name":"Mª Carmen Cuadrado Vives"}]},{"@type":"WebSite","@id":"https://www.academianutricionydietetica.org/pro/#website","url":"https://www.academianutricionydietetica.org/pro/","name":"Academia Española de Nutrición y Dietética","description":"Formación, noticias, jornadas y eventos","potentialAction":[{"@type":"SearchAction","target":{"@type":"EntryPoint","urlTemplate":"https://www.academianutricionydietetica.org/pro/?s={search_term_string}"},"query-input":{"@type":"PropertyValueSpecification","valueRequired":true,"valueName":"search_term_string"}}],"inLanguage":"es"}]}</script>
<!-- / Yoast SEO plugin. -->

Mª Carmen Cuadrado Vives - Academia Española de Nutrición y Dietética

Academia Española de Nutrición y Dietética

Órganos de Gobierno

Formación, noticias, jornadas y eventos
