{"id":18684,"date":"2019-06-13T09:05:01","date_gmt":"2019-06-13T09:05:01","guid":{"rendered":"http:\/\/websites1234.com\/academia-nutricion\/?page_id=18684"},"modified":"2022-07-12T15:27:52","modified_gmt":"2022-07-12T15:27:52","slug":"andreu-farran-codina","status":"publish","type":"page","link":"https:\/\/www.academianutricionydietetica.org\/pro\/la-academia\/organos-de-gobierno\/andreu-farran-codina\/","title":{"rendered":"Andreu Farr\u00e1n Codina"},"content":{"rendered":"<p>[vc_row dfd_row_responsive_enable=\u00bbdfd-row-responsive-enable\u00bb responsive_styles=\u00bbpadding_left_mobile:20|padding_right_mobile:20&#8243;][vc_column]<div class=\"dfd-spacer-module\"  data-units=\"px\" data-wide_resolution=\"1280\" data-wide_size=\"80\" data-normal_resolution=\"1024\" data-normal_size=\"60\" data-tablet_resolution=\"800\" data-tablet_size=\"40\" data-mobile_resolution=\"480\" data-mobile_size=\"40\" style=\"height: 80px;\"><\/div><div class=\"dfd-info-banner style-05 responsive-team-members text-center\" ><div class=\"image-cover \"><img loading=\"lazy\" decoding=\"async\" src=\"https:\/\/www.academianutricionydietetica.org\/pro\/uploads\/2019\/06\/40-150x150.png\" alt=\"Image\"  width=\"150\" height=\"150\" class=\"info-banner-image \" \/><\/div><div class=\"content-wrap\"><h2 class=\"info-box-title \" style=\"font-size: 22px; line-height: 26.4px; letter-spacing: 1px; \">Andreu Farr\u00e1n Codina<\/h2><h3 class=\"info-box-subtitle widget-sub-title \" style=\"\">Miembros de honor y em\u00e9ritos<\/h3><div class=\"wrap-delimiter\"><div class=\"delimiter\" ><\/div><\/div><div class=\"description\" style=\"\">Andr\u00e9s Farran Codina es licenciado en Biolog\u00eda y doctor por la Facultad de Farmacia de la Universidad de Barcelona. Inici\u00f3 su carrera investigadora en el campo de la bromatolog\u00eda estudiando el efecto de diferentes procesos tecnol\u00f3gicos sobre la estabilidad de los frutos secos (1991-92). La experiencia en an\u00e1lisis de alimentos le permiti\u00f3 participar en la compilaci\u00f3n de datos de composici\u00f3n de alimentos para el an\u00e1lisis de la encuesta nutricional catalana 1992-93. Para profundizar en este campo realiz\u00f3 el curso de postgrado \u201cFoodComp\u201d en la Universidad de Wageningen, desarrollando posteriormente actividades como consultor cient\u00edfico independiente asesorando al estudio EPIC (1994-96) en la revisi\u00f3n y ampliaci\u00f3n de su BDCA y a la empresa Novartis en la actualizaci\u00f3n de sus tablas de composici\u00f3n de alimentos (1996). En ese mismo a\u00f1o inici\u00f3 su carrera docente universitaria como profesor asociado en la Universidad de Barcelona (UB), pasando posteriormente a integrarse con la misma categor\u00eda al Centro de Estudios Superiores de Nutrici\u00f3n y Diet\u00e9tica (CESNID). En esta fundaci\u00f3n continu\u00f3 con sus trabajos en el campo de la compilaci\u00f3n de BDCA continuando su colaboraci\u00f3n con EPIC en el proyecto \u201cStandardization of Nutrient Databases within the European Prospective Investigation into Cancer and Nutrition\u201d e iniciando los trabajos para la compilaci\u00f3n de una BDCA espa\u00f1ola para su uso en docencia y estudios epidemiol\u00f3gicos. Durante este periodo empez\u00f3 a colaborar en estudios epidemiol\u00f3gicos aportando su experiencia en el tratamiento de datos nutricionales participando en la encuesta nutricional de Canarias (1997-1998), en la encuesta nutricional catalana (2002-03), en la encuesta de poblaci\u00f3n infantil y juvenil del Pa\u00eds Vasco (2003) y en el proyecto\u201d Alimentaci\u00f3n y valoraci\u00f3n del estado nutricional en adolescentes (AVENA)\u201d. La experiencia en proyectos internacionales de compilaci\u00f3n de BDCA dio paso a su integraci\u00f3n como investigador de la red de excelencia Europea EuroFIR (European food Information Resources) del VII PM y ello, a su vez, a impulsar dentro de Espa\u00f1a la creaci\u00f3n de una red para el desarrollo de una BDCA espa\u00f1ola unificada (Red BDECA) en colaboraci\u00f3n con otros investigadores. Con la integraci\u00f3n de los estudios de Nutrici\u00f3n Humana del CESNID a la UB, su actividad cient\u00edfica se reorient\u00f3 adquiriendo cada vez m\u00e1s importancia la l\u00ednea de investigaci\u00f3n sobre la interacci\u00f3n entre nutrici\u00f3n y actividad f\u00edsica participando entre 2009 y 2012 en dos proyectos competitivos dentro de esta l\u00ednea, en uno de ellos como IP.<\/p>\n<p>A lo largo de su trayectoria, ha participado en 18 proyectos de investigaci\u00f3n competitivos (3 de ellos internacionales), 9 proyectos contractuales de investigaci\u00f3n o transferencia. Ha formado parte del grupo de investigaci\u00f3n consolidado \u201cCalidad Tecnol\u00f3gica y Nutricional de los L\u00edpidos\u201d y ha sido IP del grupo emergente \u201cInvestigaci\u00f3n en Nutrici\u00f3n Aplicada\u201d. Es coautor de 14 art\u00edculos publicados en revistas internacionales indexadas y 12 art\u00edculos publicados en revistas espa\u00f1olas, 2 cap\u00edtulos en libros de car\u00e1cter internacional y 4 nacionales. Tambi\u00e9n es coautor de 13 libros. Ha participado como asesor del \u201cPlan de Reducci\u00f3n del Consumo de Sal\u201d dentro de la estrategia NAOS y como miembro del Comit\u00e9 Cient\u00edfico de la asociaci\u00f3n \u201c5 al d\u00eda\u201d.<\/div><\/div><\/div><div class=\"dfd-spacer-module\"  data-units=\"px\" data-wide_resolution=\"1280\" data-wide_size=\"80\" data-normal_resolution=\"1024\" data-normal_size=\"60\" data-tablet_resolution=\"800\" data-tablet_size=\"40\" data-mobile_resolution=\"480\" data-mobile_size=\"40\" style=\"height: 80px;\"><\/div>[\/vc_column][\/vc_row]<\/p>\n","protected":false},"excerpt":{"rendered":"<p>[vc_row dfd_row_responsive_enable=\u00bbdfd-row-responsive-enable\u00bb responsive_styles=\u00bbpadding_left_mobile:20|padding_right_mobile:20&#8243;][vc_column][\/vc_column][\/vc_row]<\/p>\n","protected":false},"author":4,"featured_media":0,"parent":16188,"menu_order":0,"comment_status":"closed","ping_status":"closed","template":"page-custom-with-header.php","meta":{"_acf_changed":false,"_monsterinsights_skip_tracking":false,"_monsterinsights_sitenote_active":false,"_monsterinsights_sitenote_note":"","_monsterinsights_sitenote_category":0,"footnotes":""},"class_list":["post-18684","page","type-page","status-publish","hentry"],"acf":[],"yoast_head":"<!-- This site is optimized with the Yoast SEO plugin v26.7 - https:\/\/yoast.com\/wordpress\/plugins\/seo\/ -->\n<title>Andreu Farr\u00e1n Codina - Academia Espa\u00f1ola de Nutrici\u00f3n y Diet\u00e9tica<\/title>\n<meta name=\"robots\" content=\"index, follow, max-snippet:-1, max-image-preview:large, max-video-preview:-1\" \/>\n<link rel=\"canonical\" href=\"https:\/\/www.academianutricionydietetica.org\/pro\/la-academia\/organos-de-gobierno\/andreu-farran-codina\/\" \/>\n<meta property=\"og:locale\" content=\"es_ES\" \/>\n<meta property=\"og:type\" content=\"article\" \/>\n<meta property=\"og:title\" content=\"Andreu Farr\u00e1n Codina - Academia Espa\u00f1ola de Nutrici\u00f3n y Diet\u00e9tica\" \/>\n<meta property=\"og:description\" content=\"[vc_row dfd_row_responsive_enable=\u00bbdfd-row-responsive-enable\u00bb responsive_styles=\u00bbpadding_left_mobile:20|padding_right_mobile:20&#8243;][vc_column][\/vc_column][\/vc_row]\" \/>\n<meta property=\"og:url\" content=\"https:\/\/www.academianutricionydietetica.org\/pro\/la-academia\/organos-de-gobierno\/andreu-farran-codina\/\" \/>\n<meta property=\"og:site_name\" content=\"Academia Espa\u00f1ola de Nutrici\u00f3n y Diet\u00e9tica\" \/>\n<meta property=\"article:modified_time\" content=\"2022-07-12T15:27:52+00:00\" \/>\n<meta name=\"twitter:card\" content=\"summary_large_image\" \/>\n<meta name=\"twitter:label1\" content=\"Tiempo de lectura\" \/>\n\t<meta name=\"twitter:data1\" content=\"3 minutos\" \/>\n<script type=\"application\/ld+json\" class=\"yoast-schema-graph\">{\"@context\":\"https:\/\/schema.org\",\"@graph\":[{\"@type\":\"WebPage\",\"@id\":\"https:\/\/www.academianutricionydietetica.org\/pro\/la-academia\/organos-de-gobierno\/andreu-farran-codina\/\",\"url\":\"https:\/\/www.academianutricionydietetica.org\/pro\/la-academia\/organos-de-gobierno\/andreu-farran-codina\/\",\"name\":\"Andreu Farr\u00e1n Codina - Academia Espa\u00f1ola de Nutrici\u00f3n y Diet\u00e9tica\",\"isPartOf\":{\"@id\":\"https:\/\/www.academianutricionydietetica.org\/pro\/#website\"},\"datePublished\":\"2019-06-13T09:05:01+00:00\",\"dateModified\":\"2022-07-12T15:27:52+00:00\",\"breadcrumb\":{\"@id\":\"https:\/\/www.academianutricionydietetica.org\/pro\/la-academia\/organos-de-gobierno\/andreu-farran-codina\/#breadcrumb\"},\"inLanguage\":\"es\",\"potentialAction\":[{\"@type\":\"ReadAction\",\"target\":[\"https:\/\/www.academianutricionydietetica.org\/pro\/la-academia\/organos-de-gobierno\/andreu-farran-codina\/\"]}]},{\"@type\":\"BreadcrumbList\",\"@id\":\"https:\/\/www.academianutricionydietetica.org\/pro\/la-academia\/organos-de-gobierno\/andreu-farran-codina\/#breadcrumb\",\"itemListElement\":[{\"@type\":\"ListItem\",\"position\":1,\"name\":\"Inicio\",\"item\":\"https:\/\/www.academianutricionydietetica.org\/pro\/\"},{\"@type\":\"ListItem\",\"position\":2,\"name\":\"La academia\",\"item\":\"https:\/\/www.academianutricionydietetica.org\/pro\/la-academia\/\"},{\"@type\":\"ListItem\",\"position\":3,\"name\":\"\u00d3rganos de Gobierno\",\"item\":\"https:\/\/www.academianutricionydietetica.org\/pro\/la-academia\/organos-de-gobierno\/\"},{\"@type\":\"ListItem\",\"position\":4,\"name\":\"Andreu Farr\u00e1n Codina\"}]},{\"@type\":\"WebSite\",\"@id\":\"https:\/\/www.academianutricionydietetica.org\/pro\/#website\",\"url\":\"https:\/\/www.academianutricionydietetica.org\/pro\/\",\"name\":\"Academia Espa\u00f1ola de Nutrici\u00f3n y Diet\u00e9tica\",\"description\":\"Formaci\u00f3n, noticias, jornadas y eventos\",\"potentialAction\":[{\"@type\":\"SearchAction\",\"target\":{\"@type\":\"EntryPoint\",\"urlTemplate\":\"https:\/\/www.academianutricionydietetica.org\/pro\/?s={search_term_string}\"},\"query-input\":{\"@type\":\"PropertyValueSpecification\",\"valueRequired\":true,\"valueName\":\"search_term_string\"}}],\"inLanguage\":\"es\"}]}<\/script>\n<!-- \/ Yoast SEO plugin. -->","yoast_head_json":{"title":"Andreu Farr\u00e1n Codina - Academia Espa\u00f1ola de Nutrici\u00f3n y Diet\u00e9tica","robots":{"index":"index","follow":"follow","max-snippet":"max-snippet:-1","max-image-preview":"max-image-preview:large","max-video-preview":"max-video-preview:-1"},"canonical":"https:\/\/www.academianutricionydietetica.org\/pro\/la-academia\/organos-de-gobierno\/andreu-farran-codina\/","og_locale":"es_ES","og_type":"article","og_title":"Andreu Farr\u00e1n Codina - Academia Espa\u00f1ola de Nutrici\u00f3n y Diet\u00e9tica","og_description":"[vc_row dfd_row_responsive_enable=\u00bbdfd-row-responsive-enable\u00bb responsive_styles=\u00bbpadding_left_mobile:20|padding_right_mobile:20&#8243;][vc_column][\/vc_column][\/vc_row]","og_url":"https:\/\/www.academianutricionydietetica.org\/pro\/la-academia\/organos-de-gobierno\/andreu-farran-codina\/","og_site_name":"Academia Espa\u00f1ola de Nutrici\u00f3n y Diet\u00e9tica","article_modified_time":"2022-07-12T15:27:52+00:00","twitter_card":"summary_large_image","twitter_misc":{"Tiempo de lectura":"3 minutos"},"schema":{"@context":"https:\/\/schema.org","@graph":[{"@type":"WebPage","@id":"https:\/\/www.academianutricionydietetica.org\/pro\/la-academia\/organos-de-gobierno\/andreu-farran-codina\/","url":"https:\/\/www.academianutricionydietetica.org\/pro\/la-academia\/organos-de-gobierno\/andreu-farran-codina\/","name":"Andreu Farr\u00e1n Codina - Academia Espa\u00f1ola de Nutrici\u00f3n y Diet\u00e9tica","isPartOf":{"@id":"https:\/\/www.academianutricionydietetica.org\/pro\/#website"},"datePublished":"2019-06-13T09:05:01+00:00","dateModified":"2022-07-12T15:27:52+00:00","breadcrumb":{"@id":"https:\/\/www.academianutricionydietetica.org\/pro\/la-academia\/organos-de-gobierno\/andreu-farran-codina\/#breadcrumb"},"inLanguage":"es","potentialAction":[{"@type":"ReadAction","target":["https:\/\/www.academianutricionydietetica.org\/pro\/la-academia\/organos-de-gobierno\/andreu-farran-codina\/"]}]},{"@type":"BreadcrumbList","@id":"https:\/\/www.academianutricionydietetica.org\/pro\/la-academia\/organos-de-gobierno\/andreu-farran-codina\/#breadcrumb","itemListElement":[{"@type":"ListItem","position":1,"name":"Inicio","item":"https:\/\/www.academianutricionydietetica.org\/pro\/"},{"@type":"ListItem","position":2,"name":"La academia","item":"https:\/\/www.academianutricionydietetica.org\/pro\/la-academia\/"},{"@type":"ListItem","position":3,"name":"\u00d3rganos de Gobierno","item":"https:\/\/www.academianutricionydietetica.org\/pro\/la-academia\/organos-de-gobierno\/"},{"@type":"ListItem","position":4,"name":"Andreu Farr\u00e1n Codina"}]},{"@type":"WebSite","@id":"https:\/\/www.academianutricionydietetica.org\/pro\/#website","url":"https:\/\/www.academianutricionydietetica.org\/pro\/","name":"Academia Espa\u00f1ola de Nutrici\u00f3n y Diet\u00e9tica","description":"Formaci\u00f3n, noticias, jornadas y eventos","potentialAction":[{"@type":"SearchAction","target":{"@type":"EntryPoint","urlTemplate":"https:\/\/www.academianutricionydietetica.org\/pro\/?s={search_term_string}"},"query-input":{"@type":"PropertyValueSpecification","valueRequired":true,"valueName":"search_term_string"}}],"inLanguage":"es"}]}},"_links":{"self":[{"href":"https:\/\/www.academianutricionydietetica.org\/pro\/wp-json\/wp\/v2\/pages\/18684","targetHints":{"allow":["GET"]}}],"collection":[{"href":"https:\/\/www.academianutricionydietetica.org\/pro\/wp-json\/wp\/v2\/pages"}],"about":[{"href":"https:\/\/www.academianutricionydietetica.org\/pro\/wp-json\/wp\/v2\/types\/page"}],"author":[{"embeddable":true,"href":"https:\/\/www.academianutricionydietetica.org\/pro\/wp-json\/wp\/v2\/users\/4"}],"replies":[{"embeddable":true,"href":"https:\/\/www.academianutricionydietetica.org\/pro\/wp-json\/wp\/v2\/comments?post=18684"}],"version-history":[{"count":2,"href":"https:\/\/www.academianutricionydietetica.org\/pro\/wp-json\/wp\/v2\/pages\/18684\/revisions"}],"predecessor-version":[{"id":19514,"href":"https:\/\/www.academianutricionydietetica.org\/pro\/wp-json\/wp\/v2\/pages\/18684\/revisions\/19514"}],"up":[{"embeddable":true,"href":"https:\/\/www.academianutricionydietetica.org\/pro\/wp-json\/wp\/v2\/pages\/16188"}],"wp:attachment":[{"href":"https:\/\/www.academianutricionydietetica.org\/pro\/wp-json\/wp\/v2\/media?parent=18684"}],"curies":[{"name":"wp","href":"https:\/\/api.w.org\/{rel}","templated":true}]}}

Andreu Farrán Codina

<p>[vc_row dfd_row_responsive_enable=»dfd-row-responsive-enable» responsive_styles=»padding_left_mobile:20|padding_right_mobile:20&#8243;][vc_column]<div class="dfd-spacer-module"  data-units="px" data-wide_resolution="1280" data-wide_size="80" data-normal_resolution="1024" data-normal_size="60" data-tablet_resolution="800" data-tablet_size="40" data-mobile_resolution="480" data-mobile_size="40" style="height: 80px;"></div><div class="dfd-info-banner style-05 responsive-team-members text-center" ><div class="image-cover "><img loading="lazy" decoding="async" src="https://www.academianutricionydietetica.org/pro/uploads/2019/06/40-150x150.png" alt="Image"  width="150" height="150" class="info-banner-image " /></div><div class="content-wrap"><h2 class="info-box-title " style="font-size: 22px; line-height: 26.4px; letter-spacing: 1px; ">Andreu Farrán Codina</h2><h3 class="info-box-subtitle widget-sub-title " style="">Miembros de honor y eméritos</h3><div class="wrap-delimiter"><div class="delimiter" ></div></div><div class="description" style="">Andrés Farran Codina es licenciado en Biología y doctor por la Facultad de Farmacia de la Universidad de Barcelona. Inició su carrera investigadora en el campo de la bromatología estudiando el efecto de diferentes procesos tecnológicos sobre la estabilidad de los frutos secos (1991-92). La experiencia en análisis de alimentos le permitió participar en la compilación de datos de composición de alimentos para el análisis de la encuesta nutricional catalana 1992-93. Para profundizar en este campo realizó el curso de postgrado “FoodComp” en la Universidad de Wageningen, desarrollando posteriormente actividades como consultor científico independiente asesorando al estudio EPIC (1994-96) en la revisión y ampliación de su BDCA y a la empresa Novartis en la actualización de sus tablas de composición de alimentos (1996). En ese mismo año inició su carrera docente universitaria como profesor asociado en la Universidad de Barcelona (UB), pasando posteriormente a integrarse con la misma categoría al Centro de Estudios Superiores de Nutrición y Dietética (CESNID). En esta fundación continuó con sus trabajos en el campo de la compilación de BDCA continuando su colaboración con EPIC en el proyecto “Standardization of Nutrient Databases within the European Prospective Investigation into Cancer and Nutrition” e iniciando los trabajos para la compilación de una BDCA española para su uso en docencia y estudios epidemiológicos. Durante este periodo empezó a colaborar en estudios epidemiológicos aportando su experiencia en el tratamiento de datos nutricionales participando en la encuesta nutricional de Canarias (1997-1998), en la encuesta nutricional catalana (2002-03), en la encuesta de población infantil y juvenil del País Vasco (2003) y en el proyecto” Alimentación y valoración del estado nutricional en adolescentes (AVENA)”. La experiencia en proyectos internacionales de compilación de BDCA dio paso a su integración como investigador de la red de excelencia Europea EuroFIR (European food Information Resources) del VII PM y ello, a su vez, a impulsar dentro de España la creación de una red para el desarrollo de una BDCA española unificada (Red BDECA) en colaboración con otros investigadores. Con la integración de los estudios de Nutrición Humana del CESNID a la UB, su actividad científica se reorientó adquiriendo cada vez más importancia la línea de investigación sobre la interacción entre nutrición y actividad física participando entre 2009 y 2012 en dos proyectos competitivos dentro de esta línea, en uno de ellos como IP.</p>
<p>A lo largo de su trayectoria, ha participado en 18 proyectos de investigación competitivos (3 de ellos internacionales), 9 proyectos contractuales de investigación o transferencia. Ha formado parte del grupo de investigación consolidado “Calidad Tecnológica y Nutricional de los Lípidos” y ha sido IP del grupo emergente “Investigación en Nutrición Aplicada”. Es coautor de 14 artículos publicados en revistas internacionales indexadas y 12 artículos publicados en revistas españolas, 2 capítulos en libros de carácter internacional y 4 nacionales. También es coautor de 13 libros. Ha participado como asesor del “Plan de Reducción del Consumo de Sal” dentro de la estrategia NAOS y como miembro del Comité Científico de la asociación “5 al día”.</div></div></div><div class="dfd-spacer-module"  data-units="px" data-wide_resolution="1280" data-wide_size="80" data-normal_resolution="1024" data-normal_size="60" data-tablet_resolution="800" data-tablet_size="40" data-mobile_resolution="480" data-mobile_size="40" style="height: 80px;"></div>[/vc_column][/vc_row]</p>

<!-- This site is optimized with the Yoast SEO plugin v26.7 - https://yoast.com/wordpress/plugins/seo/ -->
<title>Andreu Farrán Codina - Academia Española de Nutrición y Dietética</title>
<meta name="robots" content="index, follow, max-snippet:-1, max-image-preview:large, max-video-preview:-1" />
<link rel="canonical" href="https://www.academianutricionydietetica.org/pro/la-academia/organos-de-gobierno/andreu-farran-codina/" />
<meta property="og:locale" content="es_ES" />
<meta property="og:type" content="article" />
<meta property="og:title" content="Andreu Farrán Codina - Academia Española de Nutrición y Dietética" />
<meta property="og:description" content="[vc_row dfd_row_responsive_enable=»dfd-row-responsive-enable» responsive_styles=»padding_left_mobile:20|padding_right_mobile:20&#8243;][vc_column][/vc_column][/vc_row]" />
<meta property="og:url" content="https://www.academianutricionydietetica.org/pro/la-academia/organos-de-gobierno/andreu-farran-codina/" />
<meta property="og:site_name" content="Academia Española de Nutrición y Dietética" />
<meta property="article:modified_time" content="2022-07-12T15:27:52+00:00" />
<meta name="twitter:card" content="summary_large_image" />
<meta name="twitter:label1" content="Tiempo de lectura" />
	<meta name="twitter:data1" content="3 minutos" />
<script type="application/ld+json" class="yoast-schema-graph">{"@context":"https://schema.org","@graph":[{"@type":"WebPage","@id":"https://www.academianutricionydietetica.org/pro/la-academia/organos-de-gobierno/andreu-farran-codina/","url":"https://www.academianutricionydietetica.org/pro/la-academia/organos-de-gobierno/andreu-farran-codina/","name":"Andreu Farrán Codina - Academia Española de Nutrición y Dietética","isPartOf":{"@id":"https://www.academianutricionydietetica.org/pro/#website"},"datePublished":"2019-06-13T09:05:01+00:00","dateModified":"2022-07-12T15:27:52+00:00","breadcrumb":{"@id":"https://www.academianutricionydietetica.org/pro/la-academia/organos-de-gobierno/andreu-farran-codina/#breadcrumb"},"inLanguage":"es","potentialAction":[{"@type":"ReadAction","target":["https://www.academianutricionydietetica.org/pro/la-academia/organos-de-gobierno/andreu-farran-codina/"]}]},{"@type":"BreadcrumbList","@id":"https://www.academianutricionydietetica.org/pro/la-academia/organos-de-gobierno/andreu-farran-codina/#breadcrumb","itemListElement":[{"@type":"ListItem","position":1,"name":"Inicio","item":"https://www.academianutricionydietetica.org/pro/"},{"@type":"ListItem","position":2,"name":"La academia","item":"https://www.academianutricionydietetica.org/pro/la-academia/"},{"@type":"ListItem","position":3,"name":"Órganos de Gobierno","item":"https://www.academianutricionydietetica.org/pro/la-academia/organos-de-gobierno/"},{"@type":"ListItem","position":4,"name":"Andreu Farrán Codina"}]},{"@type":"WebSite","@id":"https://www.academianutricionydietetica.org/pro/#website","url":"https://www.academianutricionydietetica.org/pro/","name":"Academia Española de Nutrición y Dietética","description":"Formación, noticias, jornadas y eventos","potentialAction":[{"@type":"SearchAction","target":{"@type":"EntryPoint","urlTemplate":"https://www.academianutricionydietetica.org/pro/?s={search_term_string}"},"query-input":{"@type":"PropertyValueSpecification","valueRequired":true,"valueName":"search_term_string"}}],"inLanguage":"es"}]}</script>
<!-- / Yoast SEO plugin. -->

Andreu Farrán Codina - Academia Española de Nutrición y Dietética

Academia Española de Nutrición y Dietética

Órganos de Gobierno

Formación, noticias, jornadas y eventos
