{"id":18702,"date":"2019-06-13T09:18:28","date_gmt":"2019-06-13T09:18:28","guid":{"rendered":"http:\/\/websites1234.com\/academia-nutricion\/?page_id=18702"},"modified":"2022-07-12T15:31:58","modified_gmt":"2022-07-12T15:31:58","slug":"alfredo-martinez-hernandez","status":"publish","type":"page","link":"https:\/\/www.academianutricionydietetica.org\/pro\/la-academia\/organos-de-gobierno\/alfredo-martinez-hernandez\/","title":{"rendered":"Alfredo Mart\u00ednez Hernandez"},"content":{"rendered":"<p>[vc_row dfd_row_responsive_enable=\u00bbdfd-row-responsive-enable\u00bb responsive_styles=\u00bbpadding_left_mobile:20|padding_right_mobile:20&#8243;][vc_column]<div class=\"dfd-spacer-module\"  data-units=\"px\" data-wide_resolution=\"1280\" data-wide_size=\"80\" data-normal_resolution=\"1024\" data-normal_size=\"60\" data-tablet_resolution=\"800\" data-tablet_size=\"40\" data-mobile_resolution=\"480\" data-mobile_size=\"40\" style=\"height: 80px;\"><\/div><div class=\"dfd-info-banner style-05 responsive-team-members text-center\" ><div class=\"image-cover \"><img loading=\"lazy\" decoding=\"async\" src=\"https:\/\/www.academianutricionydietetica.org\/pro\/uploads\/2019\/06\/38-150x150.jpg\" alt=\"Image\"  width=\"150\" height=\"150\" class=\"info-banner-image \" \/><\/div><div class=\"content-wrap\"><h2 class=\"info-box-title \" style=\"font-size: 22px; line-height: 26.4px; letter-spacing: 1px; \">Alfredo Mart\u00ednez Hernandez<\/h2><h3 class=\"info-box-subtitle widget-sub-title \" style=\"\">Miembros de honor y em\u00e9ritos<\/h3><div class=\"wrap-delimiter\"><div class=\"delimiter\" ><\/div><\/div><div class=\"description\" style=\"\">J. Alfredo Mart\u00ednez. Catedr\u00e1tico en Nutrici\u00f3n y Bromatolog\u00eda. Universidad de Navarra. Dept. Ciencias de la Alimentaci\u00f3n, Fisiolog\u00eda y Toxicolog\u00eda<\/p>\n<p>Grados<\/p>\n<p>Licenciado en Farmacia (1979)<\/p>\n<p>Doctor (1982)<\/p>\n<p>Registered Nutritionist (Londres, 1991)<\/p>\n<p>Licenciado en Medicina (2012)<\/p>\n<p>Responsabilidades Acad\u00e9micas<\/p>\n<p>Postdoctoral Fellow (Nottingham University) (1982-1984)<\/p>\n<p>Profesor Titular Universidad de Santiago (1986)<\/p>\n<p>Catedr\u00e1tico Universidad del Pa\u00eds Vasco (1990-1992)<\/p>\n<p>Catedr\u00e1tico de Nutrici\u00f3n Universidad de Navarra (1992-)<\/p>\n<p>Director de los Cursos a Distancia sobre Nutrici\u00f3n y Salud (1994-)<\/p>\n<p>Codirector del Instituto de Ciencias de la Alimentaci\u00f3n de la Universidad de Navarra (2003-2013)<\/p>\n<p>Director del Departamento de Fisiolog\u00eda y Nutrici\u00f3n (2003-2008)<\/p>\n<p>Director L\u00ednea Especial \u201cObesidad y Nutrici\u00f3n\u201d Universidad de Navarra (1998-2014).<\/p>\n<p>Director Cient\u00edfico Asociado del Centro INIA de Soria para la Calidad de los Alimentos (2008-)<\/p>\n<p>Director del Centro de Investigaci\u00f3n en Nutrici\u00f3n de la Universidad de Navarra (2013-)<\/p>\n<p>Cient\u00edfico invitado en: Harvard, Kings College, Oxford, Berkeley<\/p>\n<p>Cient\u00edfico Asociado a IMDEA Madrid (2016-)<\/p>\n<p>Miembro Comit\u00e9 Cient\u00edfico AECOSAN (2017-)<\/p>\n<p>Otras Actividades<\/p>\n<p>Presidente de la Sociedad Espa\u00f1ola de Nutrici\u00f3n (SEN) (1999-2001).<\/p>\n<p>Fellow of the American Society for Clinical Nutrition.<\/p>\n<p>Acad\u00e9mico correspondiente de la Real Academia de Farmacia (1997).<\/p>\n<p>Secretario de la Federaci\u00f3n Europea de Sociedades de Nutrici\u00f3n (2003-2007).<\/p>\n<p>Presidente de la Federaci\u00f3n Espa\u00f1ola de Sociedades de Nutrici\u00f3n, Alimentaci\u00f3n y Diet\u00e9tica (FESNAD) (2005-2010).<\/p>\n<p>Miembro del Council International Union of Nutritional Sciences (IUNS) (2005-), President elect (2013).<\/p>\n<p>Miembro del Comit\u00e9 Editorial de: Nutrition, European J. Nutrition, Annals of Nutrition and Metabolism, Nutrici\u00f3n y Obesidad, Nutritional Neuroscience, J. Physiology and Biochemistry, entre otras.<\/p>\n<p>Premios: Europa (1995), Consejo General (1999), CEPA (2000), DANONE (2002), Academia Iberoamericana de Farmacia (2005), Dupont (2011), Nestle (2015), Hip\u00f3crates (2016)<\/p>\n<p>Asesor de la Uni\u00f3n Europea sobre temas acad\u00e9micos y relacionados con la Nutrici\u00f3n, del Instituto Europeo de Ciencias de la Alimentaci\u00f3n (IEFS, Dubl\u00edn) y de la Funda\u00e7ao Portuguesa de Universidades. Miembro del comit\u00e9 Cient\u00edfico del ILSI para Europa (2004-2008).<\/p>\n<p>M\u00e1s de 600 publicaciones en el campo de la obesidad, encuestas nutricionales y salud p\u00fablica, valoraci\u00f3n del estado nutritivo y gen\u00f3mica nutricional.<\/p>\n<p>M\u00e1s de 200 comunicaciones en Congresos Nacionales e Internacionales.<\/p>\n<p>M\u00e1s de 50 cap\u00edtulos de libros.<\/p>\n<p>M\u00e1s de 100 intervenciones como ponente invitado en foros nacionales e internacionales.<\/p>\n<p>N\u00famero de citas (&gt; 18000) con un factor H de 58.<\/p>\n<p>Participante en 7 proyectos europeos.<\/div><\/div><\/div><div class=\"dfd-spacer-module\"  data-units=\"px\" data-wide_resolution=\"1280\" data-wide_size=\"80\" data-normal_resolution=\"1024\" data-normal_size=\"60\" data-tablet_resolution=\"800\" data-tablet_size=\"40\" data-mobile_resolution=\"480\" data-mobile_size=\"40\" style=\"height: 80px;\"><\/div>[\/vc_column][\/vc_row]<\/p>\n","protected":false},"excerpt":{"rendered":"<p>[vc_row dfd_row_responsive_enable=\u00bbdfd-row-responsive-enable\u00bb responsive_styles=\u00bbpadding_left_mobile:20|padding_right_mobile:20&#8243;][vc_column][\/vc_column][\/vc_row]<\/p>\n","protected":false},"author":4,"featured_media":0,"parent":16188,"menu_order":0,"comment_status":"closed","ping_status":"closed","template":"page-custom-with-header.php","meta":{"_acf_changed":false,"_monsterinsights_skip_tracking":false,"_monsterinsights_sitenote_active":false,"_monsterinsights_sitenote_note":"","_monsterinsights_sitenote_category":0,"footnotes":""},"class_list":["post-18702","page","type-page","status-publish","hentry"],"acf":[],"yoast_head":"<!-- This site is optimized with the Yoast SEO plugin v26.7 - https:\/\/yoast.com\/wordpress\/plugins\/seo\/ -->\n<title>Alfredo Mart\u00ednez Hernandez - Academia Espa\u00f1ola de Nutrici\u00f3n y Diet\u00e9tica<\/title>\n<meta name=\"robots\" content=\"index, follow, max-snippet:-1, max-image-preview:large, max-video-preview:-1\" \/>\n<link rel=\"canonical\" href=\"https:\/\/www.academianutricionydietetica.org\/pro\/la-academia\/organos-de-gobierno\/alfredo-martinez-hernandez\/\" \/>\n<meta property=\"og:locale\" content=\"es_ES\" \/>\n<meta property=\"og:type\" content=\"article\" \/>\n<meta property=\"og:title\" content=\"Alfredo Mart\u00ednez Hernandez - Academia Espa\u00f1ola de Nutrici\u00f3n y Diet\u00e9tica\" \/>\n<meta property=\"og:description\" content=\"[vc_row dfd_row_responsive_enable=\u00bbdfd-row-responsive-enable\u00bb responsive_styles=\u00bbpadding_left_mobile:20|padding_right_mobile:20&#8243;][vc_column][\/vc_column][\/vc_row]\" \/>\n<meta property=\"og:url\" content=\"https:\/\/www.academianutricionydietetica.org\/pro\/la-academia\/organos-de-gobierno\/alfredo-martinez-hernandez\/\" \/>\n<meta property=\"og:site_name\" content=\"Academia Espa\u00f1ola de Nutrici\u00f3n y Diet\u00e9tica\" \/>\n<meta property=\"article:modified_time\" content=\"2022-07-12T15:31:58+00:00\" \/>\n<meta name=\"twitter:card\" content=\"summary_large_image\" \/>\n<meta name=\"twitter:label1\" content=\"Tiempo de lectura\" \/>\n\t<meta name=\"twitter:data1\" content=\"3 minutos\" \/>\n<script type=\"application\/ld+json\" class=\"yoast-schema-graph\">{\"@context\":\"https:\/\/schema.org\",\"@graph\":[{\"@type\":\"WebPage\",\"@id\":\"https:\/\/www.academianutricionydietetica.org\/pro\/la-academia\/organos-de-gobierno\/alfredo-martinez-hernandez\/\",\"url\":\"https:\/\/www.academianutricionydietetica.org\/pro\/la-academia\/organos-de-gobierno\/alfredo-martinez-hernandez\/\",\"name\":\"Alfredo Mart\u00ednez Hernandez - Academia Espa\u00f1ola de Nutrici\u00f3n y Diet\u00e9tica\",\"isPartOf\":{\"@id\":\"https:\/\/www.academianutricionydietetica.org\/pro\/#website\"},\"datePublished\":\"2019-06-13T09:18:28+00:00\",\"dateModified\":\"2022-07-12T15:31:58+00:00\",\"breadcrumb\":{\"@id\":\"https:\/\/www.academianutricionydietetica.org\/pro\/la-academia\/organos-de-gobierno\/alfredo-martinez-hernandez\/#breadcrumb\"},\"inLanguage\":\"es\",\"potentialAction\":[{\"@type\":\"ReadAction\",\"target\":[\"https:\/\/www.academianutricionydietetica.org\/pro\/la-academia\/organos-de-gobierno\/alfredo-martinez-hernandez\/\"]}]},{\"@type\":\"BreadcrumbList\",\"@id\":\"https:\/\/www.academianutricionydietetica.org\/pro\/la-academia\/organos-de-gobierno\/alfredo-martinez-hernandez\/#breadcrumb\",\"itemListElement\":[{\"@type\":\"ListItem\",\"position\":1,\"name\":\"Inicio\",\"item\":\"https:\/\/www.academianutricionydietetica.org\/pro\/\"},{\"@type\":\"ListItem\",\"position\":2,\"name\":\"La academia\",\"item\":\"https:\/\/www.academianutricionydietetica.org\/pro\/la-academia\/\"},{\"@type\":\"ListItem\",\"position\":3,\"name\":\"\u00d3rganos de Gobierno\",\"item\":\"https:\/\/www.academianutricionydietetica.org\/pro\/la-academia\/organos-de-gobierno\/\"},{\"@type\":\"ListItem\",\"position\":4,\"name\":\"Alfredo Mart\u00ednez Hernandez\"}]},{\"@type\":\"WebSite\",\"@id\":\"https:\/\/www.academianutricionydietetica.org\/pro\/#website\",\"url\":\"https:\/\/www.academianutricionydietetica.org\/pro\/\",\"name\":\"Academia Espa\u00f1ola de Nutrici\u00f3n y Diet\u00e9tica\",\"description\":\"Formaci\u00f3n, noticias, jornadas y eventos\",\"potentialAction\":[{\"@type\":\"SearchAction\",\"target\":{\"@type\":\"EntryPoint\",\"urlTemplate\":\"https:\/\/www.academianutricionydietetica.org\/pro\/?s={search_term_string}\"},\"query-input\":{\"@type\":\"PropertyValueSpecification\",\"valueRequired\":true,\"valueName\":\"search_term_string\"}}],\"inLanguage\":\"es\"}]}<\/script>\n<!-- \/ Yoast SEO plugin. -->","yoast_head_json":{"title":"Alfredo Mart\u00ednez Hernandez - Academia Espa\u00f1ola de Nutrici\u00f3n y Diet\u00e9tica","robots":{"index":"index","follow":"follow","max-snippet":"max-snippet:-1","max-image-preview":"max-image-preview:large","max-video-preview":"max-video-preview:-1"},"canonical":"https:\/\/www.academianutricionydietetica.org\/pro\/la-academia\/organos-de-gobierno\/alfredo-martinez-hernandez\/","og_locale":"es_ES","og_type":"article","og_title":"Alfredo Mart\u00ednez Hernandez - Academia Espa\u00f1ola de Nutrici\u00f3n y Diet\u00e9tica","og_description":"[vc_row dfd_row_responsive_enable=\u00bbdfd-row-responsive-enable\u00bb responsive_styles=\u00bbpadding_left_mobile:20|padding_right_mobile:20&#8243;][vc_column][\/vc_column][\/vc_row]","og_url":"https:\/\/www.academianutricionydietetica.org\/pro\/la-academia\/organos-de-gobierno\/alfredo-martinez-hernandez\/","og_site_name":"Academia Espa\u00f1ola de Nutrici\u00f3n y Diet\u00e9tica","article_modified_time":"2022-07-12T15:31:58+00:00","twitter_card":"summary_large_image","twitter_misc":{"Tiempo de lectura":"3 minutos"},"schema":{"@context":"https:\/\/schema.org","@graph":[{"@type":"WebPage","@id":"https:\/\/www.academianutricionydietetica.org\/pro\/la-academia\/organos-de-gobierno\/alfredo-martinez-hernandez\/","url":"https:\/\/www.academianutricionydietetica.org\/pro\/la-academia\/organos-de-gobierno\/alfredo-martinez-hernandez\/","name":"Alfredo Mart\u00ednez Hernandez - Academia Espa\u00f1ola de Nutrici\u00f3n y Diet\u00e9tica","isPartOf":{"@id":"https:\/\/www.academianutricionydietetica.org\/pro\/#website"},"datePublished":"2019-06-13T09:18:28+00:00","dateModified":"2022-07-12T15:31:58+00:00","breadcrumb":{"@id":"https:\/\/www.academianutricionydietetica.org\/pro\/la-academia\/organos-de-gobierno\/alfredo-martinez-hernandez\/#breadcrumb"},"inLanguage":"es","potentialAction":[{"@type":"ReadAction","target":["https:\/\/www.academianutricionydietetica.org\/pro\/la-academia\/organos-de-gobierno\/alfredo-martinez-hernandez\/"]}]},{"@type":"BreadcrumbList","@id":"https:\/\/www.academianutricionydietetica.org\/pro\/la-academia\/organos-de-gobierno\/alfredo-martinez-hernandez\/#breadcrumb","itemListElement":[{"@type":"ListItem","position":1,"name":"Inicio","item":"https:\/\/www.academianutricionydietetica.org\/pro\/"},{"@type":"ListItem","position":2,"name":"La academia","item":"https:\/\/www.academianutricionydietetica.org\/pro\/la-academia\/"},{"@type":"ListItem","position":3,"name":"\u00d3rganos de Gobierno","item":"https:\/\/www.academianutricionydietetica.org\/pro\/la-academia\/organos-de-gobierno\/"},{"@type":"ListItem","position":4,"name":"Alfredo Mart\u00ednez Hernandez"}]},{"@type":"WebSite","@id":"https:\/\/www.academianutricionydietetica.org\/pro\/#website","url":"https:\/\/www.academianutricionydietetica.org\/pro\/","name":"Academia Espa\u00f1ola de Nutrici\u00f3n y Diet\u00e9tica","description":"Formaci\u00f3n, noticias, jornadas y eventos","potentialAction":[{"@type":"SearchAction","target":{"@type":"EntryPoint","urlTemplate":"https:\/\/www.academianutricionydietetica.org\/pro\/?s={search_term_string}"},"query-input":{"@type":"PropertyValueSpecification","valueRequired":true,"valueName":"search_term_string"}}],"inLanguage":"es"}]}},"_links":{"self":[{"href":"https:\/\/www.academianutricionydietetica.org\/pro\/wp-json\/wp\/v2\/pages\/18702","targetHints":{"allow":["GET"]}}],"collection":[{"href":"https:\/\/www.academianutricionydietetica.org\/pro\/wp-json\/wp\/v2\/pages"}],"about":[{"href":"https:\/\/www.academianutricionydietetica.org\/pro\/wp-json\/wp\/v2\/types\/page"}],"author":[{"embeddable":true,"href":"https:\/\/www.academianutricionydietetica.org\/pro\/wp-json\/wp\/v2\/users\/4"}],"replies":[{"embeddable":true,"href":"https:\/\/www.academianutricionydietetica.org\/pro\/wp-json\/wp\/v2\/comments?post=18702"}],"version-history":[{"count":3,"href":"https:\/\/www.academianutricionydietetica.org\/pro\/wp-json\/wp\/v2\/pages\/18702\/revisions"}],"predecessor-version":[{"id":19525,"href":"https:\/\/www.academianutricionydietetica.org\/pro\/wp-json\/wp\/v2\/pages\/18702\/revisions\/19525"}],"up":[{"embeddable":true,"href":"https:\/\/www.academianutricionydietetica.org\/pro\/wp-json\/wp\/v2\/pages\/16188"}],"wp:attachment":[{"href":"https:\/\/www.academianutricionydietetica.org\/pro\/wp-json\/wp\/v2\/media?parent=18702"}],"curies":[{"name":"wp","href":"https:\/\/api.w.org\/{rel}","templated":true}]}}

Alfredo Martínez Hernandez

<p>[vc_row dfd_row_responsive_enable=»dfd-row-responsive-enable» responsive_styles=»padding_left_mobile:20|padding_right_mobile:20&#8243;][vc_column]<div class="dfd-spacer-module"  data-units="px" data-wide_resolution="1280" data-wide_size="80" data-normal_resolution="1024" data-normal_size="60" data-tablet_resolution="800" data-tablet_size="40" data-mobile_resolution="480" data-mobile_size="40" style="height: 80px;"></div><div class="dfd-info-banner style-05 responsive-team-members text-center" ><div class="image-cover "><img loading="lazy" decoding="async" src="https://www.academianutricionydietetica.org/pro/uploads/2019/06/38-150x150.jpg" alt="Image"  width="150" height="150" class="info-banner-image " /></div><div class="content-wrap"><h2 class="info-box-title " style="font-size: 22px; line-height: 26.4px; letter-spacing: 1px; ">Alfredo Martínez Hernandez</h2><h3 class="info-box-subtitle widget-sub-title " style="">Miembros de honor y eméritos</h3><div class="wrap-delimiter"><div class="delimiter" ></div></div><div class="description" style="">J. Alfredo Martínez. Catedrático en Nutrición y Bromatología. Universidad de Navarra. Dept. Ciencias de la Alimentación, Fisiología y Toxicología</p>
<p>Grados</p>
<p>Licenciado en Farmacia (1979)</p>
<p>Doctor (1982)</p>
<p>Registered Nutritionist (Londres, 1991)</p>
<p>Licenciado en Medicina (2012)</p>
<p>Responsabilidades Académicas</p>
<p>Postdoctoral Fellow (Nottingham University) (1982-1984)</p>
<p>Profesor Titular Universidad de Santiago (1986)</p>
<p>Catedrático Universidad del País Vasco (1990-1992)</p>
<p>Catedrático de Nutrición Universidad de Navarra (1992-)</p>
<p>Director de los Cursos a Distancia sobre Nutrición y Salud (1994-)</p>
<p>Codirector del Instituto de Ciencias de la Alimentación de la Universidad de Navarra (2003-2013)</p>
<p>Director del Departamento de Fisiología y Nutrición (2003-2008)</p>
<p>Director Línea Especial “Obesidad y Nutrición” Universidad de Navarra (1998-2014).</p>
<p>Director Científico Asociado del Centro INIA de Soria para la Calidad de los Alimentos (2008-)</p>
<p>Director del Centro de Investigación en Nutrición de la Universidad de Navarra (2013-)</p>
<p>Científico invitado en: Harvard, Kings College, Oxford, Berkeley</p>
<p>Científico Asociado a IMDEA Madrid (2016-)</p>
<p>Miembro Comité Científico AECOSAN (2017-)</p>
<p>Otras Actividades</p>
<p>Presidente de la Sociedad Española de Nutrición (SEN) (1999-2001).</p>
<p>Fellow of the American Society for Clinical Nutrition.</p>
<p>Académico correspondiente de la Real Academia de Farmacia (1997).</p>
<p>Secretario de la Federación Europea de Sociedades de Nutrición (2003-2007).</p>
<p>Presidente de la Federación Española de Sociedades de Nutrición, Alimentación y Dietética (FESNAD) (2005-2010).</p>
<p>Miembro del Council International Union of Nutritional Sciences (IUNS) (2005-), President elect (2013).</p>
<p>Miembro del Comité Editorial de: Nutrition, European J. Nutrition, Annals of Nutrition and Metabolism, Nutrición y Obesidad, Nutritional Neuroscience, J. Physiology and Biochemistry, entre otras.</p>
<p>Premios: Europa (1995), Consejo General (1999), CEPA (2000), DANONE (2002), Academia Iberoamericana de Farmacia (2005), Dupont (2011), Nestle (2015), Hipócrates (2016)</p>
<p>Asesor de la Unión Europea sobre temas académicos y relacionados con la Nutrición, del Instituto Europeo de Ciencias de la Alimentación (IEFS, Dublín) y de la Fundaçao Portuguesa de Universidades. Miembro del comité Científico del ILSI para Europa (2004-2008).</p>
<p>Más de 600 publicaciones en el campo de la obesidad, encuestas nutricionales y salud pública, valoración del estado nutritivo y genómica nutricional.</p>
<p>Más de 200 comunicaciones en Congresos Nacionales e Internacionales.</p>
<p>Más de 50 capítulos de libros.</p>
<p>Más de 100 intervenciones como ponente invitado en foros nacionales e internacionales.</p>
<p>Número de citas (&gt; 18000) con un factor H de 58.</p>
<p>Participante en 7 proyectos europeos.</div></div></div><div class="dfd-spacer-module"  data-units="px" data-wide_resolution="1280" data-wide_size="80" data-normal_resolution="1024" data-normal_size="60" data-tablet_resolution="800" data-tablet_size="40" data-mobile_resolution="480" data-mobile_size="40" style="height: 80px;"></div>[/vc_column][/vc_row]</p>

<!-- This site is optimized with the Yoast SEO plugin v26.7 - https://yoast.com/wordpress/plugins/seo/ -->
<title>Alfredo Martínez Hernandez - Academia Española de Nutrición y Dietética</title>
<meta name="robots" content="index, follow, max-snippet:-1, max-image-preview:large, max-video-preview:-1" />
<link rel="canonical" href="https://www.academianutricionydietetica.org/pro/la-academia/organos-de-gobierno/alfredo-martinez-hernandez/" />
<meta property="og:locale" content="es_ES" />
<meta property="og:type" content="article" />
<meta property="og:title" content="Alfredo Martínez Hernandez - Academia Española de Nutrición y Dietética" />
<meta property="og:description" content="[vc_row dfd_row_responsive_enable=»dfd-row-responsive-enable» responsive_styles=»padding_left_mobile:20|padding_right_mobile:20&#8243;][vc_column][/vc_column][/vc_row]" />
<meta property="og:url" content="https://www.academianutricionydietetica.org/pro/la-academia/organos-de-gobierno/alfredo-martinez-hernandez/" />
<meta property="og:site_name" content="Academia Española de Nutrición y Dietética" />
<meta property="article:modified_time" content="2022-07-12T15:31:58+00:00" />
<meta name="twitter:card" content="summary_large_image" />
<meta name="twitter:label1" content="Tiempo de lectura" />
	<meta name="twitter:data1" content="3 minutos" />
<script type="application/ld+json" class="yoast-schema-graph">{"@context":"https://schema.org","@graph":[{"@type":"WebPage","@id":"https://www.academianutricionydietetica.org/pro/la-academia/organos-de-gobierno/alfredo-martinez-hernandez/","url":"https://www.academianutricionydietetica.org/pro/la-academia/organos-de-gobierno/alfredo-martinez-hernandez/","name":"Alfredo Martínez Hernandez - Academia Española de Nutrición y Dietética","isPartOf":{"@id":"https://www.academianutricionydietetica.org/pro/#website"},"datePublished":"2019-06-13T09:18:28+00:00","dateModified":"2022-07-12T15:31:58+00:00","breadcrumb":{"@id":"https://www.academianutricionydietetica.org/pro/la-academia/organos-de-gobierno/alfredo-martinez-hernandez/#breadcrumb"},"inLanguage":"es","potentialAction":[{"@type":"ReadAction","target":["https://www.academianutricionydietetica.org/pro/la-academia/organos-de-gobierno/alfredo-martinez-hernandez/"]}]},{"@type":"BreadcrumbList","@id":"https://www.academianutricionydietetica.org/pro/la-academia/organos-de-gobierno/alfredo-martinez-hernandez/#breadcrumb","itemListElement":[{"@type":"ListItem","position":1,"name":"Inicio","item":"https://www.academianutricionydietetica.org/pro/"},{"@type":"ListItem","position":2,"name":"La academia","item":"https://www.academianutricionydietetica.org/pro/la-academia/"},{"@type":"ListItem","position":3,"name":"Órganos de Gobierno","item":"https://www.academianutricionydietetica.org/pro/la-academia/organos-de-gobierno/"},{"@type":"ListItem","position":4,"name":"Alfredo Martínez Hernandez"}]},{"@type":"WebSite","@id":"https://www.academianutricionydietetica.org/pro/#website","url":"https://www.academianutricionydietetica.org/pro/","name":"Academia Española de Nutrición y Dietética","description":"Formación, noticias, jornadas y eventos","potentialAction":[{"@type":"SearchAction","target":{"@type":"EntryPoint","urlTemplate":"https://www.academianutricionydietetica.org/pro/?s={search_term_string}"},"query-input":{"@type":"PropertyValueSpecification","valueRequired":true,"valueName":"search_term_string"}}],"inLanguage":"es"}]}</script>
<!-- / Yoast SEO plugin. -->

Alfredo Martínez Hernandez - Academia Española de Nutrición y Dietética

Academia Española de Nutrición y Dietética

Órganos de Gobierno

Formación, noticias, jornadas y eventos
