{"id":18727,"date":"2019-06-13T09:37:37","date_gmt":"2019-06-13T09:37:37","guid":{"rendered":"http:\/\/websites1234.com\/academia-nutricion\/?page_id=18727"},"modified":"2022-07-12T15:35:32","modified_gmt":"2022-07-12T15:35:32","slug":"merce-planas-vila","status":"publish","type":"page","link":"https:\/\/www.academianutricionydietetica.org\/pro\/la-academia\/organos-de-gobierno\/merce-planas-vila\/","title":{"rendered":"Merc\u00e9 Planas Vila"},"content":{"rendered":"<p>[vc_row dfd_row_responsive_enable=\u00bbdfd-row-responsive-enable\u00bb responsive_styles=\u00bbpadding_left_mobile:20|padding_right_mobile:20&#8243;][vc_column]<div class=\"dfd-spacer-module\"  data-units=\"px\" data-wide_resolution=\"1280\" data-wide_size=\"80\" data-normal_resolution=\"1024\" data-normal_size=\"60\" data-tablet_resolution=\"800\" data-tablet_size=\"40\" data-mobile_resolution=\"480\" data-mobile_size=\"40\" style=\"height: 80px;\"><\/div><div class=\"dfd-info-banner style-05 responsive-team-members text-center\" ><div class=\"image-cover \"><img loading=\"lazy\" decoding=\"async\" src=\"https:\/\/www.academianutricionydietetica.org\/pro\/uploads\/2019\/06\/31-150x150.jpg\" alt=\"Image\"  width=\"150\" height=\"150\" class=\"info-banner-image \" \/><\/div><div class=\"content-wrap\"><h2 class=\"info-box-title \" style=\"font-size: 22px; line-height: 26.4px; letter-spacing: 1px; \">Merc\u00e9 Planas Vila<\/h2><h3 class=\"info-box-subtitle widget-sub-title \" style=\"\">Miembros de honor y em\u00e9ritos<\/h3><div class=\"wrap-delimiter\"><div class=\"delimiter\" ><\/div><\/div><div class=\"description\" style=\"\">ACAD\u00c9MICA EM\u00c9RITA<\/p>\n<p>MERCEDES PLANAS VILA, nacida en 1944, casada, 2 hijos y 4 nietos. Licenciado en Medicina y Cirug\u00eda por la Universidad de Barcelona en 1968, Doctor en Medicina y Cirug\u00eda por la Universidad Aut\u00f3noma de Barcelona en 1991.<\/p>\n<p>Especialista en Medicina Interna y Medicina Intensiva.<\/p>\n<p>Laboral:<\/p>\n<p>De 1968 a 1970 residencia en Medicina Interna en Hospital Municipal de Barcelona.<\/p>\n<p>De 1970 a 1974 residencia en Medicina Intensiva en Hospital de Bellvitge.<\/p>\n<p>De 1974 a 1992 m\u00e9dico adjunto y posteriormente jefe cl\u00ednico de Medicina Intensiva del Hospital Vall d\u2019Hebron de Barcelona.<\/p>\n<p>De 1993 a 2009, jefe de la Unidad de Soporte Nutricional del Hospital Universitario Vall d\u2019Hebron, Barcelona.<\/p>\n<p>Docencia:<\/p>\n<p>De 2000 a 2013, profesora colaboradora de la Facultat de Ci\u00e8ncies de la Salut de la Universitat de Vic, Barcelona. Responsable de Fisiopatolog\u00eda y Nutrici\u00f3n Parenteral y Enteral en la Diplomatura de Nutrici\u00f3n y Diet\u00e9tica.<\/p>\n<p>Formaci\u00f3n Postgrado:<\/p>\n<p>En 1980-1981, visitante cient\u00edfica del Veterans Administration Hospital, San Diego, USA.<\/p>\n<p>De Junio a Diciembre de 1992, visitante cient\u00edfica en Nutrici\u00f3n (Dr. Askanazi) en Mount Sinai Hospital, New York, USA.<\/p>\n<p>Sociedades cient\u00edficas:<\/p>\n<p>Desde 2002 a 2013, coordinadora del Comit\u00e9 Cient\u00edfico y Vicepresidente de la Sociedad Espa\u00f1ola de Nutrici\u00f3n Parenteral y Enteral (SENPE).<\/p>\n<p>De 2004 a 2012 miembro del Council y de 2011 y 2012 miembro del Executive Committee de la European Society for Clinical Nutritional and Metabolism (ESPEN).<\/p>\n<p>De 2004 a 2009 Coordinadora del Comit\u00e9 Cient\u00edfico de la secci\u00f3n Ibero Americana de la American Society of Parenteral and Enteral Nutrition (ASPEN).<\/p>\n<p>Autora , co-autora, o editora de m\u00e1s de 100 art\u00edculos, cap\u00edtulos de libros y libros.<\/p>\n<p>\u00c1reas de mayor inter\u00e9s: Nutrici\u00f3n cl\u00ednica. Desnutrici\u00f3n relacionada con la enfermedad. \u00c9tica en nutrici\u00f3n artificial. Nutrici\u00f3n artificial. Emulsiones lip\u00eddicas en nutrici\u00f3n parenteral. Nutrici\u00f3n artificial domiciliaria. Nutrici\u00f3n en geriatr\u00eda, en c\u00e1ncer y en neurolog\u00eda.<\/p>\n<p>Idiomas: catal\u00e1n, espa\u00f1ol, ingl\u00e9s, franc\u00e9s.<\/div><\/div><\/div><div class=\"dfd-spacer-module\"  data-units=\"px\" data-wide_resolution=\"1280\" data-wide_size=\"80\" data-normal_resolution=\"1024\" data-normal_size=\"60\" data-tablet_resolution=\"800\" data-tablet_size=\"40\" data-mobile_resolution=\"480\" data-mobile_size=\"40\" style=\"height: 80px;\"><\/div>[\/vc_column][\/vc_row]<\/p>\n","protected":false},"excerpt":{"rendered":"<p>[vc_row dfd_row_responsive_enable=\u00bbdfd-row-responsive-enable\u00bb responsive_styles=\u00bbpadding_left_mobile:20|padding_right_mobile:20&#8243;][vc_column][\/vc_column][\/vc_row]<\/p>\n","protected":false},"author":4,"featured_media":0,"parent":16188,"menu_order":0,"comment_status":"closed","ping_status":"closed","template":"page-custom-with-header.php","meta":{"_acf_changed":false,"_monsterinsights_skip_tracking":false,"_monsterinsights_sitenote_active":false,"_monsterinsights_sitenote_note":"","_monsterinsights_sitenote_category":0,"footnotes":""},"class_list":["post-18727","page","type-page","status-publish","hentry"],"acf":[],"yoast_head":"<!-- This site is optimized with the Yoast SEO plugin v26.7 - https:\/\/yoast.com\/wordpress\/plugins\/seo\/ -->\n<title>Merc\u00e9 Planas Vila - Academia Espa\u00f1ola de Nutrici\u00f3n y Diet\u00e9tica<\/title>\n<meta name=\"robots\" content=\"index, follow, max-snippet:-1, max-image-preview:large, max-video-preview:-1\" \/>\n<link rel=\"canonical\" href=\"https:\/\/www.academianutricionydietetica.org\/pro\/la-academia\/organos-de-gobierno\/merce-planas-vila\/\" \/>\n<meta property=\"og:locale\" content=\"es_ES\" \/>\n<meta property=\"og:type\" content=\"article\" \/>\n<meta property=\"og:title\" content=\"Merc\u00e9 Planas Vila - Academia Espa\u00f1ola de Nutrici\u00f3n y Diet\u00e9tica\" \/>\n<meta property=\"og:description\" content=\"[vc_row dfd_row_responsive_enable=\u00bbdfd-row-responsive-enable\u00bb responsive_styles=\u00bbpadding_left_mobile:20|padding_right_mobile:20&#8243;][vc_column][\/vc_column][\/vc_row]\" \/>\n<meta property=\"og:url\" content=\"https:\/\/www.academianutricionydietetica.org\/pro\/la-academia\/organos-de-gobierno\/merce-planas-vila\/\" \/>\n<meta property=\"og:site_name\" content=\"Academia Espa\u00f1ola de Nutrici\u00f3n y Diet\u00e9tica\" \/>\n<meta property=\"article:modified_time\" content=\"2022-07-12T15:35:32+00:00\" \/>\n<meta name=\"twitter:card\" content=\"summary_large_image\" \/>\n<meta name=\"twitter:label1\" content=\"Tiempo de lectura\" \/>\n\t<meta name=\"twitter:data1\" content=\"2 minutos\" \/>\n<script type=\"application\/ld+json\" class=\"yoast-schema-graph\">{\"@context\":\"https:\/\/schema.org\",\"@graph\":[{\"@type\":\"WebPage\",\"@id\":\"https:\/\/www.academianutricionydietetica.org\/pro\/la-academia\/organos-de-gobierno\/merce-planas-vila\/\",\"url\":\"https:\/\/www.academianutricionydietetica.org\/pro\/la-academia\/organos-de-gobierno\/merce-planas-vila\/\",\"name\":\"Merc\u00e9 Planas Vila - Academia Espa\u00f1ola de Nutrici\u00f3n y Diet\u00e9tica\",\"isPartOf\":{\"@id\":\"https:\/\/www.academianutricionydietetica.org\/pro\/#website\"},\"datePublished\":\"2019-06-13T09:37:37+00:00\",\"dateModified\":\"2022-07-12T15:35:32+00:00\",\"breadcrumb\":{\"@id\":\"https:\/\/www.academianutricionydietetica.org\/pro\/la-academia\/organos-de-gobierno\/merce-planas-vila\/#breadcrumb\"},\"inLanguage\":\"es\",\"potentialAction\":[{\"@type\":\"ReadAction\",\"target\":[\"https:\/\/www.academianutricionydietetica.org\/pro\/la-academia\/organos-de-gobierno\/merce-planas-vila\/\"]}]},{\"@type\":\"BreadcrumbList\",\"@id\":\"https:\/\/www.academianutricionydietetica.org\/pro\/la-academia\/organos-de-gobierno\/merce-planas-vila\/#breadcrumb\",\"itemListElement\":[{\"@type\":\"ListItem\",\"position\":1,\"name\":\"Inicio\",\"item\":\"https:\/\/www.academianutricionydietetica.org\/pro\/\"},{\"@type\":\"ListItem\",\"position\":2,\"name\":\"La academia\",\"item\":\"https:\/\/www.academianutricionydietetica.org\/pro\/la-academia\/\"},{\"@type\":\"ListItem\",\"position\":3,\"name\":\"\u00d3rganos de Gobierno\",\"item\":\"https:\/\/www.academianutricionydietetica.org\/pro\/la-academia\/organos-de-gobierno\/\"},{\"@type\":\"ListItem\",\"position\":4,\"name\":\"Merc\u00e9 Planas Vila\"}]},{\"@type\":\"WebSite\",\"@id\":\"https:\/\/www.academianutricionydietetica.org\/pro\/#website\",\"url\":\"https:\/\/www.academianutricionydietetica.org\/pro\/\",\"name\":\"Academia Espa\u00f1ola de Nutrici\u00f3n y Diet\u00e9tica\",\"description\":\"Formaci\u00f3n, noticias, jornadas y eventos\",\"potentialAction\":[{\"@type\":\"SearchAction\",\"target\":{\"@type\":\"EntryPoint\",\"urlTemplate\":\"https:\/\/www.academianutricionydietetica.org\/pro\/?s={search_term_string}\"},\"query-input\":{\"@type\":\"PropertyValueSpecification\",\"valueRequired\":true,\"valueName\":\"search_term_string\"}}],\"inLanguage\":\"es\"}]}<\/script>\n<!-- \/ Yoast SEO plugin. -->","yoast_head_json":{"title":"Merc\u00e9 Planas Vila - Academia Espa\u00f1ola de Nutrici\u00f3n y Diet\u00e9tica","robots":{"index":"index","follow":"follow","max-snippet":"max-snippet:-1","max-image-preview":"max-image-preview:large","max-video-preview":"max-video-preview:-1"},"canonical":"https:\/\/www.academianutricionydietetica.org\/pro\/la-academia\/organos-de-gobierno\/merce-planas-vila\/","og_locale":"es_ES","og_type":"article","og_title":"Merc\u00e9 Planas Vila - Academia Espa\u00f1ola de Nutrici\u00f3n y Diet\u00e9tica","og_description":"[vc_row dfd_row_responsive_enable=\u00bbdfd-row-responsive-enable\u00bb responsive_styles=\u00bbpadding_left_mobile:20|padding_right_mobile:20&#8243;][vc_column][\/vc_column][\/vc_row]","og_url":"https:\/\/www.academianutricionydietetica.org\/pro\/la-academia\/organos-de-gobierno\/merce-planas-vila\/","og_site_name":"Academia Espa\u00f1ola de Nutrici\u00f3n y Diet\u00e9tica","article_modified_time":"2022-07-12T15:35:32+00:00","twitter_card":"summary_large_image","twitter_misc":{"Tiempo de lectura":"2 minutos"},"schema":{"@context":"https:\/\/schema.org","@graph":[{"@type":"WebPage","@id":"https:\/\/www.academianutricionydietetica.org\/pro\/la-academia\/organos-de-gobierno\/merce-planas-vila\/","url":"https:\/\/www.academianutricionydietetica.org\/pro\/la-academia\/organos-de-gobierno\/merce-planas-vila\/","name":"Merc\u00e9 Planas Vila - Academia Espa\u00f1ola de Nutrici\u00f3n y Diet\u00e9tica","isPartOf":{"@id":"https:\/\/www.academianutricionydietetica.org\/pro\/#website"},"datePublished":"2019-06-13T09:37:37+00:00","dateModified":"2022-07-12T15:35:32+00:00","breadcrumb":{"@id":"https:\/\/www.academianutricionydietetica.org\/pro\/la-academia\/organos-de-gobierno\/merce-planas-vila\/#breadcrumb"},"inLanguage":"es","potentialAction":[{"@type":"ReadAction","target":["https:\/\/www.academianutricionydietetica.org\/pro\/la-academia\/organos-de-gobierno\/merce-planas-vila\/"]}]},{"@type":"BreadcrumbList","@id":"https:\/\/www.academianutricionydietetica.org\/pro\/la-academia\/organos-de-gobierno\/merce-planas-vila\/#breadcrumb","itemListElement":[{"@type":"ListItem","position":1,"name":"Inicio","item":"https:\/\/www.academianutricionydietetica.org\/pro\/"},{"@type":"ListItem","position":2,"name":"La academia","item":"https:\/\/www.academianutricionydietetica.org\/pro\/la-academia\/"},{"@type":"ListItem","position":3,"name":"\u00d3rganos de Gobierno","item":"https:\/\/www.academianutricionydietetica.org\/pro\/la-academia\/organos-de-gobierno\/"},{"@type":"ListItem","position":4,"name":"Merc\u00e9 Planas Vila"}]},{"@type":"WebSite","@id":"https:\/\/www.academianutricionydietetica.org\/pro\/#website","url":"https:\/\/www.academianutricionydietetica.org\/pro\/","name":"Academia Espa\u00f1ola de Nutrici\u00f3n y Diet\u00e9tica","description":"Formaci\u00f3n, noticias, jornadas y eventos","potentialAction":[{"@type":"SearchAction","target":{"@type":"EntryPoint","urlTemplate":"https:\/\/www.academianutricionydietetica.org\/pro\/?s={search_term_string}"},"query-input":{"@type":"PropertyValueSpecification","valueRequired":true,"valueName":"search_term_string"}}],"inLanguage":"es"}]}},"_links":{"self":[{"href":"https:\/\/www.academianutricionydietetica.org\/pro\/wp-json\/wp\/v2\/pages\/18727","targetHints":{"allow":["GET"]}}],"collection":[{"href":"https:\/\/www.academianutricionydietetica.org\/pro\/wp-json\/wp\/v2\/pages"}],"about":[{"href":"https:\/\/www.academianutricionydietetica.org\/pro\/wp-json\/wp\/v2\/types\/page"}],"author":[{"embeddable":true,"href":"https:\/\/www.academianutricionydietetica.org\/pro\/wp-json\/wp\/v2\/users\/4"}],"replies":[{"embeddable":true,"href":"https:\/\/www.academianutricionydietetica.org\/pro\/wp-json\/wp\/v2\/comments?post=18727"}],"version-history":[{"count":3,"href":"https:\/\/www.academianutricionydietetica.org\/pro\/wp-json\/wp\/v2\/pages\/18727\/revisions"}],"predecessor-version":[{"id":19534,"href":"https:\/\/www.academianutricionydietetica.org\/pro\/wp-json\/wp\/v2\/pages\/18727\/revisions\/19534"}],"up":[{"embeddable":true,"href":"https:\/\/www.academianutricionydietetica.org\/pro\/wp-json\/wp\/v2\/pages\/16188"}],"wp:attachment":[{"href":"https:\/\/www.academianutricionydietetica.org\/pro\/wp-json\/wp\/v2\/media?parent=18727"}],"curies":[{"name":"wp","href":"https:\/\/api.w.org\/{rel}","templated":true}]}}

Mercé Planas Vila

<p>[vc_row dfd_row_responsive_enable=»dfd-row-responsive-enable» responsive_styles=»padding_left_mobile:20|padding_right_mobile:20&#8243;][vc_column]<div class="dfd-spacer-module"  data-units="px" data-wide_resolution="1280" data-wide_size="80" data-normal_resolution="1024" data-normal_size="60" data-tablet_resolution="800" data-tablet_size="40" data-mobile_resolution="480" data-mobile_size="40" style="height: 80px;"></div><div class="dfd-info-banner style-05 responsive-team-members text-center" ><div class="image-cover "><img loading="lazy" decoding="async" src="https://www.academianutricionydietetica.org/pro/uploads/2019/06/31-150x150.jpg" alt="Image"  width="150" height="150" class="info-banner-image " /></div><div class="content-wrap"><h2 class="info-box-title " style="font-size: 22px; line-height: 26.4px; letter-spacing: 1px; ">Mercé Planas Vila</h2><h3 class="info-box-subtitle widget-sub-title " style="">Miembros de honor y eméritos</h3><div class="wrap-delimiter"><div class="delimiter" ></div></div><div class="description" style="">ACADÉMICA EMÉRITA</p>
<p>MERCEDES PLANAS VILA, nacida en 1944, casada, 2 hijos y 4 nietos. Licenciado en Medicina y Cirugía por la Universidad de Barcelona en 1968, Doctor en Medicina y Cirugía por la Universidad Autónoma de Barcelona en 1991.</p>
<p>Especialista en Medicina Interna y Medicina Intensiva.</p>
<p>Laboral:</p>
<p>De 1968 a 1970 residencia en Medicina Interna en Hospital Municipal de Barcelona.</p>
<p>De 1970 a 1974 residencia en Medicina Intensiva en Hospital de Bellvitge.</p>
<p>De 1974 a 1992 médico adjunto y posteriormente jefe clínico de Medicina Intensiva del Hospital Vall d’Hebron de Barcelona.</p>
<p>De 1993 a 2009, jefe de la Unidad de Soporte Nutricional del Hospital Universitario Vall d’Hebron, Barcelona.</p>
<p>Docencia:</p>
<p>De 2000 a 2013, profesora colaboradora de la Facultat de Ciències de la Salut de la Universitat de Vic, Barcelona. Responsable de Fisiopatología y Nutrición Parenteral y Enteral en la Diplomatura de Nutrición y Dietética.</p>
<p>Formación Postgrado:</p>
<p>En 1980-1981, visitante científica del Veterans Administration Hospital, San Diego, USA.</p>
<p>De Junio a Diciembre de 1992, visitante científica en Nutrición (Dr. Askanazi) en Mount Sinai Hospital, New York, USA.</p>
<p>Sociedades científicas:</p>
<p>Desde 2002 a 2013, coordinadora del Comité Científico y Vicepresidente de la Sociedad Española de Nutrición Parenteral y Enteral (SENPE).</p>
<p>De 2004 a 2012 miembro del Council y de 2011 y 2012 miembro del Executive Committee de la European Society for Clinical Nutritional and Metabolism (ESPEN).</p>
<p>De 2004 a 2009 Coordinadora del Comité Científico de la sección Ibero Americana de la American Society of Parenteral and Enteral Nutrition (ASPEN).</p>
<p>Autora , co-autora, o editora de más de 100 artículos, capítulos de libros y libros.</p>
<p>Áreas de mayor interés: Nutrición clínica. Desnutrición relacionada con la enfermedad. Ética en nutrición artificial. Nutrición artificial. Emulsiones lipídicas en nutrición parenteral. Nutrición artificial domiciliaria. Nutrición en geriatría, en cáncer y en neurología.</p>
<p>Idiomas: catalán, español, inglés, francés.</div></div></div><div class="dfd-spacer-module"  data-units="px" data-wide_resolution="1280" data-wide_size="80" data-normal_resolution="1024" data-normal_size="60" data-tablet_resolution="800" data-tablet_size="40" data-mobile_resolution="480" data-mobile_size="40" style="height: 80px;"></div>[/vc_column][/vc_row]</p>

<!-- This site is optimized with the Yoast SEO plugin v26.7 - https://yoast.com/wordpress/plugins/seo/ -->
<title>Mercé Planas Vila - Academia Española de Nutrición y Dietética</title>
<meta name="robots" content="index, follow, max-snippet:-1, max-image-preview:large, max-video-preview:-1" />
<link rel="canonical" href="https://www.academianutricionydietetica.org/pro/la-academia/organos-de-gobierno/merce-planas-vila/" />
<meta property="og:locale" content="es_ES" />
<meta property="og:type" content="article" />
<meta property="og:title" content="Mercé Planas Vila - Academia Española de Nutrición y Dietética" />
<meta property="og:description" content="[vc_row dfd_row_responsive_enable=»dfd-row-responsive-enable» responsive_styles=»padding_left_mobile:20|padding_right_mobile:20&#8243;][vc_column][/vc_column][/vc_row]" />
<meta property="og:url" content="https://www.academianutricionydietetica.org/pro/la-academia/organos-de-gobierno/merce-planas-vila/" />
<meta property="og:site_name" content="Academia Española de Nutrición y Dietética" />
<meta property="article:modified_time" content="2022-07-12T15:35:32+00:00" />
<meta name="twitter:card" content="summary_large_image" />
<meta name="twitter:label1" content="Tiempo de lectura" />
	<meta name="twitter:data1" content="2 minutos" />
<script type="application/ld+json" class="yoast-schema-graph">{"@context":"https://schema.org","@graph":[{"@type":"WebPage","@id":"https://www.academianutricionydietetica.org/pro/la-academia/organos-de-gobierno/merce-planas-vila/","url":"https://www.academianutricionydietetica.org/pro/la-academia/organos-de-gobierno/merce-planas-vila/","name":"Mercé Planas Vila - Academia Española de Nutrición y Dietética","isPartOf":{"@id":"https://www.academianutricionydietetica.org/pro/#website"},"datePublished":"2019-06-13T09:37:37+00:00","dateModified":"2022-07-12T15:35:32+00:00","breadcrumb":{"@id":"https://www.academianutricionydietetica.org/pro/la-academia/organos-de-gobierno/merce-planas-vila/#breadcrumb"},"inLanguage":"es","potentialAction":[{"@type":"ReadAction","target":["https://www.academianutricionydietetica.org/pro/la-academia/organos-de-gobierno/merce-planas-vila/"]}]},{"@type":"BreadcrumbList","@id":"https://www.academianutricionydietetica.org/pro/la-academia/organos-de-gobierno/merce-planas-vila/#breadcrumb","itemListElement":[{"@type":"ListItem","position":1,"name":"Inicio","item":"https://www.academianutricionydietetica.org/pro/"},{"@type":"ListItem","position":2,"name":"La academia","item":"https://www.academianutricionydietetica.org/pro/la-academia/"},{"@type":"ListItem","position":3,"name":"Órganos de Gobierno","item":"https://www.academianutricionydietetica.org/pro/la-academia/organos-de-gobierno/"},{"@type":"ListItem","position":4,"name":"Mercé Planas Vila"}]},{"@type":"WebSite","@id":"https://www.academianutricionydietetica.org/pro/#website","url":"https://www.academianutricionydietetica.org/pro/","name":"Academia Española de Nutrición y Dietética","description":"Formación, noticias, jornadas y eventos","potentialAction":[{"@type":"SearchAction","target":{"@type":"EntryPoint","urlTemplate":"https://www.academianutricionydietetica.org/pro/?s={search_term_string}"},"query-input":{"@type":"PropertyValueSpecification","valueRequired":true,"valueName":"search_term_string"}}],"inLanguage":"es"}]}</script>
<!-- / Yoast SEO plugin. -->

Mercé Planas Vila - Academia Española de Nutrición y Dietética

Academia Española de Nutrición y Dietética

Órganos de Gobierno

Formación, noticias, jornadas y eventos
