{"id":18741,"date":"2019-06-13T09:47:58","date_gmt":"2019-06-13T09:47:58","guid":{"rendered":"http:\/\/websites1234.com\/academia-nutricion\/?page_id=18741"},"modified":"2022-07-12T15:38:28","modified_gmt":"2022-07-12T15:38:28","slug":"elizabeth-solis-perez","status":"publish","type":"page","link":"https:\/\/www.academianutricionydietetica.org\/pro\/la-academia\/organos-de-gobierno\/elizabeth-solis-perez\/","title":{"rendered":"Elizabeth Solis P\u00e9rez"},"content":{"rendered":"<p>[vc_row dfd_row_responsive_enable=\u00bbdfd-row-responsive-enable\u00bb responsive_styles=\u00bbpadding_left_mobile:20|padding_right_mobile:20&#8243;][vc_column]<div class=\"dfd-spacer-module\"  data-units=\"px\" data-wide_resolution=\"1280\" data-wide_size=\"80\" data-normal_resolution=\"1024\" data-normal_size=\"60\" data-tablet_resolution=\"800\" data-tablet_size=\"40\" data-mobile_resolution=\"480\" data-mobile_size=\"40\" style=\"height: 80px;\"><\/div><div class=\"dfd-info-banner style-05 responsive-team-members text-center\" ><div class=\"image-cover \"><img loading=\"lazy\" decoding=\"async\" src=\"https:\/\/www.academianutricionydietetica.org\/pro\/uploads\/2019\/06\/62-150x150.png\" alt=\"Image\"  width=\"150\" height=\"150\" class=\"info-banner-image \" \/><\/div><div class=\"content-wrap\"><h2 class=\"info-box-title \" style=\"font-size: 22px; line-height: 26.4px; letter-spacing: 1px; \">Elizabeth Solis P\u00e9rez<\/h2><h3 class=\"info-box-subtitle widget-sub-title \" style=\"\">Miembros de honor y em\u00e9ritos<\/h3><div class=\"wrap-delimiter\"><div class=\"delimiter\" ><\/div><\/div><div class=\"description\" style=\"\">PhD Elizabeth Solis P\u00e9rez, NC<\/p>\n<p>Profesora Titular D y Directora del Centro de Incubaci\u00f3n de Empresa y Transferencia de Tecnolog\u00eda de la UANL<\/p>\n<p>Nutri\u00f3loga con Maestr\u00eda en Salud P\u00fablica egresada de la UANL y Certificada por el Colegio Mexicano de Nutri\u00f3logos. Su Doctorado en Nutrici\u00f3n lo obtuvo en la Texas Woman\u00b4s University en Denton Texas en el a\u00f1o de 2004, USA. Ha trabajado durante 33 a\u00f1os en la Universidad Aut\u00f3noma de Nuevo Le\u00f3n (UANL), en la cual ha sido Directora de la Facultad de Salud P\u00fablica y Nutrici\u00f3n y Secretaria T\u00e9cnica de esa M\u00e1xima Casa de Estudios de Nuevo Le\u00f3n (2004-2009). Actualmente es Profesora Titular D y Directora del Centro de Incubaci\u00f3n de Empresas y Transferencia de Tecnolog\u00eda de la UANL. Del a\u00f1o 2009 al 2015 trabaj\u00f3 para el gobierno del estado de Nuevo Le\u00f3n logrando dise\u00f1ar e implementar el Programa Salud para Aprender, el cual se constituy\u00f3 en una pol\u00edtica p\u00fablica intersectorial estatal para la prevenci\u00f3n del sobrepeso y obesidad en los escolares. Como Coordinadora General Estrat\u00e9gica de dicho programa contribuy\u00f3 en todos los aspectos t\u00e9cnicos y metodol\u00f3gicos para su decreto en el Peri\u00f3dico Oficial del Estado y para la publicaci\u00f3n de la Ley para la Prevenci\u00f3n de la Obesidad y Sobrepeso en el estado y municipios de Nuevo Le\u00f3n (Decreto n\u00fam 10 P.O, NL, 23 de enero de 2015). As\u00ed mismo logr\u00f3 la firma de la Alianza Estrat\u00e9gica con 22 representantes de la Industria de Alimentos y Bebidas para la promoci\u00f3n de la salud escolar en lo relativo a la alimentaci\u00f3n correcta y la activaci\u00f3n f\u00edsica. En su paso por el gobierno de Nuevo Le\u00f3n fue tambi\u00e9n asesora del Programa PASOS (Programa para la Alimentaci\u00f3n Saludable y Activaci\u00f3n F\u00edsica para la prevenci\u00f3n de la Obesidad y Sobrepeso), y Coordinadora del Grupo de Trabajo T\u00e9cnico Operativo para la Encuesta Estatal de Salud y Nutrici\u00f3n y de la Ficha Evolutiva del Escolar; ambos instrumentos de vigilancia epidemiol\u00f3gica y de investigaci\u00f3n en salud. Por su trayectoria profesional y acad\u00e9mica ha sido distinguida con varios premios estatales, nacionales e internacionales; es autora de publicaciones acad\u00e9micas y cient\u00edficas destacando 6 art\u00edculos en revistas indexadas en el \u00e1rea de nutrici\u00f3n, as\u00ed como de la Colecci\u00f3n Did\u00e1ctica para la Salud Escolar. Elizabeth Solis ha participado en cuantiosos foros cient\u00edficos nacionales e internacionales como experta en el \u00e1rea de la nutriolog\u00eda, particularmente en la prevenci\u00f3n de la obesidad y enfermedades relacionadas, as\u00ed como el desarrollo de programas de obesidad infantil desde una perspectiva integral y multidisciplinaria, basados en la familia y con enfoque socioecol\u00f3gico.<\/div><\/div><\/div><div class=\"dfd-spacer-module\"  data-units=\"px\" data-wide_resolution=\"1280\" data-wide_size=\"80\" data-normal_resolution=\"1024\" data-normal_size=\"60\" data-tablet_resolution=\"800\" data-tablet_size=\"40\" data-mobile_resolution=\"480\" data-mobile_size=\"40\" style=\"height: 80px;\"><\/div>[\/vc_column][\/vc_row]<\/p>\n","protected":false},"excerpt":{"rendered":"<p>[vc_row dfd_row_responsive_enable=\u00bbdfd-row-responsive-enable\u00bb responsive_styles=\u00bbpadding_left_mobile:20|padding_right_mobile:20&#8243;][vc_column][\/vc_column][\/vc_row]<\/p>\n","protected":false},"author":4,"featured_media":0,"parent":16188,"menu_order":0,"comment_status":"closed","ping_status":"closed","template":"page-custom-with-header.php","meta":{"_acf_changed":false,"_monsterinsights_skip_tracking":false,"_monsterinsights_sitenote_active":false,"_monsterinsights_sitenote_note":"","_monsterinsights_sitenote_category":0,"footnotes":""},"class_list":["post-18741","page","type-page","status-publish","hentry"],"acf":[],"yoast_head":"<!-- This site is optimized with the Yoast SEO plugin v26.7 - https:\/\/yoast.com\/wordpress\/plugins\/seo\/ -->\n<title>Elizabeth Solis P\u00e9rez - Academia Espa\u00f1ola de Nutrici\u00f3n y Diet\u00e9tica<\/title>\n<meta name=\"robots\" content=\"index, follow, max-snippet:-1, max-image-preview:large, max-video-preview:-1\" \/>\n<link rel=\"canonical\" href=\"https:\/\/www.academianutricionydietetica.org\/pro\/la-academia\/organos-de-gobierno\/elizabeth-solis-perez\/\" \/>\n<meta property=\"og:locale\" content=\"es_ES\" \/>\n<meta property=\"og:type\" content=\"article\" \/>\n<meta property=\"og:title\" content=\"Elizabeth Solis P\u00e9rez - Academia Espa\u00f1ola de Nutrici\u00f3n y Diet\u00e9tica\" \/>\n<meta property=\"og:description\" content=\"[vc_row dfd_row_responsive_enable=\u00bbdfd-row-responsive-enable\u00bb responsive_styles=\u00bbpadding_left_mobile:20|padding_right_mobile:20&#8243;][vc_column][\/vc_column][\/vc_row]\" \/>\n<meta property=\"og:url\" content=\"https:\/\/www.academianutricionydietetica.org\/pro\/la-academia\/organos-de-gobierno\/elizabeth-solis-perez\/\" \/>\n<meta property=\"og:site_name\" content=\"Academia Espa\u00f1ola de Nutrici\u00f3n y Diet\u00e9tica\" \/>\n<meta property=\"article:modified_time\" content=\"2022-07-12T15:38:28+00:00\" \/>\n<meta name=\"twitter:card\" content=\"summary_large_image\" \/>\n<meta name=\"twitter:label1\" content=\"Tiempo de lectura\" \/>\n\t<meta name=\"twitter:data1\" content=\"3 minutos\" \/>\n<script type=\"application\/ld+json\" class=\"yoast-schema-graph\">{\"@context\":\"https:\/\/schema.org\",\"@graph\":[{\"@type\":\"WebPage\",\"@id\":\"https:\/\/www.academianutricionydietetica.org\/pro\/la-academia\/organos-de-gobierno\/elizabeth-solis-perez\/\",\"url\":\"https:\/\/www.academianutricionydietetica.org\/pro\/la-academia\/organos-de-gobierno\/elizabeth-solis-perez\/\",\"name\":\"Elizabeth Solis P\u00e9rez - Academia Espa\u00f1ola de Nutrici\u00f3n y Diet\u00e9tica\",\"isPartOf\":{\"@id\":\"https:\/\/www.academianutricionydietetica.org\/pro\/#website\"},\"datePublished\":\"2019-06-13T09:47:58+00:00\",\"dateModified\":\"2022-07-12T15:38:28+00:00\",\"breadcrumb\":{\"@id\":\"https:\/\/www.academianutricionydietetica.org\/pro\/la-academia\/organos-de-gobierno\/elizabeth-solis-perez\/#breadcrumb\"},\"inLanguage\":\"es\",\"potentialAction\":[{\"@type\":\"ReadAction\",\"target\":[\"https:\/\/www.academianutricionydietetica.org\/pro\/la-academia\/organos-de-gobierno\/elizabeth-solis-perez\/\"]}]},{\"@type\":\"BreadcrumbList\",\"@id\":\"https:\/\/www.academianutricionydietetica.org\/pro\/la-academia\/organos-de-gobierno\/elizabeth-solis-perez\/#breadcrumb\",\"itemListElement\":[{\"@type\":\"ListItem\",\"position\":1,\"name\":\"Inicio\",\"item\":\"https:\/\/www.academianutricionydietetica.org\/pro\/\"},{\"@type\":\"ListItem\",\"position\":2,\"name\":\"La academia\",\"item\":\"https:\/\/www.academianutricionydietetica.org\/pro\/la-academia\/\"},{\"@type\":\"ListItem\",\"position\":3,\"name\":\"\u00d3rganos de Gobierno\",\"item\":\"https:\/\/www.academianutricionydietetica.org\/pro\/la-academia\/organos-de-gobierno\/\"},{\"@type\":\"ListItem\",\"position\":4,\"name\":\"Elizabeth Solis P\u00e9rez\"}]},{\"@type\":\"WebSite\",\"@id\":\"https:\/\/www.academianutricionydietetica.org\/pro\/#website\",\"url\":\"https:\/\/www.academianutricionydietetica.org\/pro\/\",\"name\":\"Academia Espa\u00f1ola de Nutrici\u00f3n y Diet\u00e9tica\",\"description\":\"Formaci\u00f3n, noticias, jornadas y eventos\",\"potentialAction\":[{\"@type\":\"SearchAction\",\"target\":{\"@type\":\"EntryPoint\",\"urlTemplate\":\"https:\/\/www.academianutricionydietetica.org\/pro\/?s={search_term_string}\"},\"query-input\":{\"@type\":\"PropertyValueSpecification\",\"valueRequired\":true,\"valueName\":\"search_term_string\"}}],\"inLanguage\":\"es\"}]}<\/script>\n<!-- \/ Yoast SEO plugin. -->","yoast_head_json":{"title":"Elizabeth Solis P\u00e9rez - Academia Espa\u00f1ola de Nutrici\u00f3n y Diet\u00e9tica","robots":{"index":"index","follow":"follow","max-snippet":"max-snippet:-1","max-image-preview":"max-image-preview:large","max-video-preview":"max-video-preview:-1"},"canonical":"https:\/\/www.academianutricionydietetica.org\/pro\/la-academia\/organos-de-gobierno\/elizabeth-solis-perez\/","og_locale":"es_ES","og_type":"article","og_title":"Elizabeth Solis P\u00e9rez - Academia Espa\u00f1ola de Nutrici\u00f3n y Diet\u00e9tica","og_description":"[vc_row dfd_row_responsive_enable=\u00bbdfd-row-responsive-enable\u00bb responsive_styles=\u00bbpadding_left_mobile:20|padding_right_mobile:20&#8243;][vc_column][\/vc_column][\/vc_row]","og_url":"https:\/\/www.academianutricionydietetica.org\/pro\/la-academia\/organos-de-gobierno\/elizabeth-solis-perez\/","og_site_name":"Academia Espa\u00f1ola de Nutrici\u00f3n y Diet\u00e9tica","article_modified_time":"2022-07-12T15:38:28+00:00","twitter_card":"summary_large_image","twitter_misc":{"Tiempo de lectura":"3 minutos"},"schema":{"@context":"https:\/\/schema.org","@graph":[{"@type":"WebPage","@id":"https:\/\/www.academianutricionydietetica.org\/pro\/la-academia\/organos-de-gobierno\/elizabeth-solis-perez\/","url":"https:\/\/www.academianutricionydietetica.org\/pro\/la-academia\/organos-de-gobierno\/elizabeth-solis-perez\/","name":"Elizabeth Solis P\u00e9rez - Academia Espa\u00f1ola de Nutrici\u00f3n y Diet\u00e9tica","isPartOf":{"@id":"https:\/\/www.academianutricionydietetica.org\/pro\/#website"},"datePublished":"2019-06-13T09:47:58+00:00","dateModified":"2022-07-12T15:38:28+00:00","breadcrumb":{"@id":"https:\/\/www.academianutricionydietetica.org\/pro\/la-academia\/organos-de-gobierno\/elizabeth-solis-perez\/#breadcrumb"},"inLanguage":"es","potentialAction":[{"@type":"ReadAction","target":["https:\/\/www.academianutricionydietetica.org\/pro\/la-academia\/organos-de-gobierno\/elizabeth-solis-perez\/"]}]},{"@type":"BreadcrumbList","@id":"https:\/\/www.academianutricionydietetica.org\/pro\/la-academia\/organos-de-gobierno\/elizabeth-solis-perez\/#breadcrumb","itemListElement":[{"@type":"ListItem","position":1,"name":"Inicio","item":"https:\/\/www.academianutricionydietetica.org\/pro\/"},{"@type":"ListItem","position":2,"name":"La academia","item":"https:\/\/www.academianutricionydietetica.org\/pro\/la-academia\/"},{"@type":"ListItem","position":3,"name":"\u00d3rganos de Gobierno","item":"https:\/\/www.academianutricionydietetica.org\/pro\/la-academia\/organos-de-gobierno\/"},{"@type":"ListItem","position":4,"name":"Elizabeth Solis P\u00e9rez"}]},{"@type":"WebSite","@id":"https:\/\/www.academianutricionydietetica.org\/pro\/#website","url":"https:\/\/www.academianutricionydietetica.org\/pro\/","name":"Academia Espa\u00f1ola de Nutrici\u00f3n y Diet\u00e9tica","description":"Formaci\u00f3n, noticias, jornadas y eventos","potentialAction":[{"@type":"SearchAction","target":{"@type":"EntryPoint","urlTemplate":"https:\/\/www.academianutricionydietetica.org\/pro\/?s={search_term_string}"},"query-input":{"@type":"PropertyValueSpecification","valueRequired":true,"valueName":"search_term_string"}}],"inLanguage":"es"}]}},"_links":{"self":[{"href":"https:\/\/www.academianutricionydietetica.org\/pro\/wp-json\/wp\/v2\/pages\/18741","targetHints":{"allow":["GET"]}}],"collection":[{"href":"https:\/\/www.academianutricionydietetica.org\/pro\/wp-json\/wp\/v2\/pages"}],"about":[{"href":"https:\/\/www.academianutricionydietetica.org\/pro\/wp-json\/wp\/v2\/types\/page"}],"author":[{"embeddable":true,"href":"https:\/\/www.academianutricionydietetica.org\/pro\/wp-json\/wp\/v2\/users\/4"}],"replies":[{"embeddable":true,"href":"https:\/\/www.academianutricionydietetica.org\/pro\/wp-json\/wp\/v2\/comments?post=18741"}],"version-history":[{"count":3,"href":"https:\/\/www.academianutricionydietetica.org\/pro\/wp-json\/wp\/v2\/pages\/18741\/revisions"}],"predecessor-version":[{"id":19539,"href":"https:\/\/www.academianutricionydietetica.org\/pro\/wp-json\/wp\/v2\/pages\/18741\/revisions\/19539"}],"up":[{"embeddable":true,"href":"https:\/\/www.academianutricionydietetica.org\/pro\/wp-json\/wp\/v2\/pages\/16188"}],"wp:attachment":[{"href":"https:\/\/www.academianutricionydietetica.org\/pro\/wp-json\/wp\/v2\/media?parent=18741"}],"curies":[{"name":"wp","href":"https:\/\/api.w.org\/{rel}","templated":true}]}}

Elizabeth Solis Pérez

<p>[vc_row dfd_row_responsive_enable=»dfd-row-responsive-enable» responsive_styles=»padding_left_mobile:20|padding_right_mobile:20&#8243;][vc_column]<div class="dfd-spacer-module"  data-units="px" data-wide_resolution="1280" data-wide_size="80" data-normal_resolution="1024" data-normal_size="60" data-tablet_resolution="800" data-tablet_size="40" data-mobile_resolution="480" data-mobile_size="40" style="height: 80px;"></div><div class="dfd-info-banner style-05 responsive-team-members text-center" ><div class="image-cover "><img loading="lazy" decoding="async" src="https://www.academianutricionydietetica.org/pro/uploads/2019/06/62-150x150.png" alt="Image"  width="150" height="150" class="info-banner-image " /></div><div class="content-wrap"><h2 class="info-box-title " style="font-size: 22px; line-height: 26.4px; letter-spacing: 1px; ">Elizabeth Solis Pérez</h2><h3 class="info-box-subtitle widget-sub-title " style="">Miembros de honor y eméritos</h3><div class="wrap-delimiter"><div class="delimiter" ></div></div><div class="description" style="">PhD Elizabeth Solis Pérez, NC</p>
<p>Profesora Titular D y Directora del Centro de Incubación de Empresa y Transferencia de Tecnología de la UANL</p>
<p>Nutrióloga con Maestría en Salud Pública egresada de la UANL y Certificada por el Colegio Mexicano de Nutriólogos. Su Doctorado en Nutrición lo obtuvo en la Texas Woman´s University en Denton Texas en el año de 2004, USA. Ha trabajado durante 33 años en la Universidad Autónoma de Nuevo León (UANL), en la cual ha sido Directora de la Facultad de Salud Pública y Nutrición y Secretaria Técnica de esa Máxima Casa de Estudios de Nuevo León (2004-2009). Actualmente es Profesora Titular D y Directora del Centro de Incubación de Empresas y Transferencia de Tecnología de la UANL. Del año 2009 al 2015 trabajó para el gobierno del estado de Nuevo León logrando diseñar e implementar el Programa Salud para Aprender, el cual se constituyó en una política pública intersectorial estatal para la prevención del sobrepeso y obesidad en los escolares. Como Coordinadora General Estratégica de dicho programa contribuyó en todos los aspectos técnicos y metodológicos para su decreto en el Periódico Oficial del Estado y para la publicación de la Ley para la Prevención de la Obesidad y Sobrepeso en el estado y municipios de Nuevo León (Decreto núm 10 P.O, NL, 23 de enero de 2015). Así mismo logró la firma de la Alianza Estratégica con 22 representantes de la Industria de Alimentos y Bebidas para la promoción de la salud escolar en lo relativo a la alimentación correcta y la activación física. En su paso por el gobierno de Nuevo León fue también asesora del Programa PASOS (Programa para la Alimentación Saludable y Activación Física para la prevención de la Obesidad y Sobrepeso), y Coordinadora del Grupo de Trabajo Técnico Operativo para la Encuesta Estatal de Salud y Nutrición y de la Ficha Evolutiva del Escolar; ambos instrumentos de vigilancia epidemiológica y de investigación en salud. Por su trayectoria profesional y académica ha sido distinguida con varios premios estatales, nacionales e internacionales; es autora de publicaciones académicas y científicas destacando 6 artículos en revistas indexadas en el área de nutrición, así como de la Colección Didáctica para la Salud Escolar. Elizabeth Solis ha participado en cuantiosos foros científicos nacionales e internacionales como experta en el área de la nutriología, particularmente en la prevención de la obesidad y enfermedades relacionadas, así como el desarrollo de programas de obesidad infantil desde una perspectiva integral y multidisciplinaria, basados en la familia y con enfoque socioecológico.</div></div></div><div class="dfd-spacer-module"  data-units="px" data-wide_resolution="1280" data-wide_size="80" data-normal_resolution="1024" data-normal_size="60" data-tablet_resolution="800" data-tablet_size="40" data-mobile_resolution="480" data-mobile_size="40" style="height: 80px;"></div>[/vc_column][/vc_row]</p>

<!-- This site is optimized with the Yoast SEO plugin v26.7 - https://yoast.com/wordpress/plugins/seo/ -->
<title>Elizabeth Solis Pérez - Academia Española de Nutrición y Dietética</title>
<meta name="robots" content="index, follow, max-snippet:-1, max-image-preview:large, max-video-preview:-1" />
<link rel="canonical" href="https://www.academianutricionydietetica.org/pro/la-academia/organos-de-gobierno/elizabeth-solis-perez/" />
<meta property="og:locale" content="es_ES" />
<meta property="og:type" content="article" />
<meta property="og:title" content="Elizabeth Solis Pérez - Academia Española de Nutrición y Dietética" />
<meta property="og:description" content="[vc_row dfd_row_responsive_enable=»dfd-row-responsive-enable» responsive_styles=»padding_left_mobile:20|padding_right_mobile:20&#8243;][vc_column][/vc_column][/vc_row]" />
<meta property="og:url" content="https://www.academianutricionydietetica.org/pro/la-academia/organos-de-gobierno/elizabeth-solis-perez/" />
<meta property="og:site_name" content="Academia Española de Nutrición y Dietética" />
<meta property="article:modified_time" content="2022-07-12T15:38:28+00:00" />
<meta name="twitter:card" content="summary_large_image" />
<meta name="twitter:label1" content="Tiempo de lectura" />
	<meta name="twitter:data1" content="3 minutos" />
<script type="application/ld+json" class="yoast-schema-graph">{"@context":"https://schema.org","@graph":[{"@type":"WebPage","@id":"https://www.academianutricionydietetica.org/pro/la-academia/organos-de-gobierno/elizabeth-solis-perez/","url":"https://www.academianutricionydietetica.org/pro/la-academia/organos-de-gobierno/elizabeth-solis-perez/","name":"Elizabeth Solis Pérez - Academia Española de Nutrición y Dietética","isPartOf":{"@id":"https://www.academianutricionydietetica.org/pro/#website"},"datePublished":"2019-06-13T09:47:58+00:00","dateModified":"2022-07-12T15:38:28+00:00","breadcrumb":{"@id":"https://www.academianutricionydietetica.org/pro/la-academia/organos-de-gobierno/elizabeth-solis-perez/#breadcrumb"},"inLanguage":"es","potentialAction":[{"@type":"ReadAction","target":["https://www.academianutricionydietetica.org/pro/la-academia/organos-de-gobierno/elizabeth-solis-perez/"]}]},{"@type":"BreadcrumbList","@id":"https://www.academianutricionydietetica.org/pro/la-academia/organos-de-gobierno/elizabeth-solis-perez/#breadcrumb","itemListElement":[{"@type":"ListItem","position":1,"name":"Inicio","item":"https://www.academianutricionydietetica.org/pro/"},{"@type":"ListItem","position":2,"name":"La academia","item":"https://www.academianutricionydietetica.org/pro/la-academia/"},{"@type":"ListItem","position":3,"name":"Órganos de Gobierno","item":"https://www.academianutricionydietetica.org/pro/la-academia/organos-de-gobierno/"},{"@type":"ListItem","position":4,"name":"Elizabeth Solis Pérez"}]},{"@type":"WebSite","@id":"https://www.academianutricionydietetica.org/pro/#website","url":"https://www.academianutricionydietetica.org/pro/","name":"Academia Española de Nutrición y Dietética","description":"Formación, noticias, jornadas y eventos","potentialAction":[{"@type":"SearchAction","target":{"@type":"EntryPoint","urlTemplate":"https://www.academianutricionydietetica.org/pro/?s={search_term_string}"},"query-input":{"@type":"PropertyValueSpecification","valueRequired":true,"valueName":"search_term_string"}}],"inLanguage":"es"}]}</script>
<!-- / Yoast SEO plugin. -->

Elizabeth Solis Pérez - Academia Española de Nutrición y Dietética

Academia Española de Nutrición y Dietética

Órganos de Gobierno

Formación, noticias, jornadas y eventos
