{"id":18745,"date":"2019-06-13T09:50:52","date_gmt":"2019-06-13T09:50:52","guid":{"rendered":"http:\/\/websites1234.com\/academia-nutricion\/?page_id=18745"},"modified":"2022-07-12T15:37:58","modified_gmt":"2022-07-12T15:37:58","slug":"jose-miguel-soriano-del-castillo","status":"publish","type":"page","link":"https:\/\/www.academianutricionydietetica.org\/pro\/la-academia\/organos-de-gobierno\/jose-miguel-soriano-del-castillo\/","title":{"rendered":"Jos\u00e9 Miguel Soriano Del Castillo"},"content":{"rendered":"<p>[vc_row dfd_row_responsive_enable=\u00bbdfd-row-responsive-enable\u00bb responsive_styles=\u00bbpadding_left_mobile:20|padding_right_mobile:20&#8243;][vc_column]<div class=\"dfd-spacer-module\"  data-units=\"px\" data-wide_resolution=\"1280\" data-wide_size=\"80\" data-normal_resolution=\"1024\" data-normal_size=\"60\" data-tablet_resolution=\"800\" data-tablet_size=\"40\" data-mobile_resolution=\"480\" data-mobile_size=\"40\" style=\"height: 80px;\"><\/div><div class=\"dfd-info-banner style-05 responsive-team-members text-center\" ><div class=\"image-cover \"><img loading=\"lazy\" decoding=\"async\" src=\"https:\/\/www.academianutricionydietetica.org\/pro\/uploads\/2019\/06\/36-150x150.jpg\" alt=\"Image\"  width=\"150\" height=\"150\" class=\"info-banner-image \" \/><\/div><div class=\"content-wrap\"><h2 class=\"info-box-title \" style=\"font-size: 22px; line-height: 26.4px; letter-spacing: 1px; \">Jos\u00e9 Miguel Soriano Del Castillo<\/h2><h3 class=\"info-box-subtitle widget-sub-title \" style=\"\">Miembros de honor y em\u00e9ritos<\/h3><div class=\"wrap-delimiter\"><div class=\"delimiter\" ><\/div><\/div><div class=\"description\" style=\"\">Jos\u00e9 Miguel Soriano del Castillo es profesor titular del \u00c1rea de Nutrici\u00f3n y Bromatolog\u00eda del Departamento de Medicina Preventiva y Salud P\u00fablica de la Facultad de Farmacia de la Universitat de Val\u00e8ncia, donde imparte clases de dietoterapia y nutrici\u00f3n en situaciones de emergencia. Es, actualmente, delegado del Rector para Cooperaci\u00f3n de la Universitat de Val\u00e8ncia. Es Doctor con premio extraordinario por la Universitat de Val\u00e8ncia (2003), y ha realizado estancias docentes-investigadoras en la Agence Fran\u00e7aise de S\u00e9curit\u00e9 Sanitaire des Aliments (Francia), Istituto Superiore di Sanit\u00e0 (Italia), National Research Center (Egipto), Akershus University College (Noruega), Universidad Nacional de La Plata (Argentina), Instituto Nacional Materno-Perinatal (Per\u00fa) y la Universidad de El Salvador. Es el editor de siete libros y ha publicado 50 cap\u00edtulos de libros y m\u00e1s de un centenar de art\u00edculos en revistas nacionales e internacionales. Ha recibido varios premios; incluyendo el Premio de Investigaci\u00f3n del Instituto de Estudios del Huevo (2004), Premio de la Asociaci\u00f3n Ben\u00e9fico-Docente \u00abProfesor Vicente Callao\u00bb de la Academia Iberoamericana de Farmacia (2004), el XI Premio Valencia se Solidariza-Modalidad beca de investigaci\u00f3n social de l&#8217;Ajuntament de Val\u00e8ncia (2008), Premio a la Excelencia Docente de la Conselleria de Educaci\u00f3n-Consell Social de la Universitat de Val\u00e8ncia (2009) y el Premio Cascajares para investigadores j\u00f3venes del Grupo de Microbiolog\u00eda de Alimentos de la Sociedad Espa\u00f1ola de Microbiolog\u00eda (2010). Es Director de las siguientes unidades; Observatorio de Nutrici\u00f3n y Seguridad Alimentaria para el Mundo en Desarrollo-Universitat de Val\u00e8ncia, del Food&amp;HealthLab, promovido por el Campus de Excelencia Internacional VLC\/CAMPUS, mediante el programa de creaci\u00f3n de Ecosistemas Innovadores financiado por el Ministerio de Educaci\u00f3n, Cultura y Deporte, de la Cl\u00ednica Universitaria de Nutrici\u00f3n, Actividad F\u00edsica y Fisioterapia (CUNAFF) de la Fundaci\u00f3 Llu\u00eds Alcany\u00eds-Universitat de Val\u00e8ncia, del Gastrolab del Instituto de Ciencia de los Materiales-Parc Cient\u00edfic de la Universitat de Val\u00e8ncia, adem\u00e1s de ser el co-director de la Unidad Mixta de Investigaci\u00f3n en Endocrinolog\u00eda, Nutrici\u00f3n y Diet\u00e9tica Cl\u00ednica de la Universitat de Val\u00e8ncia-Instituto de Investigaci\u00f3n Sanitaria La Fe. Ha sido el responsable de la creaci\u00f3n e implementaci\u00f3n del primer banco de leche materna en Lima (Per\u00fa). Sus tareas de investigaci\u00f3n han estado encaminadas en el campo de la nutrici\u00f3n en ayuda humanitaria y cooperaci\u00f3n al desarrollo, dietoterapia y seguridad alimentaria.<\/div><\/div><\/div><div class=\"dfd-spacer-module\"  data-units=\"px\" data-wide_resolution=\"1280\" data-wide_size=\"80\" data-normal_resolution=\"1024\" data-normal_size=\"60\" data-tablet_resolution=\"800\" data-tablet_size=\"40\" data-mobile_resolution=\"480\" data-mobile_size=\"40\" style=\"height: 80px;\"><\/div>[\/vc_column][\/vc_row]<\/p>\n","protected":false},"excerpt":{"rendered":"<p>[vc_row dfd_row_responsive_enable=\u00bbdfd-row-responsive-enable\u00bb responsive_styles=\u00bbpadding_left_mobile:20|padding_right_mobile:20&#8243;][vc_column][\/vc_column][\/vc_row]<\/p>\n","protected":false},"author":4,"featured_media":0,"parent":16188,"menu_order":0,"comment_status":"closed","ping_status":"closed","template":"page-custom-with-header.php","meta":{"_acf_changed":false,"_monsterinsights_skip_tracking":false,"_monsterinsights_sitenote_active":false,"_monsterinsights_sitenote_note":"","_monsterinsights_sitenote_category":0,"footnotes":""},"class_list":["post-18745","page","type-page","status-publish","hentry"],"acf":[],"yoast_head":"<!-- This site is optimized with the Yoast SEO plugin v26.7 - https:\/\/yoast.com\/wordpress\/plugins\/seo\/ -->\n<title>Jos\u00e9 Miguel Soriano Del Castillo - Academia Espa\u00f1ola de Nutrici\u00f3n y Diet\u00e9tica<\/title>\n<meta name=\"robots\" content=\"index, follow, max-snippet:-1, max-image-preview:large, max-video-preview:-1\" \/>\n<link rel=\"canonical\" href=\"https:\/\/www.academianutricionydietetica.org\/pro\/la-academia\/organos-de-gobierno\/jose-miguel-soriano-del-castillo\/\" \/>\n<meta property=\"og:locale\" content=\"es_ES\" \/>\n<meta property=\"og:type\" content=\"article\" \/>\n<meta property=\"og:title\" content=\"Jos\u00e9 Miguel Soriano Del Castillo - Academia Espa\u00f1ola de Nutrici\u00f3n y Diet\u00e9tica\" \/>\n<meta property=\"og:description\" content=\"[vc_row dfd_row_responsive_enable=\u00bbdfd-row-responsive-enable\u00bb responsive_styles=\u00bbpadding_left_mobile:20|padding_right_mobile:20&#8243;][vc_column][\/vc_column][\/vc_row]\" \/>\n<meta property=\"og:url\" content=\"https:\/\/www.academianutricionydietetica.org\/pro\/la-academia\/organos-de-gobierno\/jose-miguel-soriano-del-castillo\/\" \/>\n<meta property=\"og:site_name\" content=\"Academia Espa\u00f1ola de Nutrici\u00f3n y Diet\u00e9tica\" \/>\n<meta property=\"article:modified_time\" content=\"2022-07-12T15:37:58+00:00\" \/>\n<meta name=\"twitter:card\" content=\"summary_large_image\" \/>\n<meta name=\"twitter:label1\" content=\"Tiempo de lectura\" \/>\n\t<meta name=\"twitter:data1\" content=\"3 minutos\" \/>\n<script type=\"application\/ld+json\" class=\"yoast-schema-graph\">{\"@context\":\"https:\/\/schema.org\",\"@graph\":[{\"@type\":\"WebPage\",\"@id\":\"https:\/\/www.academianutricionydietetica.org\/pro\/la-academia\/organos-de-gobierno\/jose-miguel-soriano-del-castillo\/\",\"url\":\"https:\/\/www.academianutricionydietetica.org\/pro\/la-academia\/organos-de-gobierno\/jose-miguel-soriano-del-castillo\/\",\"name\":\"Jos\u00e9 Miguel Soriano Del Castillo - Academia Espa\u00f1ola de Nutrici\u00f3n y Diet\u00e9tica\",\"isPartOf\":{\"@id\":\"https:\/\/www.academianutricionydietetica.org\/pro\/#website\"},\"datePublished\":\"2019-06-13T09:50:52+00:00\",\"dateModified\":\"2022-07-12T15:37:58+00:00\",\"breadcrumb\":{\"@id\":\"https:\/\/www.academianutricionydietetica.org\/pro\/la-academia\/organos-de-gobierno\/jose-miguel-soriano-del-castillo\/#breadcrumb\"},\"inLanguage\":\"es\",\"potentialAction\":[{\"@type\":\"ReadAction\",\"target\":[\"https:\/\/www.academianutricionydietetica.org\/pro\/la-academia\/organos-de-gobierno\/jose-miguel-soriano-del-castillo\/\"]}]},{\"@type\":\"BreadcrumbList\",\"@id\":\"https:\/\/www.academianutricionydietetica.org\/pro\/la-academia\/organos-de-gobierno\/jose-miguel-soriano-del-castillo\/#breadcrumb\",\"itemListElement\":[{\"@type\":\"ListItem\",\"position\":1,\"name\":\"Inicio\",\"item\":\"https:\/\/www.academianutricionydietetica.org\/pro\/\"},{\"@type\":\"ListItem\",\"position\":2,\"name\":\"La academia\",\"item\":\"https:\/\/www.academianutricionydietetica.org\/pro\/la-academia\/\"},{\"@type\":\"ListItem\",\"position\":3,\"name\":\"\u00d3rganos de Gobierno\",\"item\":\"https:\/\/www.academianutricionydietetica.org\/pro\/la-academia\/organos-de-gobierno\/\"},{\"@type\":\"ListItem\",\"position\":4,\"name\":\"Jos\u00e9 Miguel Soriano Del Castillo\"}]},{\"@type\":\"WebSite\",\"@id\":\"https:\/\/www.academianutricionydietetica.org\/pro\/#website\",\"url\":\"https:\/\/www.academianutricionydietetica.org\/pro\/\",\"name\":\"Academia Espa\u00f1ola de Nutrici\u00f3n y Diet\u00e9tica\",\"description\":\"Formaci\u00f3n, noticias, jornadas y eventos\",\"potentialAction\":[{\"@type\":\"SearchAction\",\"target\":{\"@type\":\"EntryPoint\",\"urlTemplate\":\"https:\/\/www.academianutricionydietetica.org\/pro\/?s={search_term_string}\"},\"query-input\":{\"@type\":\"PropertyValueSpecification\",\"valueRequired\":true,\"valueName\":\"search_term_string\"}}],\"inLanguage\":\"es\"}]}<\/script>\n<!-- \/ Yoast SEO plugin. -->","yoast_head_json":{"title":"Jos\u00e9 Miguel Soriano Del Castillo - Academia Espa\u00f1ola de Nutrici\u00f3n y Diet\u00e9tica","robots":{"index":"index","follow":"follow","max-snippet":"max-snippet:-1","max-image-preview":"max-image-preview:large","max-video-preview":"max-video-preview:-1"},"canonical":"https:\/\/www.academianutricionydietetica.org\/pro\/la-academia\/organos-de-gobierno\/jose-miguel-soriano-del-castillo\/","og_locale":"es_ES","og_type":"article","og_title":"Jos\u00e9 Miguel Soriano Del Castillo - Academia Espa\u00f1ola de Nutrici\u00f3n y Diet\u00e9tica","og_description":"[vc_row dfd_row_responsive_enable=\u00bbdfd-row-responsive-enable\u00bb responsive_styles=\u00bbpadding_left_mobile:20|padding_right_mobile:20&#8243;][vc_column][\/vc_column][\/vc_row]","og_url":"https:\/\/www.academianutricionydietetica.org\/pro\/la-academia\/organos-de-gobierno\/jose-miguel-soriano-del-castillo\/","og_site_name":"Academia Espa\u00f1ola de Nutrici\u00f3n y Diet\u00e9tica","article_modified_time":"2022-07-12T15:37:58+00:00","twitter_card":"summary_large_image","twitter_misc":{"Tiempo de lectura":"3 minutos"},"schema":{"@context":"https:\/\/schema.org","@graph":[{"@type":"WebPage","@id":"https:\/\/www.academianutricionydietetica.org\/pro\/la-academia\/organos-de-gobierno\/jose-miguel-soriano-del-castillo\/","url":"https:\/\/www.academianutricionydietetica.org\/pro\/la-academia\/organos-de-gobierno\/jose-miguel-soriano-del-castillo\/","name":"Jos\u00e9 Miguel Soriano Del Castillo - Academia Espa\u00f1ola de Nutrici\u00f3n y Diet\u00e9tica","isPartOf":{"@id":"https:\/\/www.academianutricionydietetica.org\/pro\/#website"},"datePublished":"2019-06-13T09:50:52+00:00","dateModified":"2022-07-12T15:37:58+00:00","breadcrumb":{"@id":"https:\/\/www.academianutricionydietetica.org\/pro\/la-academia\/organos-de-gobierno\/jose-miguel-soriano-del-castillo\/#breadcrumb"},"inLanguage":"es","potentialAction":[{"@type":"ReadAction","target":["https:\/\/www.academianutricionydietetica.org\/pro\/la-academia\/organos-de-gobierno\/jose-miguel-soriano-del-castillo\/"]}]},{"@type":"BreadcrumbList","@id":"https:\/\/www.academianutricionydietetica.org\/pro\/la-academia\/organos-de-gobierno\/jose-miguel-soriano-del-castillo\/#breadcrumb","itemListElement":[{"@type":"ListItem","position":1,"name":"Inicio","item":"https:\/\/www.academianutricionydietetica.org\/pro\/"},{"@type":"ListItem","position":2,"name":"La academia","item":"https:\/\/www.academianutricionydietetica.org\/pro\/la-academia\/"},{"@type":"ListItem","position":3,"name":"\u00d3rganos de Gobierno","item":"https:\/\/www.academianutricionydietetica.org\/pro\/la-academia\/organos-de-gobierno\/"},{"@type":"ListItem","position":4,"name":"Jos\u00e9 Miguel Soriano Del Castillo"}]},{"@type":"WebSite","@id":"https:\/\/www.academianutricionydietetica.org\/pro\/#website","url":"https:\/\/www.academianutricionydietetica.org\/pro\/","name":"Academia Espa\u00f1ola de Nutrici\u00f3n y Diet\u00e9tica","description":"Formaci\u00f3n, noticias, jornadas y eventos","potentialAction":[{"@type":"SearchAction","target":{"@type":"EntryPoint","urlTemplate":"https:\/\/www.academianutricionydietetica.org\/pro\/?s={search_term_string}"},"query-input":{"@type":"PropertyValueSpecification","valueRequired":true,"valueName":"search_term_string"}}],"inLanguage":"es"}]}},"_links":{"self":[{"href":"https:\/\/www.academianutricionydietetica.org\/pro\/wp-json\/wp\/v2\/pages\/18745","targetHints":{"allow":["GET"]}}],"collection":[{"href":"https:\/\/www.academianutricionydietetica.org\/pro\/wp-json\/wp\/v2\/pages"}],"about":[{"href":"https:\/\/www.academianutricionydietetica.org\/pro\/wp-json\/wp\/v2\/types\/page"}],"author":[{"embeddable":true,"href":"https:\/\/www.academianutricionydietetica.org\/pro\/wp-json\/wp\/v2\/users\/4"}],"replies":[{"embeddable":true,"href":"https:\/\/www.academianutricionydietetica.org\/pro\/wp-json\/wp\/v2\/comments?post=18745"}],"version-history":[{"count":3,"href":"https:\/\/www.academianutricionydietetica.org\/pro\/wp-json\/wp\/v2\/pages\/18745\/revisions"}],"predecessor-version":[{"id":19537,"href":"https:\/\/www.academianutricionydietetica.org\/pro\/wp-json\/wp\/v2\/pages\/18745\/revisions\/19537"}],"up":[{"embeddable":true,"href":"https:\/\/www.academianutricionydietetica.org\/pro\/wp-json\/wp\/v2\/pages\/16188"}],"wp:attachment":[{"href":"https:\/\/www.academianutricionydietetica.org\/pro\/wp-json\/wp\/v2\/media?parent=18745"}],"curies":[{"name":"wp","href":"https:\/\/api.w.org\/{rel}","templated":true}]}}

José Miguel Soriano Del Castillo

<p>[vc_row dfd_row_responsive_enable=»dfd-row-responsive-enable» responsive_styles=»padding_left_mobile:20|padding_right_mobile:20&#8243;][vc_column]<div class="dfd-spacer-module"  data-units="px" data-wide_resolution="1280" data-wide_size="80" data-normal_resolution="1024" data-normal_size="60" data-tablet_resolution="800" data-tablet_size="40" data-mobile_resolution="480" data-mobile_size="40" style="height: 80px;"></div><div class="dfd-info-banner style-05 responsive-team-members text-center" ><div class="image-cover "><img loading="lazy" decoding="async" src="https://www.academianutricionydietetica.org/pro/uploads/2019/06/36-150x150.jpg" alt="Image"  width="150" height="150" class="info-banner-image " /></div><div class="content-wrap"><h2 class="info-box-title " style="font-size: 22px; line-height: 26.4px; letter-spacing: 1px; ">José Miguel Soriano Del Castillo</h2><h3 class="info-box-subtitle widget-sub-title " style="">Miembros de honor y eméritos</h3><div class="wrap-delimiter"><div class="delimiter" ></div></div><div class="description" style="">José Miguel Soriano del Castillo es profesor titular del Área de Nutrición y Bromatología del Departamento de Medicina Preventiva y Salud Pública de la Facultad de Farmacia de la Universitat de València, donde imparte clases de dietoterapia y nutrición en situaciones de emergencia. Es, actualmente, delegado del Rector para Cooperación de la Universitat de València. Es Doctor con premio extraordinario por la Universitat de València (2003), y ha realizado estancias docentes-investigadoras en la Agence Française de Sécurité Sanitaire des Aliments (Francia), Istituto Superiore di Sanità (Italia), National Research Center (Egipto), Akershus University College (Noruega), Universidad Nacional de La Plata (Argentina), Instituto Nacional Materno-Perinatal (Perú) y la Universidad de El Salvador. Es el editor de siete libros y ha publicado 50 capítulos de libros y más de un centenar de artículos en revistas nacionales e internacionales. Ha recibido varios premios; incluyendo el Premio de Investigación del Instituto de Estudios del Huevo (2004), Premio de la Asociación Benéfico-Docente «Profesor Vicente Callao» de la Academia Iberoamericana de Farmacia (2004), el XI Premio Valencia se Solidariza-Modalidad beca de investigación social de l&#8217;Ajuntament de València (2008), Premio a la Excelencia Docente de la Conselleria de Educación-Consell Social de la Universitat de València (2009) y el Premio Cascajares para investigadores jóvenes del Grupo de Microbiología de Alimentos de la Sociedad Española de Microbiología (2010). Es Director de las siguientes unidades; Observatorio de Nutrición y Seguridad Alimentaria para el Mundo en Desarrollo-Universitat de València, del Food&amp;HealthLab, promovido por el Campus de Excelencia Internacional VLC/CAMPUS, mediante el programa de creación de Ecosistemas Innovadores financiado por el Ministerio de Educación, Cultura y Deporte, de la Clínica Universitaria de Nutrición, Actividad Física y Fisioterapia (CUNAFF) de la Fundació Lluís Alcanyís-Universitat de València, del Gastrolab del Instituto de Ciencia de los Materiales-Parc Científic de la Universitat de València, además de ser el co-director de la Unidad Mixta de Investigación en Endocrinología, Nutrición y Dietética Clínica de la Universitat de València-Instituto de Investigación Sanitaria La Fe. Ha sido el responsable de la creación e implementación del primer banco de leche materna en Lima (Perú). Sus tareas de investigación han estado encaminadas en el campo de la nutrición en ayuda humanitaria y cooperación al desarrollo, dietoterapia y seguridad alimentaria.</div></div></div><div class="dfd-spacer-module"  data-units="px" data-wide_resolution="1280" data-wide_size="80" data-normal_resolution="1024" data-normal_size="60" data-tablet_resolution="800" data-tablet_size="40" data-mobile_resolution="480" data-mobile_size="40" style="height: 80px;"></div>[/vc_column][/vc_row]</p>

<!-- This site is optimized with the Yoast SEO plugin v26.7 - https://yoast.com/wordpress/plugins/seo/ -->
<title>José Miguel Soriano Del Castillo - Academia Española de Nutrición y Dietética</title>
<meta name="robots" content="index, follow, max-snippet:-1, max-image-preview:large, max-video-preview:-1" />
<link rel="canonical" href="https://www.academianutricionydietetica.org/pro/la-academia/organos-de-gobierno/jose-miguel-soriano-del-castillo/" />
<meta property="og:locale" content="es_ES" />
<meta property="og:type" content="article" />
<meta property="og:title" content="José Miguel Soriano Del Castillo - Academia Española de Nutrición y Dietética" />
<meta property="og:description" content="[vc_row dfd_row_responsive_enable=»dfd-row-responsive-enable» responsive_styles=»padding_left_mobile:20|padding_right_mobile:20&#8243;][vc_column][/vc_column][/vc_row]" />
<meta property="og:url" content="https://www.academianutricionydietetica.org/pro/la-academia/organos-de-gobierno/jose-miguel-soriano-del-castillo/" />
<meta property="og:site_name" content="Academia Española de Nutrición y Dietética" />
<meta property="article:modified_time" content="2022-07-12T15:37:58+00:00" />
<meta name="twitter:card" content="summary_large_image" />
<meta name="twitter:label1" content="Tiempo de lectura" />
	<meta name="twitter:data1" content="3 minutos" />
<script type="application/ld+json" class="yoast-schema-graph">{"@context":"https://schema.org","@graph":[{"@type":"WebPage","@id":"https://www.academianutricionydietetica.org/pro/la-academia/organos-de-gobierno/jose-miguel-soriano-del-castillo/","url":"https://www.academianutricionydietetica.org/pro/la-academia/organos-de-gobierno/jose-miguel-soriano-del-castillo/","name":"José Miguel Soriano Del Castillo - Academia Española de Nutrición y Dietética","isPartOf":{"@id":"https://www.academianutricionydietetica.org/pro/#website"},"datePublished":"2019-06-13T09:50:52+00:00","dateModified":"2022-07-12T15:37:58+00:00","breadcrumb":{"@id":"https://www.academianutricionydietetica.org/pro/la-academia/organos-de-gobierno/jose-miguel-soriano-del-castillo/#breadcrumb"},"inLanguage":"es","potentialAction":[{"@type":"ReadAction","target":["https://www.academianutricionydietetica.org/pro/la-academia/organos-de-gobierno/jose-miguel-soriano-del-castillo/"]}]},{"@type":"BreadcrumbList","@id":"https://www.academianutricionydietetica.org/pro/la-academia/organos-de-gobierno/jose-miguel-soriano-del-castillo/#breadcrumb","itemListElement":[{"@type":"ListItem","position":1,"name":"Inicio","item":"https://www.academianutricionydietetica.org/pro/"},{"@type":"ListItem","position":2,"name":"La academia","item":"https://www.academianutricionydietetica.org/pro/la-academia/"},{"@type":"ListItem","position":3,"name":"Órganos de Gobierno","item":"https://www.academianutricionydietetica.org/pro/la-academia/organos-de-gobierno/"},{"@type":"ListItem","position":4,"name":"José Miguel Soriano Del Castillo"}]},{"@type":"WebSite","@id":"https://www.academianutricionydietetica.org/pro/#website","url":"https://www.academianutricionydietetica.org/pro/","name":"Academia Española de Nutrición y Dietética","description":"Formación, noticias, jornadas y eventos","potentialAction":[{"@type":"SearchAction","target":{"@type":"EntryPoint","urlTemplate":"https://www.academianutricionydietetica.org/pro/?s={search_term_string}"},"query-input":{"@type":"PropertyValueSpecification","valueRequired":true,"valueName":"search_term_string"}}],"inLanguage":"es"}]}</script>
<!-- / Yoast SEO plugin. -->

José Miguel Soriano Del Castillo - Academia Española de Nutrición y Dietética

Academia Española de Nutrición y Dietética

Órganos de Gobierno

Formación, noticias, jornadas y eventos
