{"id":21868,"date":"2023-11-21T15:19:10","date_gmt":"2023-11-21T15:19:10","guid":{"rendered":"https:\/\/www.academianutricionydietetica.org\/pro\/?page_id=21868"},"modified":"2023-11-21T15:25:06","modified_gmt":"2023-11-21T15:25:06","slug":"margarida-ribo-coll","status":"publish","type":"page","link":"https:\/\/www.academianutricionydietetica.org\/pro\/la-academia\/organos-de-gobierno\/margarida-ribo-coll\/","title":{"rendered":"Margarida Rib\u00f3 Coll"},"content":{"rendered":"<p>[vc_row dfd_row_responsive_enable=\u00bbdfd-row-responsive-enable\u00bb responsive_styles=\u00bbpadding_left_mobile:20|padding_right_mobile:20&#8243;][vc_column]<div class=\"dfd-spacer-module\"  data-units=\"px\" data-wide_resolution=\"1280\" data-wide_size=\"80\" data-normal_resolution=\"1024\" data-normal_size=\"60\" data-tablet_resolution=\"800\" data-tablet_size=\"40\" data-mobile_resolution=\"480\" data-mobile_size=\"40\" style=\"height: 80px;\"><\/div><div class=\"dfd-info-banner style-05 responsive-team-members text-center\" ><div class=\"image-cover \"><img loading=\"lazy\" decoding=\"async\" src=\"https:\/\/www.academianutricionydietetica.org\/pro\/uploads\/2023\/11\/FOTOGRAFIA-Margarida-RIbo-150x150.png\" alt=\"Image\"  width=\"150\" height=\"150\" class=\"info-banner-image \" \/><\/div><div class=\"content-wrap\"><h2 class=\"info-box-title \" style=\"font-size: 22px; line-height: 26.4px; letter-spacing: 1px; \">Margarida Rib\u00f3 Coll<\/h2><h3 class=\"info-box-subtitle widget-sub-title \" style=\"\">Acad\u00e9micos de n\u00famero<\/h3><div class=\"wrap-delimiter\"><div class=\"delimiter\" ><\/div><\/div><div class=\"description\" style=\"\">Diplomada en Enfermer\u00eda (Universidad de Barcelona (UB), 1991), y Diplomada en<br \/>\nNutrici\u00f3n Humana por la UB, ampli\u00e9 mis estudios con el Diploma de Nutrition du Sportif<br \/>\nAF CREFF (Universit\u00e9 Pierre et Marie Curie (UPMC), 2004), el Diploma Universitario<br \/>\nen Pathologies Neuro-fonctionnelles por la Universit\u00e9 de Bourgogne (uB, 2006), el<br \/>\nDiploma Interuniversitario Alimentaci\u00f3n Sant\u00e9 et Micronutrition (uB, 2007), as\u00ed como el<br \/>\nM\u00e1ster en Nutrici\u00f3n y Metabolismo (Universidad Rovira i Virgili (URV)\/ Universidad de<br \/>\nBarcelona (UB)\/ Universidad de las Islas Baleares (UIB) Diplomada en Nutrici\u00f3n<br \/>\nHumana y Diet\u00e9tica (UB, 2011). Doctora en Alimentaci\u00f3n y Nutrici\u00f3n por la Universidad<br \/>\nde Barcelona (2022), con la m\u00e1xima calificaci\u00f3n de excelente con menci\u00f3n Cum Laude.<br \/>\nDurante 8 a\u00f1os, he formado parte de diversos equipos de investigaci\u00f3n en el Hospital<br \/>\nCl\u00ednic de Barcelona, dentro del Servicio de Medicina interna del Hospital Cl\u00ednic de<br \/>\nBarcelona, dentro del grupo de investigaci\u00f3n: Riesgo Cardiovascular, Nutrici\u00f3n y<br \/>\nEnvejecimiento, participando en diversos proyectos como nutricionista en el estudio de<br \/>\nla Irvingia Gabonensis (2013) y en el estudio PREDIMED (PREvenci\u00f3n con DIeta<br \/>\nMEDiterr\u00e1nea) (2014-2022) realizando mi tesis doctoral y desarrollando mi formaci\u00f3n<br \/>\ninvestigadora con diversas publicaciones cient\u00edficas sobre dieta Mediterr\u00e1nea, riesgo<br \/>\ncardiovascular y mejoras en los resultados cl\u00ednicos y farmacol\u00f3gicos.<br \/>\nDesde el a\u00f1o 1995 dirijo mi propio centro en Sabadell, Barcelona, d\u00f3nde me he<br \/>\nespecializado en Nutrici\u00f3n Cl\u00ednica, Dietoterapia, Nutrici\u00f3n y Deporte y Micronutrici\u00f3n,<br \/>\ndonde las principales actividades y responsabilidades que realizo son las de establecer<br \/>\npautas diet\u00e9ticas personalizadas (previo diagnostico diet\u00e9tico) y elaborar estrategias<br \/>\nnutricionales en funci\u00f3n del modo de vida, de los gustos y de las necesidades de la<br \/>\npersona. Asimismo, formo parte del cuerpo docente en el M\u00e1ster Enfermera Imagen<br \/>\nCorporal y Dermoest\u00e9tica (ACCDDI) acreditado por la Universidad Cat\u00f3lica de Murcia<br \/>\n(UCAM). Tambi\u00e9n he colaborado en medios de comunicaci\u00f3n y he elaborado diferentes<br \/>\nart\u00edculos sobre temas relacionados con la Nutrici\u00f3n.<br \/>\nHe asistido a m\u00faltiples congresos nacionales e internacionales, presentando los<br \/>\nresultados de mis trabajos de investigaci\u00f3n en formato p\u00f3ster.<\/div><\/div><\/div><div class=\"dfd-spacer-module\"  data-units=\"px\" data-wide_resolution=\"1280\" data-wide_size=\"80\" data-normal_resolution=\"1024\" data-normal_size=\"60\" data-tablet_resolution=\"800\" data-tablet_size=\"40\" data-mobile_resolution=\"480\" data-mobile_size=\"40\" style=\"height: 80px;\"><\/div>[\/vc_column][\/vc_row]<\/p>\n","protected":false},"excerpt":{"rendered":"<p>[vc_row dfd_row_responsive_enable=\u00bbdfd-row-responsive-enable\u00bb responsive_styles=\u00bbpadding_left_mobile:20|padding_right_mobile:20&#8243;][vc_column][\/vc_column][\/vc_row]<\/p>\n","protected":false},"author":4,"featured_media":0,"parent":16188,"menu_order":0,"comment_status":"closed","ping_status":"closed","template":"page-custom-with-header.php","meta":{"_acf_changed":false,"_monsterinsights_skip_tracking":false,"_monsterinsights_sitenote_active":false,"_monsterinsights_sitenote_note":"","_monsterinsights_sitenote_category":0,"footnotes":""},"class_list":["post-21868","page","type-page","status-publish","hentry"],"acf":[],"yoast_head":"<!-- This site is optimized with the Yoast SEO plugin v26.7 - https:\/\/yoast.com\/wordpress\/plugins\/seo\/ -->\n<title>Margarida Rib\u00f3 Coll - Academia Espa\u00f1ola de Nutrici\u00f3n y Diet\u00e9tica<\/title>\n<meta name=\"robots\" content=\"index, follow, max-snippet:-1, max-image-preview:large, max-video-preview:-1\" \/>\n<link rel=\"canonical\" href=\"https:\/\/www.academianutricionydietetica.org\/pro\/la-academia\/organos-de-gobierno\/margarida-ribo-coll\/\" \/>\n<meta property=\"og:locale\" content=\"es_ES\" \/>\n<meta property=\"og:type\" content=\"article\" \/>\n<meta property=\"og:title\" content=\"Margarida Rib\u00f3 Coll - Academia Espa\u00f1ola de Nutrici\u00f3n y Diet\u00e9tica\" \/>\n<meta property=\"og:description\" content=\"[vc_row dfd_row_responsive_enable=\u00bbdfd-row-responsive-enable\u00bb responsive_styles=\u00bbpadding_left_mobile:20|padding_right_mobile:20&#8243;][vc_column][\/vc_column][\/vc_row]\" \/>\n<meta property=\"og:url\" content=\"https:\/\/www.academianutricionydietetica.org\/pro\/la-academia\/organos-de-gobierno\/margarida-ribo-coll\/\" \/>\n<meta property=\"og:site_name\" content=\"Academia Espa\u00f1ola de Nutrici\u00f3n y Diet\u00e9tica\" \/>\n<meta property=\"article:modified_time\" content=\"2023-11-21T15:25:06+00:00\" \/>\n<meta name=\"twitter:card\" content=\"summary_large_image\" \/>\n<meta name=\"twitter:label1\" content=\"Tiempo de lectura\" \/>\n\t<meta name=\"twitter:data1\" content=\"2 minutos\" \/>\n<script type=\"application\/ld+json\" class=\"yoast-schema-graph\">{\"@context\":\"https:\/\/schema.org\",\"@graph\":[{\"@type\":\"WebPage\",\"@id\":\"https:\/\/www.academianutricionydietetica.org\/pro\/la-academia\/organos-de-gobierno\/margarida-ribo-coll\/\",\"url\":\"https:\/\/www.academianutricionydietetica.org\/pro\/la-academia\/organos-de-gobierno\/margarida-ribo-coll\/\",\"name\":\"Margarida Rib\u00f3 Coll - Academia Espa\u00f1ola de Nutrici\u00f3n y Diet\u00e9tica\",\"isPartOf\":{\"@id\":\"https:\/\/www.academianutricionydietetica.org\/pro\/#website\"},\"datePublished\":\"2023-11-21T15:19:10+00:00\",\"dateModified\":\"2023-11-21T15:25:06+00:00\",\"breadcrumb\":{\"@id\":\"https:\/\/www.academianutricionydietetica.org\/pro\/la-academia\/organos-de-gobierno\/margarida-ribo-coll\/#breadcrumb\"},\"inLanguage\":\"es\",\"potentialAction\":[{\"@type\":\"ReadAction\",\"target\":[\"https:\/\/www.academianutricionydietetica.org\/pro\/la-academia\/organos-de-gobierno\/margarida-ribo-coll\/\"]}]},{\"@type\":\"BreadcrumbList\",\"@id\":\"https:\/\/www.academianutricionydietetica.org\/pro\/la-academia\/organos-de-gobierno\/margarida-ribo-coll\/#breadcrumb\",\"itemListElement\":[{\"@type\":\"ListItem\",\"position\":1,\"name\":\"Inicio\",\"item\":\"https:\/\/www.academianutricionydietetica.org\/pro\/\"},{\"@type\":\"ListItem\",\"position\":2,\"name\":\"La academia\",\"item\":\"https:\/\/www.academianutricionydietetica.org\/pro\/la-academia\/\"},{\"@type\":\"ListItem\",\"position\":3,\"name\":\"\u00d3rganos de Gobierno\",\"item\":\"https:\/\/www.academianutricionydietetica.org\/pro\/la-academia\/organos-de-gobierno\/\"},{\"@type\":\"ListItem\",\"position\":4,\"name\":\"Margarida Rib\u00f3 Coll\"}]},{\"@type\":\"WebSite\",\"@id\":\"https:\/\/www.academianutricionydietetica.org\/pro\/#website\",\"url\":\"https:\/\/www.academianutricionydietetica.org\/pro\/\",\"name\":\"Academia Espa\u00f1ola de Nutrici\u00f3n y Diet\u00e9tica\",\"description\":\"Formaci\u00f3n, noticias, jornadas y eventos\",\"potentialAction\":[{\"@type\":\"SearchAction\",\"target\":{\"@type\":\"EntryPoint\",\"urlTemplate\":\"https:\/\/www.academianutricionydietetica.org\/pro\/?s={search_term_string}\"},\"query-input\":{\"@type\":\"PropertyValueSpecification\",\"valueRequired\":true,\"valueName\":\"search_term_string\"}}],\"inLanguage\":\"es\"}]}<\/script>\n<!-- \/ Yoast SEO plugin. -->","yoast_head_json":{"title":"Margarida Rib\u00f3 Coll - Academia Espa\u00f1ola de Nutrici\u00f3n y Diet\u00e9tica","robots":{"index":"index","follow":"follow","max-snippet":"max-snippet:-1","max-image-preview":"max-image-preview:large","max-video-preview":"max-video-preview:-1"},"canonical":"https:\/\/www.academianutricionydietetica.org\/pro\/la-academia\/organos-de-gobierno\/margarida-ribo-coll\/","og_locale":"es_ES","og_type":"article","og_title":"Margarida Rib\u00f3 Coll - Academia Espa\u00f1ola de Nutrici\u00f3n y Diet\u00e9tica","og_description":"[vc_row dfd_row_responsive_enable=\u00bbdfd-row-responsive-enable\u00bb responsive_styles=\u00bbpadding_left_mobile:20|padding_right_mobile:20&#8243;][vc_column][\/vc_column][\/vc_row]","og_url":"https:\/\/www.academianutricionydietetica.org\/pro\/la-academia\/organos-de-gobierno\/margarida-ribo-coll\/","og_site_name":"Academia Espa\u00f1ola de Nutrici\u00f3n y Diet\u00e9tica","article_modified_time":"2023-11-21T15:25:06+00:00","twitter_card":"summary_large_image","twitter_misc":{"Tiempo de lectura":"2 minutos"},"schema":{"@context":"https:\/\/schema.org","@graph":[{"@type":"WebPage","@id":"https:\/\/www.academianutricionydietetica.org\/pro\/la-academia\/organos-de-gobierno\/margarida-ribo-coll\/","url":"https:\/\/www.academianutricionydietetica.org\/pro\/la-academia\/organos-de-gobierno\/margarida-ribo-coll\/","name":"Margarida Rib\u00f3 Coll - Academia Espa\u00f1ola de Nutrici\u00f3n y Diet\u00e9tica","isPartOf":{"@id":"https:\/\/www.academianutricionydietetica.org\/pro\/#website"},"datePublished":"2023-11-21T15:19:10+00:00","dateModified":"2023-11-21T15:25:06+00:00","breadcrumb":{"@id":"https:\/\/www.academianutricionydietetica.org\/pro\/la-academia\/organos-de-gobierno\/margarida-ribo-coll\/#breadcrumb"},"inLanguage":"es","potentialAction":[{"@type":"ReadAction","target":["https:\/\/www.academianutricionydietetica.org\/pro\/la-academia\/organos-de-gobierno\/margarida-ribo-coll\/"]}]},{"@type":"BreadcrumbList","@id":"https:\/\/www.academianutricionydietetica.org\/pro\/la-academia\/organos-de-gobierno\/margarida-ribo-coll\/#breadcrumb","itemListElement":[{"@type":"ListItem","position":1,"name":"Inicio","item":"https:\/\/www.academianutricionydietetica.org\/pro\/"},{"@type":"ListItem","position":2,"name":"La academia","item":"https:\/\/www.academianutricionydietetica.org\/pro\/la-academia\/"},{"@type":"ListItem","position":3,"name":"\u00d3rganos de Gobierno","item":"https:\/\/www.academianutricionydietetica.org\/pro\/la-academia\/organos-de-gobierno\/"},{"@type":"ListItem","position":4,"name":"Margarida Rib\u00f3 Coll"}]},{"@type":"WebSite","@id":"https:\/\/www.academianutricionydietetica.org\/pro\/#website","url":"https:\/\/www.academianutricionydietetica.org\/pro\/","name":"Academia Espa\u00f1ola de Nutrici\u00f3n y Diet\u00e9tica","description":"Formaci\u00f3n, noticias, jornadas y eventos","potentialAction":[{"@type":"SearchAction","target":{"@type":"EntryPoint","urlTemplate":"https:\/\/www.academianutricionydietetica.org\/pro\/?s={search_term_string}"},"query-input":{"@type":"PropertyValueSpecification","valueRequired":true,"valueName":"search_term_string"}}],"inLanguage":"es"}]}},"_links":{"self":[{"href":"https:\/\/www.academianutricionydietetica.org\/pro\/wp-json\/wp\/v2\/pages\/21868","targetHints":{"allow":["GET"]}}],"collection":[{"href":"https:\/\/www.academianutricionydietetica.org\/pro\/wp-json\/wp\/v2\/pages"}],"about":[{"href":"https:\/\/www.academianutricionydietetica.org\/pro\/wp-json\/wp\/v2\/types\/page"}],"author":[{"embeddable":true,"href":"https:\/\/www.academianutricionydietetica.org\/pro\/wp-json\/wp\/v2\/users\/4"}],"replies":[{"embeddable":true,"href":"https:\/\/www.academianutricionydietetica.org\/pro\/wp-json\/wp\/v2\/comments?post=21868"}],"version-history":[{"count":1,"href":"https:\/\/www.academianutricionydietetica.org\/pro\/wp-json\/wp\/v2\/pages\/21868\/revisions"}],"predecessor-version":[{"id":21869,"href":"https:\/\/www.academianutricionydietetica.org\/pro\/wp-json\/wp\/v2\/pages\/21868\/revisions\/21869"}],"up":[{"embeddable":true,"href":"https:\/\/www.academianutricionydietetica.org\/pro\/wp-json\/wp\/v2\/pages\/16188"}],"wp:attachment":[{"href":"https:\/\/www.academianutricionydietetica.org\/pro\/wp-json\/wp\/v2\/media?parent=21868"}],"curies":[{"name":"wp","href":"https:\/\/api.w.org\/{rel}","templated":true}]}}

Margarida Ribó Coll

<p>[vc_row dfd_row_responsive_enable=»dfd-row-responsive-enable» responsive_styles=»padding_left_mobile:20|padding_right_mobile:20&#8243;][vc_column]<div class="dfd-spacer-module"  data-units="px" data-wide_resolution="1280" data-wide_size="80" data-normal_resolution="1024" data-normal_size="60" data-tablet_resolution="800" data-tablet_size="40" data-mobile_resolution="480" data-mobile_size="40" style="height: 80px;"></div><div class="dfd-info-banner style-05 responsive-team-members text-center" ><div class="image-cover "><img loading="lazy" decoding="async" src="https://www.academianutricionydietetica.org/pro/uploads/2023/11/FOTOGRAFIA-Margarida-RIbo-150x150.png" alt="Image"  width="150" height="150" class="info-banner-image " /></div><div class="content-wrap"><h2 class="info-box-title " style="font-size: 22px; line-height: 26.4px; letter-spacing: 1px; ">Margarida Ribó Coll</h2><h3 class="info-box-subtitle widget-sub-title " style="">Académicos de número</h3><div class="wrap-delimiter"><div class="delimiter" ></div></div><div class="description" style="">Diplomada en Enfermería (Universidad de Barcelona (UB), 1991), y Diplomada en<br />
Nutrición Humana por la UB, amplié mis estudios con el Diploma de Nutrition du Sportif<br />
AF CREFF (Université Pierre et Marie Curie (UPMC), 2004), el Diploma Universitario<br />
en Pathologies Neuro-fonctionnelles por la Université de Bourgogne (uB, 2006), el<br />
Diploma Interuniversitario Alimentación Santé et Micronutrition (uB, 2007), así como el<br />
Máster en Nutrición y Metabolismo (Universidad Rovira i Virgili (URV)/ Universidad de<br />
Barcelona (UB)/ Universidad de las Islas Baleares (UIB) Diplomada en Nutrición<br />
Humana y Dietética (UB, 2011). Doctora en Alimentación y Nutrición por la Universidad<br />
de Barcelona (2022), con la máxima calificación de excelente con mención Cum Laude.<br />
Durante 8 años, he formado parte de diversos equipos de investigación en el Hospital<br />
Clínic de Barcelona, dentro del Servicio de Medicina interna del Hospital Clínic de<br />
Barcelona, dentro del grupo de investigación: Riesgo Cardiovascular, Nutrición y<br />
Envejecimiento, participando en diversos proyectos como nutricionista en el estudio de<br />
la Irvingia Gabonensis (2013) y en el estudio PREDIMED (PREvención con DIeta<br />
MEDiterránea) (2014-2022) realizando mi tesis doctoral y desarrollando mi formación<br />
investigadora con diversas publicaciones científicas sobre dieta Mediterránea, riesgo<br />
cardiovascular y mejoras en los resultados clínicos y farmacológicos.<br />
Desde el año 1995 dirijo mi propio centro en Sabadell, Barcelona, dónde me he<br />
especializado en Nutrición Clínica, Dietoterapia, Nutrición y Deporte y Micronutrición,<br />
donde las principales actividades y responsabilidades que realizo son las de establecer<br />
pautas dietéticas personalizadas (previo diagnostico dietético) y elaborar estrategias<br />
nutricionales en función del modo de vida, de los gustos y de las necesidades de la<br />
persona. Asimismo, formo parte del cuerpo docente en el Máster Enfermera Imagen<br />
Corporal y Dermoestética (ACCDDI) acreditado por la Universidad Católica de Murcia<br />
(UCAM). También he colaborado en medios de comunicación y he elaborado diferentes<br />
artículos sobre temas relacionados con la Nutrición.<br />
He asistido a múltiples congresos nacionales e internacionales, presentando los<br />
resultados de mis trabajos de investigación en formato póster.</div></div></div><div class="dfd-spacer-module"  data-units="px" data-wide_resolution="1280" data-wide_size="80" data-normal_resolution="1024" data-normal_size="60" data-tablet_resolution="800" data-tablet_size="40" data-mobile_resolution="480" data-mobile_size="40" style="height: 80px;"></div>[/vc_column][/vc_row]</p>

<!-- This site is optimized with the Yoast SEO plugin v26.7 - https://yoast.com/wordpress/plugins/seo/ -->
<title>Margarida Ribó Coll - Academia Española de Nutrición y Dietética</title>
<meta name="robots" content="index, follow, max-snippet:-1, max-image-preview:large, max-video-preview:-1" />
<link rel="canonical" href="https://www.academianutricionydietetica.org/pro/la-academia/organos-de-gobierno/margarida-ribo-coll/" />
<meta property="og:locale" content="es_ES" />
<meta property="og:type" content="article" />
<meta property="og:title" content="Margarida Ribó Coll - Academia Española de Nutrición y Dietética" />
<meta property="og:description" content="[vc_row dfd_row_responsive_enable=»dfd-row-responsive-enable» responsive_styles=»padding_left_mobile:20|padding_right_mobile:20&#8243;][vc_column][/vc_column][/vc_row]" />
<meta property="og:url" content="https://www.academianutricionydietetica.org/pro/la-academia/organos-de-gobierno/margarida-ribo-coll/" />
<meta property="og:site_name" content="Academia Española de Nutrición y Dietética" />
<meta property="article:modified_time" content="2023-11-21T15:25:06+00:00" />
<meta name="twitter:card" content="summary_large_image" />
<meta name="twitter:label1" content="Tiempo de lectura" />
	<meta name="twitter:data1" content="2 minutos" />
<script type="application/ld+json" class="yoast-schema-graph">{"@context":"https://schema.org","@graph":[{"@type":"WebPage","@id":"https://www.academianutricionydietetica.org/pro/la-academia/organos-de-gobierno/margarida-ribo-coll/","url":"https://www.academianutricionydietetica.org/pro/la-academia/organos-de-gobierno/margarida-ribo-coll/","name":"Margarida Ribó Coll - Academia Española de Nutrición y Dietética","isPartOf":{"@id":"https://www.academianutricionydietetica.org/pro/#website"},"datePublished":"2023-11-21T15:19:10+00:00","dateModified":"2023-11-21T15:25:06+00:00","breadcrumb":{"@id":"https://www.academianutricionydietetica.org/pro/la-academia/organos-de-gobierno/margarida-ribo-coll/#breadcrumb"},"inLanguage":"es","potentialAction":[{"@type":"ReadAction","target":["https://www.academianutricionydietetica.org/pro/la-academia/organos-de-gobierno/margarida-ribo-coll/"]}]},{"@type":"BreadcrumbList","@id":"https://www.academianutricionydietetica.org/pro/la-academia/organos-de-gobierno/margarida-ribo-coll/#breadcrumb","itemListElement":[{"@type":"ListItem","position":1,"name":"Inicio","item":"https://www.academianutricionydietetica.org/pro/"},{"@type":"ListItem","position":2,"name":"La academia","item":"https://www.academianutricionydietetica.org/pro/la-academia/"},{"@type":"ListItem","position":3,"name":"Órganos de Gobierno","item":"https://www.academianutricionydietetica.org/pro/la-academia/organos-de-gobierno/"},{"@type":"ListItem","position":4,"name":"Margarida Ribó Coll"}]},{"@type":"WebSite","@id":"https://www.academianutricionydietetica.org/pro/#website","url":"https://www.academianutricionydietetica.org/pro/","name":"Academia Española de Nutrición y Dietética","description":"Formación, noticias, jornadas y eventos","potentialAction":[{"@type":"SearchAction","target":{"@type":"EntryPoint","urlTemplate":"https://www.academianutricionydietetica.org/pro/?s={search_term_string}"},"query-input":{"@type":"PropertyValueSpecification","valueRequired":true,"valueName":"search_term_string"}}],"inLanguage":"es"}]}</script>
<!-- / Yoast SEO plugin. -->

Margarida Ribó Coll - Academia Española de Nutrición y Dietética

Academia Española de Nutrición y Dietética

Órganos de Gobierno

Formación, noticias, jornadas y eventos
