{"id":21875,"date":"2023-11-21T15:36:48","date_gmt":"2023-11-21T15:36:48","guid":{"rendered":"https:\/\/www.academianutricionydietetica.org\/pro\/?page_id=21875"},"modified":"2023-11-21T15:42:02","modified_gmt":"2023-11-21T15:42:02","slug":"ma-dolores-zomeno-fajardo","status":"publish","type":"page","link":"https:\/\/www.academianutricionydietetica.org\/pro\/la-academia\/organos-de-gobierno\/ma-dolores-zomeno-fajardo\/","title":{"rendered":"M\u00aa Dolores Zome\u00f1o Fajardo"},"content":{"rendered":"<p>[vc_row dfd_row_responsive_enable=\u00bbdfd-row-responsive-enable\u00bb responsive_styles=\u00bbpadding_left_mobile:20|padding_right_mobile:20&#8243;][vc_column]<div class=\"dfd-spacer-module\"  data-units=\"px\" data-wide_resolution=\"1280\" data-wide_size=\"80\" data-normal_resolution=\"1024\" data-normal_size=\"60\" data-tablet_resolution=\"800\" data-tablet_size=\"40\" data-mobile_resolution=\"480\" data-mobile_size=\"40\" style=\"height: 80px;\"><\/div><div class=\"dfd-info-banner style-05 responsive-team-members text-center\" ><div class=\"image-cover \"><img loading=\"lazy\" decoding=\"async\" src=\"https:\/\/www.academianutricionydietetica.org\/pro\/uploads\/2023\/11\/Foto_carnet_Dolores_Zomeno-150x150.jpg\" alt=\"Image\"  width=\"150\" height=\"150\" class=\"info-banner-image \" \/><\/div><div class=\"content-wrap\"><h2 class=\"info-box-title \" style=\"font-size: 22px; line-height: 26.4px; letter-spacing: 1px; \">M\u00aa Dolores Zome\u00f1o Fajardo<\/h2><h3 class=\"info-box-subtitle widget-sub-title \" style=\"\">Acad\u00e9micos de n\u00famero<\/h3><div class=\"wrap-delimiter\"><div class=\"delimiter\" ><\/div><\/div><div class=\"description\" style=\"\">Me llamo Mar\u00eda Dolores Zome\u00f1o Fajardo. Soy Diplomada en Nutrici\u00f3n Humana y<br \/>\nDiet\u00e9tica, Licenciada en Ciencia y Tecnolog\u00eda de los Alimentos y Doctora en<br \/>\nAlimentaci\u00f3n y Nutrici\u00f3n por la Universidad de Barcelona (UB), con menci\u00f3n \u201cCum<br \/>\nLaude\u201d.<br \/>\nActualmente, formo parte del personal de trabajo de campo del estudio Predimedplus<br \/>\nque se realiza en el centro Institut Hospital del Mar d\u2019Investigacions M\u00e8diques (IMIM)<br \/>\nsituado en el Parc de Recerca Biom\u00e8dica de Barcelona (PRBB). Es un ensayo cl\u00ednico<br \/>\nde gran escala, multic\u00e9ntrico a nivel nacional sobre recomendaciones de estilo de<br \/>\nvida basadas en Dieta Mediterr\u00e1nea y actividad f\u00edsica en participantes con S\u00edndrome<br \/>\nMetab\u00f3lico. Adem\u00e1s, soy Coordinadora y profesora del 3er curso del Grado en<br \/>\nNutrici\u00f3n Humana y Diet\u00e9tica, en la Facultat de Ci\u00e8ncies de la Salut Blanquerna<br \/>\n(Universidad Ram\u00f3n Llull).<br \/>\nInvestigadora en diferentes proyectos llevados a cabo por la UB: \u201cGastronom\u00eda y<br \/>\nSalud (HUBc)\u201d, \u201cEvaluaci\u00f3n del efecto de pautas de ejercicio f\u00edsico e intervenci\u00f3n<br \/>\nnutricional orientadas a provocar mejoras metab\u00f3licas prolongadas en personas<br \/>\ndiab\u00e9ticas tipo 2\u201d y \u201cDise\u00f1o y aplicaci\u00f3n de pautas de Ejercicio f\u00edsico e intervenci\u00f3n<br \/>\nnutricional orientadas a mejorar la sensibilidad de la insulina\u201d y en el \u201cEstudio<br \/>\nepidemiol\u00f3gico de la Diabetes tipo 2 en Espa\u00f1a\u201d.<br \/>\nColaboradora como docente en el Grupo de Investigaci\u00f3n en Nutrici\u00f3n Aplicada<br \/>\n(GRNA) del departamento de Nutrici\u00f3n y Bromatolog\u00eda de la Facultad de Farmacia<br \/>\n(UB) en el Campus de la Alimentaci\u00f3n. Particip\u00e9 junto con la Dra. Antonia Liz\u00e1rraga<br \/>\nen estudios con los deportistas del F\u00fatbol Club Barcelona (FCB). Llev\u00e9 a cabo la<br \/>\ntutorizaci\u00f3n de dos postgrados a distancia, \u201cNutrici\u00f3n Cl\u00ednica y Ciencia Avanzada en<br \/>\nlos Alimentos\u201d y \u201cNutrici\u00f3n B\u00e1sica y Comunitaria, impartidos por IL3 (UB).<br \/>\nAutora y coautora de manuscritos en el campo de la Nutrici\u00f3n, Epidemiolog\u00eda, Riesgo<br \/>\nCardiovascular y Salud P\u00fablica, identificados en la Web of Science con 42<br \/>\ndocumentos i 349 citaciones. Media de citaciones por art\u00edculo es de 8.4 y el \u00edndice H<br \/>\nes de 8.<br \/>\nObtenci\u00f3n del premio a la mejor comunicaci\u00f3n oral en el I Congreso de la Sociedad<br \/>\nEspa\u00f1ola de Diet\u00e9tica y Nutrici\u00f3n (SEDYN), con el t\u00edtulo de: El Efecto Halo en el<br \/>\nestudio Predimedplus.<br \/>\nFormadora de Dietistas-Nutricionistas del estudio Predimedplus de los centros de<br \/>\nIMIM, Reus y Navarra.<br \/>\nEn el ejercicio como profesora, he tutorizado un n\u00famero considerable de Trabajos de<br \/>\nFin de Grado, dos de los cuales han sido premiados como mejor TFG de los cursos:<br \/>\n2019-20 y 2021-22.<br \/>\nImpartici\u00f3n de seminarios sobre Dieta Mediterr\u00e1nea y Salud.<\/div><\/div><\/div><div class=\"dfd-spacer-module\"  data-units=\"px\" data-wide_resolution=\"1280\" data-wide_size=\"80\" data-normal_resolution=\"1024\" data-normal_size=\"60\" data-tablet_resolution=\"800\" data-tablet_size=\"40\" data-mobile_resolution=\"480\" data-mobile_size=\"40\" style=\"height: 80px;\"><\/div>[\/vc_column][\/vc_row]<\/p>\n","protected":false},"excerpt":{"rendered":"<p>[vc_row dfd_row_responsive_enable=\u00bbdfd-row-responsive-enable\u00bb responsive_styles=\u00bbpadding_left_mobile:20|padding_right_mobile:20&#8243;][vc_column][\/vc_column][\/vc_row]<\/p>\n","protected":false},"author":4,"featured_media":0,"parent":16188,"menu_order":0,"comment_status":"closed","ping_status":"closed","template":"page-custom-with-header.php","meta":{"_acf_changed":false,"_monsterinsights_skip_tracking":false,"_monsterinsights_sitenote_active":false,"_monsterinsights_sitenote_note":"","_monsterinsights_sitenote_category":0,"footnotes":""},"class_list":["post-21875","page","type-page","status-publish","hentry"],"acf":[],"yoast_head":"<!-- This site is optimized with the Yoast SEO plugin v26.7 - https:\/\/yoast.com\/wordpress\/plugins\/seo\/ -->\n<title>M\u00aa Dolores Zome\u00f1o Fajardo - Academia Espa\u00f1ola de Nutrici\u00f3n y Diet\u00e9tica<\/title>\n<meta name=\"robots\" content=\"index, follow, max-snippet:-1, max-image-preview:large, max-video-preview:-1\" \/>\n<link rel=\"canonical\" href=\"https:\/\/www.academianutricionydietetica.org\/pro\/la-academia\/organos-de-gobierno\/ma-dolores-zomeno-fajardo\/\" \/>\n<meta property=\"og:locale\" content=\"es_ES\" \/>\n<meta property=\"og:type\" content=\"article\" \/>\n<meta property=\"og:title\" content=\"M\u00aa Dolores Zome\u00f1o Fajardo - Academia Espa\u00f1ola de Nutrici\u00f3n y Diet\u00e9tica\" \/>\n<meta property=\"og:description\" content=\"[vc_row dfd_row_responsive_enable=\u00bbdfd-row-responsive-enable\u00bb responsive_styles=\u00bbpadding_left_mobile:20|padding_right_mobile:20&#8243;][vc_column][\/vc_column][\/vc_row]\" \/>\n<meta property=\"og:url\" content=\"https:\/\/www.academianutricionydietetica.org\/pro\/la-academia\/organos-de-gobierno\/ma-dolores-zomeno-fajardo\/\" \/>\n<meta property=\"og:site_name\" content=\"Academia Espa\u00f1ola de Nutrici\u00f3n y Diet\u00e9tica\" \/>\n<meta property=\"article:modified_time\" content=\"2023-11-21T15:42:02+00:00\" \/>\n<meta name=\"twitter:card\" content=\"summary_large_image\" \/>\n<meta name=\"twitter:label1\" content=\"Tiempo de lectura\" \/>\n\t<meta name=\"twitter:data1\" content=\"2 minutos\" \/>\n<script type=\"application\/ld+json\" class=\"yoast-schema-graph\">{\"@context\":\"https:\/\/schema.org\",\"@graph\":[{\"@type\":\"WebPage\",\"@id\":\"https:\/\/www.academianutricionydietetica.org\/pro\/la-academia\/organos-de-gobierno\/ma-dolores-zomeno-fajardo\/\",\"url\":\"https:\/\/www.academianutricionydietetica.org\/pro\/la-academia\/organos-de-gobierno\/ma-dolores-zomeno-fajardo\/\",\"name\":\"M\u00aa Dolores Zome\u00f1o Fajardo - Academia Espa\u00f1ola de Nutrici\u00f3n y Diet\u00e9tica\",\"isPartOf\":{\"@id\":\"https:\/\/www.academianutricionydietetica.org\/pro\/#website\"},\"datePublished\":\"2023-11-21T15:36:48+00:00\",\"dateModified\":\"2023-11-21T15:42:02+00:00\",\"breadcrumb\":{\"@id\":\"https:\/\/www.academianutricionydietetica.org\/pro\/la-academia\/organos-de-gobierno\/ma-dolores-zomeno-fajardo\/#breadcrumb\"},\"inLanguage\":\"es\",\"potentialAction\":[{\"@type\":\"ReadAction\",\"target\":[\"https:\/\/www.academianutricionydietetica.org\/pro\/la-academia\/organos-de-gobierno\/ma-dolores-zomeno-fajardo\/\"]}]},{\"@type\":\"BreadcrumbList\",\"@id\":\"https:\/\/www.academianutricionydietetica.org\/pro\/la-academia\/organos-de-gobierno\/ma-dolores-zomeno-fajardo\/#breadcrumb\",\"itemListElement\":[{\"@type\":\"ListItem\",\"position\":1,\"name\":\"Inicio\",\"item\":\"https:\/\/www.academianutricionydietetica.org\/pro\/\"},{\"@type\":\"ListItem\",\"position\":2,\"name\":\"La academia\",\"item\":\"https:\/\/www.academianutricionydietetica.org\/pro\/la-academia\/\"},{\"@type\":\"ListItem\",\"position\":3,\"name\":\"\u00d3rganos de Gobierno\",\"item\":\"https:\/\/www.academianutricionydietetica.org\/pro\/la-academia\/organos-de-gobierno\/\"},{\"@type\":\"ListItem\",\"position\":4,\"name\":\"M\u00aa Dolores Zome\u00f1o Fajardo\"}]},{\"@type\":\"WebSite\",\"@id\":\"https:\/\/www.academianutricionydietetica.org\/pro\/#website\",\"url\":\"https:\/\/www.academianutricionydietetica.org\/pro\/\",\"name\":\"Academia Espa\u00f1ola de Nutrici\u00f3n y Diet\u00e9tica\",\"description\":\"Formaci\u00f3n, noticias, jornadas y eventos\",\"potentialAction\":[{\"@type\":\"SearchAction\",\"target\":{\"@type\":\"EntryPoint\",\"urlTemplate\":\"https:\/\/www.academianutricionydietetica.org\/pro\/?s={search_term_string}\"},\"query-input\":{\"@type\":\"PropertyValueSpecification\",\"valueRequired\":true,\"valueName\":\"search_term_string\"}}],\"inLanguage\":\"es\"}]}<\/script>\n<!-- \/ Yoast SEO plugin. -->","yoast_head_json":{"title":"M\u00aa Dolores Zome\u00f1o Fajardo - Academia Espa\u00f1ola de Nutrici\u00f3n y Diet\u00e9tica","robots":{"index":"index","follow":"follow","max-snippet":"max-snippet:-1","max-image-preview":"max-image-preview:large","max-video-preview":"max-video-preview:-1"},"canonical":"https:\/\/www.academianutricionydietetica.org\/pro\/la-academia\/organos-de-gobierno\/ma-dolores-zomeno-fajardo\/","og_locale":"es_ES","og_type":"article","og_title":"M\u00aa Dolores Zome\u00f1o Fajardo - Academia Espa\u00f1ola de Nutrici\u00f3n y Diet\u00e9tica","og_description":"[vc_row dfd_row_responsive_enable=\u00bbdfd-row-responsive-enable\u00bb responsive_styles=\u00bbpadding_left_mobile:20|padding_right_mobile:20&#8243;][vc_column][\/vc_column][\/vc_row]","og_url":"https:\/\/www.academianutricionydietetica.org\/pro\/la-academia\/organos-de-gobierno\/ma-dolores-zomeno-fajardo\/","og_site_name":"Academia Espa\u00f1ola de Nutrici\u00f3n y Diet\u00e9tica","article_modified_time":"2023-11-21T15:42:02+00:00","twitter_card":"summary_large_image","twitter_misc":{"Tiempo de lectura":"2 minutos"},"schema":{"@context":"https:\/\/schema.org","@graph":[{"@type":"WebPage","@id":"https:\/\/www.academianutricionydietetica.org\/pro\/la-academia\/organos-de-gobierno\/ma-dolores-zomeno-fajardo\/","url":"https:\/\/www.academianutricionydietetica.org\/pro\/la-academia\/organos-de-gobierno\/ma-dolores-zomeno-fajardo\/","name":"M\u00aa Dolores Zome\u00f1o Fajardo - Academia Espa\u00f1ola de Nutrici\u00f3n y Diet\u00e9tica","isPartOf":{"@id":"https:\/\/www.academianutricionydietetica.org\/pro\/#website"},"datePublished":"2023-11-21T15:36:48+00:00","dateModified":"2023-11-21T15:42:02+00:00","breadcrumb":{"@id":"https:\/\/www.academianutricionydietetica.org\/pro\/la-academia\/organos-de-gobierno\/ma-dolores-zomeno-fajardo\/#breadcrumb"},"inLanguage":"es","potentialAction":[{"@type":"ReadAction","target":["https:\/\/www.academianutricionydietetica.org\/pro\/la-academia\/organos-de-gobierno\/ma-dolores-zomeno-fajardo\/"]}]},{"@type":"BreadcrumbList","@id":"https:\/\/www.academianutricionydietetica.org\/pro\/la-academia\/organos-de-gobierno\/ma-dolores-zomeno-fajardo\/#breadcrumb","itemListElement":[{"@type":"ListItem","position":1,"name":"Inicio","item":"https:\/\/www.academianutricionydietetica.org\/pro\/"},{"@type":"ListItem","position":2,"name":"La academia","item":"https:\/\/www.academianutricionydietetica.org\/pro\/la-academia\/"},{"@type":"ListItem","position":3,"name":"\u00d3rganos de Gobierno","item":"https:\/\/www.academianutricionydietetica.org\/pro\/la-academia\/organos-de-gobierno\/"},{"@type":"ListItem","position":4,"name":"M\u00aa Dolores Zome\u00f1o Fajardo"}]},{"@type":"WebSite","@id":"https:\/\/www.academianutricionydietetica.org\/pro\/#website","url":"https:\/\/www.academianutricionydietetica.org\/pro\/","name":"Academia Espa\u00f1ola de Nutrici\u00f3n y Diet\u00e9tica","description":"Formaci\u00f3n, noticias, jornadas y eventos","potentialAction":[{"@type":"SearchAction","target":{"@type":"EntryPoint","urlTemplate":"https:\/\/www.academianutricionydietetica.org\/pro\/?s={search_term_string}"},"query-input":{"@type":"PropertyValueSpecification","valueRequired":true,"valueName":"search_term_string"}}],"inLanguage":"es"}]}},"_links":{"self":[{"href":"https:\/\/www.academianutricionydietetica.org\/pro\/wp-json\/wp\/v2\/pages\/21875","targetHints":{"allow":["GET"]}}],"collection":[{"href":"https:\/\/www.academianutricionydietetica.org\/pro\/wp-json\/wp\/v2\/pages"}],"about":[{"href":"https:\/\/www.academianutricionydietetica.org\/pro\/wp-json\/wp\/v2\/types\/page"}],"author":[{"embeddable":true,"href":"https:\/\/www.academianutricionydietetica.org\/pro\/wp-json\/wp\/v2\/users\/4"}],"replies":[{"embeddable":true,"href":"https:\/\/www.academianutricionydietetica.org\/pro\/wp-json\/wp\/v2\/comments?post=21875"}],"version-history":[{"count":2,"href":"https:\/\/www.academianutricionydietetica.org\/pro\/wp-json\/wp\/v2\/pages\/21875\/revisions"}],"predecessor-version":[{"id":21879,"href":"https:\/\/www.academianutricionydietetica.org\/pro\/wp-json\/wp\/v2\/pages\/21875\/revisions\/21879"}],"up":[{"embeddable":true,"href":"https:\/\/www.academianutricionydietetica.org\/pro\/wp-json\/wp\/v2\/pages\/16188"}],"wp:attachment":[{"href":"https:\/\/www.academianutricionydietetica.org\/pro\/wp-json\/wp\/v2\/media?parent=21875"}],"curies":[{"name":"wp","href":"https:\/\/api.w.org\/{rel}","templated":true}]}}