{"id":21880,"date":"2023-11-21T15:44:27","date_gmt":"2023-11-21T15:44:27","guid":{"rendered":"https:\/\/www.academianutricionydietetica.org\/pro\/?page_id=21880"},"modified":"2023-11-21T15:44:27","modified_gmt":"2023-11-21T15:44:27","slug":"inaki-milton-laskibar","status":"publish","type":"page","link":"https:\/\/www.academianutricionydietetica.org\/pro\/la-academia\/organos-de-gobierno\/inaki-milton-laskibar\/","title":{"rendered":"I\u00f1aki Milton Laskibar"},"content":{"rendered":"<p>[vc_row dfd_row_responsive_enable=\u00bbdfd-row-responsive-enable\u00bb responsive_styles=\u00bbpadding_left_mobile:20|padding_right_mobile:20&#8243;][vc_column]<div class=\"dfd-spacer-module\"  data-units=\"px\" data-wide_resolution=\"1280\" data-wide_size=\"80\" data-normal_resolution=\"1024\" data-normal_size=\"60\" data-tablet_resolution=\"800\" data-tablet_size=\"40\" data-mobile_resolution=\"480\" data-mobile_size=\"40\" style=\"height: 80px;\"><\/div><div class=\"dfd-info-banner style-05 responsive-team-members text-center\" ><div class=\"image-cover \"><img loading=\"lazy\" decoding=\"async\" src=\"https:\/\/www.academianutricionydietetica.org\/pro\/uploads\/2023\/11\/Foto-Inaki-Milton-1-150x150.jpg\" alt=\"Image\"  width=\"150\" height=\"150\" class=\"info-banner-image \" \/><\/div><div class=\"content-wrap\"><h2 class=\"info-box-title \" style=\"font-size: 22px; line-height: 26.4px; letter-spacing: 1px; \">I\u00f1aki Milton Laskibar<\/h2><h3 class=\"info-box-subtitle widget-sub-title \" style=\"\">Acad\u00e9micos de n\u00famero<\/h3><div class=\"wrap-delimiter\"><div class=\"delimiter\" ><\/div><\/div><div class=\"description\" style=\"\">Graduado en Nutrici\u00f3n Humana y Diet\u00e9tica por la Universidad del Pa\u00eds Vasco (2013). M\u00e1ster en<br \/>\nNutrici\u00f3n y Salud por la Universidad del Pa\u00eds Vasco (2014) con premio al mejor expediente<br \/>\nacad\u00e9mico la promoci\u00f3n. Realic\u00e9 mi proyecto de tesis doctoral titulado \u201cEffects of resveratrol,<br \/>\nenergy restriction and the combination of both in the treatment of different health alterations<br \/>\nrelated to metabolic syndrome\u201d en la Universidad del Pa\u00eds Vasco bajo la supervision de la Dra Mar\u00eda<br \/>\nPuy Portillo (Catedr\u00e1tica de Universidad) y la Dra Leixuri Aguirre, para lo cual recib\u00ed una beca de<br \/>\n4 a\u00f1os de duraci\u00f3n del Gobierno Vasco (Programa Predoctoral de Formaci\u00f3n de Personal<br \/>\nInvestigador No Doctor 2014-2015). Como parte de mi formaci\u00f3n doctoral, realic\u00e9 una estancia<br \/>\ninternacional de 3 meses de duraci\u00f3n en el Departamento de Ciencias de la Vida de la Universidad<br \/>\nde Coimbra, bajo la supervisi\u00f3n del Prof Carlos M. Palmeira, para lo cual recib\u00ed una beca del<br \/>\nGobierno Vasco (Ayudas para estancias en centros distintos al de aplicaci\u00f3n del Programa<br \/>\nPredoctoral de Formaci\u00f3n de Personal Investigador 2016-2017). Durante dicho periodo, recib\u00ed el<br \/>\n\u201dPremio a la mejor trayectoria investigadora de pre-doc en el Campus de \u00c1lava de la UPV-EHU\u201d<br \/>\n(Vitoria-Gasteiz, 2017) y el premio a la \u201cExcelencia en Investigaci\u00f3n B\u00e1sica\u201d (Toulouse, 2018). En<br \/>\ndiciembre de 2018 defend\u00ed mi Tesis Doctoral en ingl\u00e9s y euskera, recibiendo la m\u00e1xima calificaci\u00f3n<br \/>\n(Sobresaliente CUM LAUDE) y la menci\u00f3n de Tesis Internacional. Desde febrero de 2019 hasta<br \/>\ndiciembre de 2020 trabaj\u00e9 como investigador contratado y profesor laboral interino en la Facultad<br \/>\nde Farmacia de la Universidad del Pa\u00eds Vasco. Desde enero de 2021 hasta julio de 2022 trabaj\u00e9<br \/>\ncomo investigador Juan de la Cierva Formaci\u00f3n en el grupo de Investigaci\u00f3n \u201cCardiometabolic<br \/>\nNutrition\u201d liderado por el Dr. Alfredo Mart\u00ednez en la Fundaci\u00f3n Imdea Alimentaci\u00f3n en Madrid.<br \/>\nEn julio de 2022 me reincorpor\u00e9 al grupo de investigaci\u00f3n \u201cNutrici\u00f3n y Obesidad\u201d como<br \/>\nbeneficiario de una beca postdoctoral de especializaci\u00f3n de doctores de la Universidad del Pa\u00eds<br \/>\nVasco. Desde el 1 de noviembre trabajo como profesor adjunto en el \u00e1rea de Nutrici\u00f3n y<br \/>\nBromatolog\u00eda de la Facultad de Farmacia de la Universidad del Pa\u00eds Vasco. Para completar mis<br \/>\ncapacidades como investigador, en agosto de 2018 obtuve el t\u00edtulo Certificate of Proficiency in<br \/>\nEnglish (nivel C2).<\/div><\/div><\/div><div class=\"dfd-spacer-module\"  data-units=\"px\" data-wide_resolution=\"1280\" data-wide_size=\"80\" data-normal_resolution=\"1024\" data-normal_size=\"60\" data-tablet_resolution=\"800\" data-tablet_size=\"40\" data-mobile_resolution=\"480\" data-mobile_size=\"40\" style=\"height: 80px;\"><\/div>[\/vc_column][\/vc_row]<\/p>\n","protected":false},"excerpt":{"rendered":"<p>[vc_row dfd_row_responsive_enable=\u00bbdfd-row-responsive-enable\u00bb responsive_styles=\u00bbpadding_left_mobile:20|padding_right_mobile:20&#8243;][vc_column][\/vc_column][\/vc_row]<\/p>\n","protected":false},"author":4,"featured_media":0,"parent":16188,"menu_order":0,"comment_status":"closed","ping_status":"closed","template":"page-custom-with-header.php","meta":{"_acf_changed":false,"_monsterinsights_skip_tracking":false,"_monsterinsights_sitenote_active":false,"_monsterinsights_sitenote_note":"","_monsterinsights_sitenote_category":0,"footnotes":""},"class_list":["post-21880","page","type-page","status-publish","hentry"],"acf":[],"yoast_head":"<!-- This site is optimized with the Yoast SEO plugin v26.7 - https:\/\/yoast.com\/wordpress\/plugins\/seo\/ -->\n<title>I\u00f1aki Milton Laskibar - Academia Espa\u00f1ola de Nutrici\u00f3n y Diet\u00e9tica<\/title>\n<meta name=\"robots\" content=\"index, follow, max-snippet:-1, max-image-preview:large, max-video-preview:-1\" \/>\n<link rel=\"canonical\" href=\"https:\/\/www.academianutricionydietetica.org\/pro\/la-academia\/organos-de-gobierno\/inaki-milton-laskibar\/\" \/>\n<meta property=\"og:locale\" content=\"es_ES\" \/>\n<meta property=\"og:type\" content=\"article\" \/>\n<meta property=\"og:title\" content=\"I\u00f1aki Milton Laskibar - Academia Espa\u00f1ola de Nutrici\u00f3n y Diet\u00e9tica\" \/>\n<meta property=\"og:description\" content=\"[vc_row dfd_row_responsive_enable=\u00bbdfd-row-responsive-enable\u00bb responsive_styles=\u00bbpadding_left_mobile:20|padding_right_mobile:20&#8243;][vc_column][\/vc_column][\/vc_row]\" \/>\n<meta property=\"og:url\" content=\"https:\/\/www.academianutricionydietetica.org\/pro\/la-academia\/organos-de-gobierno\/inaki-milton-laskibar\/\" \/>\n<meta property=\"og:site_name\" content=\"Academia Espa\u00f1ola de Nutrici\u00f3n y Diet\u00e9tica\" \/>\n<meta name=\"twitter:card\" content=\"summary_large_image\" \/>\n<meta name=\"twitter:label1\" content=\"Tiempo de lectura\" \/>\n\t<meta name=\"twitter:data1\" content=\"2 minutos\" \/>\n<script type=\"application\/ld+json\" class=\"yoast-schema-graph\">{\"@context\":\"https:\/\/schema.org\",\"@graph\":[{\"@type\":\"WebPage\",\"@id\":\"https:\/\/www.academianutricionydietetica.org\/pro\/la-academia\/organos-de-gobierno\/inaki-milton-laskibar\/\",\"url\":\"https:\/\/www.academianutricionydietetica.org\/pro\/la-academia\/organos-de-gobierno\/inaki-milton-laskibar\/\",\"name\":\"I\u00f1aki Milton Laskibar - Academia Espa\u00f1ola de Nutrici\u00f3n y Diet\u00e9tica\",\"isPartOf\":{\"@id\":\"https:\/\/www.academianutricionydietetica.org\/pro\/#website\"},\"datePublished\":\"2023-11-21T15:44:27+00:00\",\"breadcrumb\":{\"@id\":\"https:\/\/www.academianutricionydietetica.org\/pro\/la-academia\/organos-de-gobierno\/inaki-milton-laskibar\/#breadcrumb\"},\"inLanguage\":\"es\",\"potentialAction\":[{\"@type\":\"ReadAction\",\"target\":[\"https:\/\/www.academianutricionydietetica.org\/pro\/la-academia\/organos-de-gobierno\/inaki-milton-laskibar\/\"]}]},{\"@type\":\"BreadcrumbList\",\"@id\":\"https:\/\/www.academianutricionydietetica.org\/pro\/la-academia\/organos-de-gobierno\/inaki-milton-laskibar\/#breadcrumb\",\"itemListElement\":[{\"@type\":\"ListItem\",\"position\":1,\"name\":\"Inicio\",\"item\":\"https:\/\/www.academianutricionydietetica.org\/pro\/\"},{\"@type\":\"ListItem\",\"position\":2,\"name\":\"La academia\",\"item\":\"https:\/\/www.academianutricionydietetica.org\/pro\/la-academia\/\"},{\"@type\":\"ListItem\",\"position\":3,\"name\":\"\u00d3rganos de Gobierno\",\"item\":\"https:\/\/www.academianutricionydietetica.org\/pro\/la-academia\/organos-de-gobierno\/\"},{\"@type\":\"ListItem\",\"position\":4,\"name\":\"I\u00f1aki Milton Laskibar\"}]},{\"@type\":\"WebSite\",\"@id\":\"https:\/\/www.academianutricionydietetica.org\/pro\/#website\",\"url\":\"https:\/\/www.academianutricionydietetica.org\/pro\/\",\"name\":\"Academia Espa\u00f1ola de Nutrici\u00f3n y Diet\u00e9tica\",\"description\":\"Formaci\u00f3n, noticias, jornadas y eventos\",\"potentialAction\":[{\"@type\":\"SearchAction\",\"target\":{\"@type\":\"EntryPoint\",\"urlTemplate\":\"https:\/\/www.academianutricionydietetica.org\/pro\/?s={search_term_string}\"},\"query-input\":{\"@type\":\"PropertyValueSpecification\",\"valueRequired\":true,\"valueName\":\"search_term_string\"}}],\"inLanguage\":\"es\"}]}<\/script>\n<!-- \/ Yoast SEO plugin. -->","yoast_head_json":{"title":"I\u00f1aki Milton Laskibar - Academia Espa\u00f1ola de Nutrici\u00f3n y Diet\u00e9tica","robots":{"index":"index","follow":"follow","max-snippet":"max-snippet:-1","max-image-preview":"max-image-preview:large","max-video-preview":"max-video-preview:-1"},"canonical":"https:\/\/www.academianutricionydietetica.org\/pro\/la-academia\/organos-de-gobierno\/inaki-milton-laskibar\/","og_locale":"es_ES","og_type":"article","og_title":"I\u00f1aki Milton Laskibar - Academia Espa\u00f1ola de Nutrici\u00f3n y Diet\u00e9tica","og_description":"[vc_row dfd_row_responsive_enable=\u00bbdfd-row-responsive-enable\u00bb responsive_styles=\u00bbpadding_left_mobile:20|padding_right_mobile:20&#8243;][vc_column][\/vc_column][\/vc_row]","og_url":"https:\/\/www.academianutricionydietetica.org\/pro\/la-academia\/organos-de-gobierno\/inaki-milton-laskibar\/","og_site_name":"Academia Espa\u00f1ola de Nutrici\u00f3n y Diet\u00e9tica","twitter_card":"summary_large_image","twitter_misc":{"Tiempo de lectura":"2 minutos"},"schema":{"@context":"https:\/\/schema.org","@graph":[{"@type":"WebPage","@id":"https:\/\/www.academianutricionydietetica.org\/pro\/la-academia\/organos-de-gobierno\/inaki-milton-laskibar\/","url":"https:\/\/www.academianutricionydietetica.org\/pro\/la-academia\/organos-de-gobierno\/inaki-milton-laskibar\/","name":"I\u00f1aki Milton Laskibar - Academia Espa\u00f1ola de Nutrici\u00f3n y Diet\u00e9tica","isPartOf":{"@id":"https:\/\/www.academianutricionydietetica.org\/pro\/#website"},"datePublished":"2023-11-21T15:44:27+00:00","breadcrumb":{"@id":"https:\/\/www.academianutricionydietetica.org\/pro\/la-academia\/organos-de-gobierno\/inaki-milton-laskibar\/#breadcrumb"},"inLanguage":"es","potentialAction":[{"@type":"ReadAction","target":["https:\/\/www.academianutricionydietetica.org\/pro\/la-academia\/organos-de-gobierno\/inaki-milton-laskibar\/"]}]},{"@type":"BreadcrumbList","@id":"https:\/\/www.academianutricionydietetica.org\/pro\/la-academia\/organos-de-gobierno\/inaki-milton-laskibar\/#breadcrumb","itemListElement":[{"@type":"ListItem","position":1,"name":"Inicio","item":"https:\/\/www.academianutricionydietetica.org\/pro\/"},{"@type":"ListItem","position":2,"name":"La academia","item":"https:\/\/www.academianutricionydietetica.org\/pro\/la-academia\/"},{"@type":"ListItem","position":3,"name":"\u00d3rganos de Gobierno","item":"https:\/\/www.academianutricionydietetica.org\/pro\/la-academia\/organos-de-gobierno\/"},{"@type":"ListItem","position":4,"name":"I\u00f1aki Milton Laskibar"}]},{"@type":"WebSite","@id":"https:\/\/www.academianutricionydietetica.org\/pro\/#website","url":"https:\/\/www.academianutricionydietetica.org\/pro\/","name":"Academia Espa\u00f1ola de Nutrici\u00f3n y Diet\u00e9tica","description":"Formaci\u00f3n, noticias, jornadas y eventos","potentialAction":[{"@type":"SearchAction","target":{"@type":"EntryPoint","urlTemplate":"https:\/\/www.academianutricionydietetica.org\/pro\/?s={search_term_string}"},"query-input":{"@type":"PropertyValueSpecification","valueRequired":true,"valueName":"search_term_string"}}],"inLanguage":"es"}]}},"_links":{"self":[{"href":"https:\/\/www.academianutricionydietetica.org\/pro\/wp-json\/wp\/v2\/pages\/21880","targetHints":{"allow":["GET"]}}],"collection":[{"href":"https:\/\/www.academianutricionydietetica.org\/pro\/wp-json\/wp\/v2\/pages"}],"about":[{"href":"https:\/\/www.academianutricionydietetica.org\/pro\/wp-json\/wp\/v2\/types\/page"}],"author":[{"embeddable":true,"href":"https:\/\/www.academianutricionydietetica.org\/pro\/wp-json\/wp\/v2\/users\/4"}],"replies":[{"embeddable":true,"href":"https:\/\/www.academianutricionydietetica.org\/pro\/wp-json\/wp\/v2\/comments?post=21880"}],"version-history":[{"count":1,"href":"https:\/\/www.academianutricionydietetica.org\/pro\/wp-json\/wp\/v2\/pages\/21880\/revisions"}],"predecessor-version":[{"id":21881,"href":"https:\/\/www.academianutricionydietetica.org\/pro\/wp-json\/wp\/v2\/pages\/21880\/revisions\/21881"}],"up":[{"embeddable":true,"href":"https:\/\/www.academianutricionydietetica.org\/pro\/wp-json\/wp\/v2\/pages\/16188"}],"wp:attachment":[{"href":"https:\/\/www.academianutricionydietetica.org\/pro\/wp-json\/wp\/v2\/media?parent=21880"}],"curies":[{"name":"wp","href":"https:\/\/api.w.org\/{rel}","templated":true}]}}

Iñaki Milton Laskibar

<p>[vc_row dfd_row_responsive_enable=»dfd-row-responsive-enable» responsive_styles=»padding_left_mobile:20|padding_right_mobile:20&#8243;][vc_column]<div class="dfd-spacer-module"  data-units="px" data-wide_resolution="1280" data-wide_size="80" data-normal_resolution="1024" data-normal_size="60" data-tablet_resolution="800" data-tablet_size="40" data-mobile_resolution="480" data-mobile_size="40" style="height: 80px;"></div><div class="dfd-info-banner style-05 responsive-team-members text-center" ><div class="image-cover "><img loading="lazy" decoding="async" src="https://www.academianutricionydietetica.org/pro/uploads/2023/11/Foto-Inaki-Milton-1-150x150.jpg" alt="Image"  width="150" height="150" class="info-banner-image " /></div><div class="content-wrap"><h2 class="info-box-title " style="font-size: 22px; line-height: 26.4px; letter-spacing: 1px; ">Iñaki Milton Laskibar</h2><h3 class="info-box-subtitle widget-sub-title " style="">Académicos de número</h3><div class="wrap-delimiter"><div class="delimiter" ></div></div><div class="description" style="">Graduado en Nutrición Humana y Dietética por la Universidad del País Vasco (2013). Máster en<br />
Nutrición y Salud por la Universidad del País Vasco (2014) con premio al mejor expediente<br />
académico la promoción. Realicé mi proyecto de tesis doctoral titulado “Effects of resveratrol,<br />
energy restriction and the combination of both in the treatment of different health alterations<br />
related to metabolic syndrome” en la Universidad del País Vasco bajo la supervision de la Dra María<br />
Puy Portillo (Catedrática de Universidad) y la Dra Leixuri Aguirre, para lo cual recibí una beca de<br />
4 años de duración del Gobierno Vasco (Programa Predoctoral de Formación de Personal<br />
Investigador No Doctor 2014-2015). Como parte de mi formación doctoral, realicé una estancia<br />
internacional de 3 meses de duración en el Departamento de Ciencias de la Vida de la Universidad<br />
de Coimbra, bajo la supervisión del Prof Carlos M. Palmeira, para lo cual recibí una beca del<br />
Gobierno Vasco (Ayudas para estancias en centros distintos al de aplicación del Programa<br />
Predoctoral de Formación de Personal Investigador 2016-2017). Durante dicho periodo, recibí el<br />
”Premio a la mejor trayectoria investigadora de pre-doc en el Campus de Álava de la UPV-EHU”<br />
(Vitoria-Gasteiz, 2017) y el premio a la “Excelencia en Investigación Básica” (Toulouse, 2018). En<br />
diciembre de 2018 defendí mi Tesis Doctoral en inglés y euskera, recibiendo la máxima calificación<br />
(Sobresaliente CUM LAUDE) y la mención de Tesis Internacional. Desde febrero de 2019 hasta<br />
diciembre de 2020 trabajé como investigador contratado y profesor laboral interino en la Facultad<br />
de Farmacia de la Universidad del País Vasco. Desde enero de 2021 hasta julio de 2022 trabajé<br />
como investigador Juan de la Cierva Formación en el grupo de Investigación “Cardiometabolic<br />
Nutrition” liderado por el Dr. Alfredo Martínez en la Fundación Imdea Alimentación en Madrid.<br />
En julio de 2022 me reincorporé al grupo de investigación “Nutrición y Obesidad” como<br />
beneficiario de una beca postdoctoral de especialización de doctores de la Universidad del País<br />
Vasco. Desde el 1 de noviembre trabajo como profesor adjunto en el área de Nutrición y<br />
Bromatología de la Facultad de Farmacia de la Universidad del País Vasco. Para completar mis<br />
capacidades como investigador, en agosto de 2018 obtuve el título Certificate of Proficiency in<br />
English (nivel C2).</div></div></div><div class="dfd-spacer-module"  data-units="px" data-wide_resolution="1280" data-wide_size="80" data-normal_resolution="1024" data-normal_size="60" data-tablet_resolution="800" data-tablet_size="40" data-mobile_resolution="480" data-mobile_size="40" style="height: 80px;"></div>[/vc_column][/vc_row]</p>

<!-- This site is optimized with the Yoast SEO plugin v26.7 - https://yoast.com/wordpress/plugins/seo/ -->
<title>Iñaki Milton Laskibar - Academia Española de Nutrición y Dietética</title>
<meta name="robots" content="index, follow, max-snippet:-1, max-image-preview:large, max-video-preview:-1" />
<link rel="canonical" href="https://www.academianutricionydietetica.org/pro/la-academia/organos-de-gobierno/inaki-milton-laskibar/" />
<meta property="og:locale" content="es_ES" />
<meta property="og:type" content="article" />
<meta property="og:title" content="Iñaki Milton Laskibar - Academia Española de Nutrición y Dietética" />
<meta property="og:description" content="[vc_row dfd_row_responsive_enable=»dfd-row-responsive-enable» responsive_styles=»padding_left_mobile:20|padding_right_mobile:20&#8243;][vc_column][/vc_column][/vc_row]" />
<meta property="og:url" content="https://www.academianutricionydietetica.org/pro/la-academia/organos-de-gobierno/inaki-milton-laskibar/" />
<meta property="og:site_name" content="Academia Española de Nutrición y Dietética" />
<meta name="twitter:card" content="summary_large_image" />
<meta name="twitter:label1" content="Tiempo de lectura" />
	<meta name="twitter:data1" content="2 minutos" />
<script type="application/ld+json" class="yoast-schema-graph">{"@context":"https://schema.org","@graph":[{"@type":"WebPage","@id":"https://www.academianutricionydietetica.org/pro/la-academia/organos-de-gobierno/inaki-milton-laskibar/","url":"https://www.academianutricionydietetica.org/pro/la-academia/organos-de-gobierno/inaki-milton-laskibar/","name":"Iñaki Milton Laskibar - Academia Española de Nutrición y Dietética","isPartOf":{"@id":"https://www.academianutricionydietetica.org/pro/#website"},"datePublished":"2023-11-21T15:44:27+00:00","breadcrumb":{"@id":"https://www.academianutricionydietetica.org/pro/la-academia/organos-de-gobierno/inaki-milton-laskibar/#breadcrumb"},"inLanguage":"es","potentialAction":[{"@type":"ReadAction","target":["https://www.academianutricionydietetica.org/pro/la-academia/organos-de-gobierno/inaki-milton-laskibar/"]}]},{"@type":"BreadcrumbList","@id":"https://www.academianutricionydietetica.org/pro/la-academia/organos-de-gobierno/inaki-milton-laskibar/#breadcrumb","itemListElement":[{"@type":"ListItem","position":1,"name":"Inicio","item":"https://www.academianutricionydietetica.org/pro/"},{"@type":"ListItem","position":2,"name":"La academia","item":"https://www.academianutricionydietetica.org/pro/la-academia/"},{"@type":"ListItem","position":3,"name":"Órganos de Gobierno","item":"https://www.academianutricionydietetica.org/pro/la-academia/organos-de-gobierno/"},{"@type":"ListItem","position":4,"name":"Iñaki Milton Laskibar"}]},{"@type":"WebSite","@id":"https://www.academianutricionydietetica.org/pro/#website","url":"https://www.academianutricionydietetica.org/pro/","name":"Academia Española de Nutrición y Dietética","description":"Formación, noticias, jornadas y eventos","potentialAction":[{"@type":"SearchAction","target":{"@type":"EntryPoint","urlTemplate":"https://www.academianutricionydietetica.org/pro/?s={search_term_string}"},"query-input":{"@type":"PropertyValueSpecification","valueRequired":true,"valueName":"search_term_string"}}],"inLanguage":"es"}]}</script>
<!-- / Yoast SEO plugin. -->

Iñaki Milton Laskibar - Academia Española de Nutrición y Dietética

Academia Española de Nutrición y Dietética

Órganos de Gobierno

Formación, noticias, jornadas y eventos
