{"id":21909,"date":"2023-11-21T16:51:48","date_gmt":"2023-11-21T16:51:48","guid":{"rendered":"https:\/\/www.academianutricionydietetica.org\/pro\/?page_id=21909"},"modified":"2023-11-21T16:51:48","modified_gmt":"2023-11-21T16:51:48","slug":"jordy-salvany-guerrero","status":"publish","type":"page","link":"https:\/\/www.academianutricionydietetica.org\/pro\/la-academia\/organos-de-gobierno\/jordy-salvany-guerrero\/","title":{"rendered":"Jordy Salvany Guerrero"},"content":{"rendered":"<p>[vc_row dfd_row_responsive_enable=\u00bbdfd-row-responsive-enable\u00bb responsive_styles=\u00bbpadding_left_mobile:20|padding_right_mobile:20&#8243;][vc_column]<div class=\"dfd-spacer-module\"  data-units=\"px\" data-wide_resolution=\"1280\" data-wide_size=\"80\" data-normal_resolution=\"1024\" data-normal_size=\"60\" data-tablet_resolution=\"800\" data-tablet_size=\"40\" data-mobile_resolution=\"480\" data-mobile_size=\"40\" style=\"height: 80px;\"><\/div><div class=\"dfd-info-banner style-05 responsive-team-members text-center\" ><div class=\"image-cover \"><img loading=\"lazy\" decoding=\"async\" src=\"https:\/\/www.academianutricionydietetica.org\/pro\/uploads\/2023\/11\/Jordi-Salvany-150x150.jpg\" alt=\"Image\"  width=\"150\" height=\"150\" class=\"info-banner-image \" \/><\/div><div class=\"content-wrap\"><h2 class=\"info-box-title \" style=\"font-size: 22px; line-height: 26.4px; letter-spacing: 1px; \">Jordy Salvany Guerrero<\/h2><h3 class=\"info-box-subtitle widget-sub-title \" style=\"\">Miembros de honor y em\u00e9ritos<\/h3><div class=\"wrap-delimiter\"><div class=\"delimiter\" ><\/div><\/div><div class=\"description\" style=\"\">Jordi Salvany. Extracto del C.V.<\/p>\n<p>Mi formaci\u00f3n en Diet\u00e9tica se inici\u00f3 en 1979, a partir de mis estudios en la Escuela Universitaria de Enfermer\u00eda de la UB, ampliando conocimientos en el Gabinet d\u00b4Assesoria y Promoci\u00f3 de la Salut (GAPS), la American University of Natural Medic de Miami, la Unitat Operativa de Salut P\u00fablica del Ayuntamiento de Barcelona, la C\u00e1tedra de Medicina Preventiva y Social de la Facultad de Medicina de la UB, el Colegio Oficial de Enfermer\u00eda de Barcelona, la Universidad Internacional Men\u00e9ndez Pelayo, el Institut d\u00b4Estudis de la Salut de la Generalitat de Catalunya, la Fundaci\u00f3 Bosch i Gimpera de la UB, el CESNID de la UB y la Universidad de Navarra.<\/p>\n<p>En 1985 obtuve el Dipl\u00f4me de Di\u00e9t\u00e9tique Superieure de la Universidad de Nancy, t\u00edtulo convalidado por la Universidad de Barcelona en 2012.<\/p>\n<p>Tras mi diplomatura en Nancy realic\u00e9 estudios de postgrado en la misma universidad y en la Universidad de Navarra.<\/p>\n<p>En cuanto a actividad asociativa, hasta la fundaci\u00f3n de la AEDN (y posteriormente durante varios a\u00f1os) fui miembro de la Asociacion de Dietistas de Lengua Francesa (ADLF). Desp\u00faes he sido vocal en las juntas directivas de la Asociaci\u00f3n Espa\u00f1ola de Dietistas-Nutricionistas y la Associaci\u00f3 Catalana de Dietistes-Nutricionistes<\/p>\n<p>Mi trayectoria profesional se inici\u00f3 durante mi servicio militar en 1981, con el dise\u00f1o de dietas de campa\u00f1a y supervivencia para el Ej\u00e9rcito de tierra. Posteriormente fui responsable de la secci\u00f3n de Diet\u00e8tica de la revista Hogar y Moda, inici\u00e9 el departamento de Diet\u00e9tica en el Instituto Francis y fui responsable del Gabinete de Orientaci\u00f3n Diet\u00e9tica y Nutricional de la Cl\u00ednica l\u2019Alian\u00e7a de Girona hasta que, en 1994, inici\u00e9 mi labor en la industria, como asesor t\u00e9cnico i formador de la red comercial i de m\u00e1rketing en Vegenat S.A.<\/p>\n<p>Durante los Juegos de la XXV\u00aa Olimpiada Barcelona\u00b492 trabaj\u00e9 como dietista en el Centro Mars de Nutrici\u00f3n y Deporte (Gran Breta\u00f1a).<\/p>\n<p>He sido redactor-fundador de la revista \u201cActividad Diet\u00e9tica\u201d, \u00f3rgano oficial de la AEDN entre 1996 y 2007.<\/p>\n<p>Como docente, he colaborado con el Patronat Municipal d\u00b4Esports de Salt (Girona), APPA de Peralada (Girona), Creu Roja, INEM, Escola de Gesti\u00f3 Empresarial de Girona y Hospital Virgen Macarena de Sevilla. He sido profesor de Nutrici\u00f3n Deportiva en el Curso de postgrado en Diet\u00e9tica i Nutrici\u00f3n de la Universidad de Barcelona, desde su inicio en 1987 hasta su extinci\u00f3n y professor de Nutrici\u00f3n y Deporte en el Grado de Nutrici\u00f3n Humana y Diet\u00e9tica, Universidad de Vic, desde 1998 hasta 2002. <\/div><\/div><\/div><div class=\"dfd-spacer-module\"  data-units=\"px\" data-wide_resolution=\"1280\" data-wide_size=\"80\" data-normal_resolution=\"1024\" data-normal_size=\"60\" data-tablet_resolution=\"800\" data-tablet_size=\"40\" data-mobile_resolution=\"480\" data-mobile_size=\"40\" style=\"height: 80px;\"><\/div>[\/vc_column][\/vc_row]<\/p>\n","protected":false},"excerpt":{"rendered":"<p>[vc_row dfd_row_responsive_enable=\u00bbdfd-row-responsive-enable\u00bb responsive_styles=\u00bbpadding_left_mobile:20|padding_right_mobile:20&#8243;][vc_column][\/vc_column][\/vc_row]<\/p>\n","protected":false},"author":4,"featured_media":0,"parent":16188,"menu_order":0,"comment_status":"closed","ping_status":"closed","template":"page-custom-with-header.php","meta":{"_acf_changed":false,"_monsterinsights_skip_tracking":false,"_monsterinsights_sitenote_active":false,"_monsterinsights_sitenote_note":"","_monsterinsights_sitenote_category":0,"footnotes":""},"class_list":["post-21909","page","type-page","status-publish","hentry"],"acf":[],"yoast_head":"<!-- This site is optimized with the Yoast SEO plugin v26.7 - https:\/\/yoast.com\/wordpress\/plugins\/seo\/ -->\n<title>Jordy Salvany Guerrero - Academia Espa\u00f1ola de Nutrici\u00f3n y Diet\u00e9tica<\/title>\n<meta name=\"robots\" content=\"index, follow, max-snippet:-1, max-image-preview:large, max-video-preview:-1\" \/>\n<link rel=\"canonical\" href=\"https:\/\/www.academianutricionydietetica.org\/pro\/la-academia\/organos-de-gobierno\/jordy-salvany-guerrero\/\" \/>\n<meta property=\"og:locale\" content=\"es_ES\" \/>\n<meta property=\"og:type\" content=\"article\" \/>\n<meta property=\"og:title\" content=\"Jordy Salvany Guerrero - Academia Espa\u00f1ola de Nutrici\u00f3n y Diet\u00e9tica\" \/>\n<meta property=\"og:description\" content=\"[vc_row dfd_row_responsive_enable=\u00bbdfd-row-responsive-enable\u00bb responsive_styles=\u00bbpadding_left_mobile:20|padding_right_mobile:20&#8243;][vc_column][\/vc_column][\/vc_row]\" \/>\n<meta property=\"og:url\" content=\"https:\/\/www.academianutricionydietetica.org\/pro\/la-academia\/organos-de-gobierno\/jordy-salvany-guerrero\/\" \/>\n<meta property=\"og:site_name\" content=\"Academia Espa\u00f1ola de Nutrici\u00f3n y Diet\u00e9tica\" \/>\n<meta name=\"twitter:card\" content=\"summary_large_image\" \/>\n<meta name=\"twitter:label1\" content=\"Tiempo de lectura\" \/>\n\t<meta name=\"twitter:data1\" content=\"3 minutos\" \/>\n<script type=\"application\/ld+json\" class=\"yoast-schema-graph\">{\"@context\":\"https:\/\/schema.org\",\"@graph\":[{\"@type\":\"WebPage\",\"@id\":\"https:\/\/www.academianutricionydietetica.org\/pro\/la-academia\/organos-de-gobierno\/jordy-salvany-guerrero\/\",\"url\":\"https:\/\/www.academianutricionydietetica.org\/pro\/la-academia\/organos-de-gobierno\/jordy-salvany-guerrero\/\",\"name\":\"Jordy Salvany Guerrero - Academia Espa\u00f1ola de Nutrici\u00f3n y Diet\u00e9tica\",\"isPartOf\":{\"@id\":\"https:\/\/www.academianutricionydietetica.org\/pro\/#website\"},\"datePublished\":\"2023-11-21T16:51:48+00:00\",\"breadcrumb\":{\"@id\":\"https:\/\/www.academianutricionydietetica.org\/pro\/la-academia\/organos-de-gobierno\/jordy-salvany-guerrero\/#breadcrumb\"},\"inLanguage\":\"es\",\"potentialAction\":[{\"@type\":\"ReadAction\",\"target\":[\"https:\/\/www.academianutricionydietetica.org\/pro\/la-academia\/organos-de-gobierno\/jordy-salvany-guerrero\/\"]}]},{\"@type\":\"BreadcrumbList\",\"@id\":\"https:\/\/www.academianutricionydietetica.org\/pro\/la-academia\/organos-de-gobierno\/jordy-salvany-guerrero\/#breadcrumb\",\"itemListElement\":[{\"@type\":\"ListItem\",\"position\":1,\"name\":\"Inicio\",\"item\":\"https:\/\/www.academianutricionydietetica.org\/pro\/\"},{\"@type\":\"ListItem\",\"position\":2,\"name\":\"La academia\",\"item\":\"https:\/\/www.academianutricionydietetica.org\/pro\/la-academia\/\"},{\"@type\":\"ListItem\",\"position\":3,\"name\":\"\u00d3rganos de Gobierno\",\"item\":\"https:\/\/www.academianutricionydietetica.org\/pro\/la-academia\/organos-de-gobierno\/\"},{\"@type\":\"ListItem\",\"position\":4,\"name\":\"Jordy Salvany Guerrero\"}]},{\"@type\":\"WebSite\",\"@id\":\"https:\/\/www.academianutricionydietetica.org\/pro\/#website\",\"url\":\"https:\/\/www.academianutricionydietetica.org\/pro\/\",\"name\":\"Academia Espa\u00f1ola de Nutrici\u00f3n y Diet\u00e9tica\",\"description\":\"Formaci\u00f3n, noticias, jornadas y eventos\",\"potentialAction\":[{\"@type\":\"SearchAction\",\"target\":{\"@type\":\"EntryPoint\",\"urlTemplate\":\"https:\/\/www.academianutricionydietetica.org\/pro\/?s={search_term_string}\"},\"query-input\":{\"@type\":\"PropertyValueSpecification\",\"valueRequired\":true,\"valueName\":\"search_term_string\"}}],\"inLanguage\":\"es\"}]}<\/script>\n<!-- \/ Yoast SEO plugin. -->","yoast_head_json":{"title":"Jordy Salvany Guerrero - Academia Espa\u00f1ola de Nutrici\u00f3n y Diet\u00e9tica","robots":{"index":"index","follow":"follow","max-snippet":"max-snippet:-1","max-image-preview":"max-image-preview:large","max-video-preview":"max-video-preview:-1"},"canonical":"https:\/\/www.academianutricionydietetica.org\/pro\/la-academia\/organos-de-gobierno\/jordy-salvany-guerrero\/","og_locale":"es_ES","og_type":"article","og_title":"Jordy Salvany Guerrero - Academia Espa\u00f1ola de Nutrici\u00f3n y Diet\u00e9tica","og_description":"[vc_row dfd_row_responsive_enable=\u00bbdfd-row-responsive-enable\u00bb responsive_styles=\u00bbpadding_left_mobile:20|padding_right_mobile:20&#8243;][vc_column][\/vc_column][\/vc_row]","og_url":"https:\/\/www.academianutricionydietetica.org\/pro\/la-academia\/organos-de-gobierno\/jordy-salvany-guerrero\/","og_site_name":"Academia Espa\u00f1ola de Nutrici\u00f3n y Diet\u00e9tica","twitter_card":"summary_large_image","twitter_misc":{"Tiempo de lectura":"3 minutos"},"schema":{"@context":"https:\/\/schema.org","@graph":[{"@type":"WebPage","@id":"https:\/\/www.academianutricionydietetica.org\/pro\/la-academia\/organos-de-gobierno\/jordy-salvany-guerrero\/","url":"https:\/\/www.academianutricionydietetica.org\/pro\/la-academia\/organos-de-gobierno\/jordy-salvany-guerrero\/","name":"Jordy Salvany Guerrero - Academia Espa\u00f1ola de Nutrici\u00f3n y Diet\u00e9tica","isPartOf":{"@id":"https:\/\/www.academianutricionydietetica.org\/pro\/#website"},"datePublished":"2023-11-21T16:51:48+00:00","breadcrumb":{"@id":"https:\/\/www.academianutricionydietetica.org\/pro\/la-academia\/organos-de-gobierno\/jordy-salvany-guerrero\/#breadcrumb"},"inLanguage":"es","potentialAction":[{"@type":"ReadAction","target":["https:\/\/www.academianutricionydietetica.org\/pro\/la-academia\/organos-de-gobierno\/jordy-salvany-guerrero\/"]}]},{"@type":"BreadcrumbList","@id":"https:\/\/www.academianutricionydietetica.org\/pro\/la-academia\/organos-de-gobierno\/jordy-salvany-guerrero\/#breadcrumb","itemListElement":[{"@type":"ListItem","position":1,"name":"Inicio","item":"https:\/\/www.academianutricionydietetica.org\/pro\/"},{"@type":"ListItem","position":2,"name":"La academia","item":"https:\/\/www.academianutricionydietetica.org\/pro\/la-academia\/"},{"@type":"ListItem","position":3,"name":"\u00d3rganos de Gobierno","item":"https:\/\/www.academianutricionydietetica.org\/pro\/la-academia\/organos-de-gobierno\/"},{"@type":"ListItem","position":4,"name":"Jordy Salvany Guerrero"}]},{"@type":"WebSite","@id":"https:\/\/www.academianutricionydietetica.org\/pro\/#website","url":"https:\/\/www.academianutricionydietetica.org\/pro\/","name":"Academia Espa\u00f1ola de Nutrici\u00f3n y Diet\u00e9tica","description":"Formaci\u00f3n, noticias, jornadas y eventos","potentialAction":[{"@type":"SearchAction","target":{"@type":"EntryPoint","urlTemplate":"https:\/\/www.academianutricionydietetica.org\/pro\/?s={search_term_string}"},"query-input":{"@type":"PropertyValueSpecification","valueRequired":true,"valueName":"search_term_string"}}],"inLanguage":"es"}]}},"_links":{"self":[{"href":"https:\/\/www.academianutricionydietetica.org\/pro\/wp-json\/wp\/v2\/pages\/21909","targetHints":{"allow":["GET"]}}],"collection":[{"href":"https:\/\/www.academianutricionydietetica.org\/pro\/wp-json\/wp\/v2\/pages"}],"about":[{"href":"https:\/\/www.academianutricionydietetica.org\/pro\/wp-json\/wp\/v2\/types\/page"}],"author":[{"embeddable":true,"href":"https:\/\/www.academianutricionydietetica.org\/pro\/wp-json\/wp\/v2\/users\/4"}],"replies":[{"embeddable":true,"href":"https:\/\/www.academianutricionydietetica.org\/pro\/wp-json\/wp\/v2\/comments?post=21909"}],"version-history":[{"count":1,"href":"https:\/\/www.academianutricionydietetica.org\/pro\/wp-json\/wp\/v2\/pages\/21909\/revisions"}],"predecessor-version":[{"id":21910,"href":"https:\/\/www.academianutricionydietetica.org\/pro\/wp-json\/wp\/v2\/pages\/21909\/revisions\/21910"}],"up":[{"embeddable":true,"href":"https:\/\/www.academianutricionydietetica.org\/pro\/wp-json\/wp\/v2\/pages\/16188"}],"wp:attachment":[{"href":"https:\/\/www.academianutricionydietetica.org\/pro\/wp-json\/wp\/v2\/media?parent=21909"}],"curies":[{"name":"wp","href":"https:\/\/api.w.org\/{rel}","templated":true}]}}

<p>[vc_row dfd_row_responsive_enable=»dfd-row-responsive-enable» responsive_styles=»padding_left_mobile:20|padding_right_mobile:20&#8243;][vc_column]<div class="dfd-spacer-module"  data-units="px" data-wide_resolution="1280" data-wide_size="80" data-normal_resolution="1024" data-normal_size="60" data-tablet_resolution="800" data-tablet_size="40" data-mobile_resolution="480" data-mobile_size="40" style="height: 80px;"></div><div class="dfd-info-banner style-05 responsive-team-members text-center" ><div class="image-cover "><img loading="lazy" decoding="async" src="https://www.academianutricionydietetica.org/pro/uploads/2023/11/Jordi-Salvany-150x150.jpg" alt="Image"  width="150" height="150" class="info-banner-image " /></div><div class="content-wrap"><h2 class="info-box-title " style="font-size: 22px; line-height: 26.4px; letter-spacing: 1px; ">Jordy Salvany Guerrero</h2><h3 class="info-box-subtitle widget-sub-title " style="">Miembros de honor y eméritos</h3><div class="wrap-delimiter"><div class="delimiter" ></div></div><div class="description" style="">Jordi Salvany. Extracto del C.V.</p>
<p>Mi formación en Dietética se inició en 1979, a partir de mis estudios en la Escuela Universitaria de Enfermería de la UB, ampliando conocimientos en el Gabinet d´Assesoria y Promoció de la Salut (GAPS), la American University of Natural Medic de Miami, la Unitat Operativa de Salut Pública del Ayuntamiento de Barcelona, la Cátedra de Medicina Preventiva y Social de la Facultad de Medicina de la UB, el Colegio Oficial de Enfermería de Barcelona, la Universidad Internacional Menéndez Pelayo, el Institut d´Estudis de la Salut de la Generalitat de Catalunya, la Fundació Bosch i Gimpera de la UB, el CESNID de la UB y la Universidad de Navarra.</p>
<p>En 1985 obtuve el Diplôme de Diététique Superieure de la Universidad de Nancy, título convalidado por la Universidad de Barcelona en 2012.</p>
<p>Tras mi diplomatura en Nancy realicé estudios de postgrado en la misma universidad y en la Universidad de Navarra.</p>
<p>En cuanto a actividad asociativa, hasta la fundación de la AEDN (y posteriormente durante varios años) fui miembro de la Asociacion de Dietistas de Lengua Francesa (ADLF). Despúes he sido vocal en las juntas directivas de la Asociación Española de Dietistas-Nutricionistas y la Associació Catalana de Dietistes-Nutricionistes</p>
<p>Mi trayectoria profesional se inició durante mi servicio militar en 1981, con el diseño de dietas de campaña y supervivencia para el Ejército de tierra. Posteriormente fui responsable de la sección de Dietètica de la revista Hogar y Moda, inicié el departamento de Dietética en el Instituto Francis y fui responsable del Gabinete de Orientación Dietética y Nutricional de la Clínica l’Aliança de Girona hasta que, en 1994, inicié mi labor en la industria, como asesor técnico i formador de la red comercial i de márketing en Vegenat S.A.</p>
<p>Durante los Juegos de la XXVª Olimpiada Barcelona´92 trabajé como dietista en el Centro Mars de Nutrición y Deporte (Gran Bretaña).</p>
<p>He sido redactor-fundador de la revista “Actividad Dietética”, órgano oficial de la AEDN entre 1996 y 2007.</p>
<p>Como docente, he colaborado con el Patronat Municipal d´Esports de Salt (Girona), APPA de Peralada (Girona), Creu Roja, INEM, Escola de Gestió Empresarial de Girona y Hospital Virgen Macarena de Sevilla. He sido profesor de Nutrición Deportiva en el Curso de postgrado en Dietética i Nutrición de la Universidad de Barcelona, desde su inicio en 1987 hasta su extinción y professor de Nutrición y Deporte en el Grado de Nutrición Humana y Dietética, Universidad de Vic, desde 1998 hasta 2002. </div></div></div><div class="dfd-spacer-module"  data-units="px" data-wide_resolution="1280" data-wide_size="80" data-normal_resolution="1024" data-normal_size="60" data-tablet_resolution="800" data-tablet_size="40" data-mobile_resolution="480" data-mobile_size="40" style="height: 80px;"></div>[/vc_column][/vc_row]</p>

<!-- This site is optimized with the Yoast SEO plugin v26.7 - https://yoast.com/wordpress/plugins/seo/ -->
<title>Jordy Salvany Guerrero - Academia Española de Nutrición y Dietética</title>
<meta name="robots" content="index, follow, max-snippet:-1, max-image-preview:large, max-video-preview:-1" />
<link rel="canonical" href="https://www.academianutricionydietetica.org/pro/la-academia/organos-de-gobierno/jordy-salvany-guerrero/" />
<meta property="og:locale" content="es_ES" />
<meta property="og:type" content="article" />
<meta property="og:title" content="Jordy Salvany Guerrero - Academia Española de Nutrición y Dietética" />
<meta property="og:description" content="[vc_row dfd_row_responsive_enable=»dfd-row-responsive-enable» responsive_styles=»padding_left_mobile:20|padding_right_mobile:20&#8243;][vc_column][/vc_column][/vc_row]" />
<meta property="og:url" content="https://www.academianutricionydietetica.org/pro/la-academia/organos-de-gobierno/jordy-salvany-guerrero/" />
<meta property="og:site_name" content="Academia Española de Nutrición y Dietética" />
<meta name="twitter:card" content="summary_large_image" />
<meta name="twitter:label1" content="Tiempo de lectura" />
	<meta name="twitter:data1" content="3 minutos" />
<script type="application/ld+json" class="yoast-schema-graph">{"@context":"https://schema.org","@graph":[{"@type":"WebPage","@id":"https://www.academianutricionydietetica.org/pro/la-academia/organos-de-gobierno/jordy-salvany-guerrero/","url":"https://www.academianutricionydietetica.org/pro/la-academia/organos-de-gobierno/jordy-salvany-guerrero/","name":"Jordy Salvany Guerrero - Academia Española de Nutrición y Dietética","isPartOf":{"@id":"https://www.academianutricionydietetica.org/pro/#website"},"datePublished":"2023-11-21T16:51:48+00:00","breadcrumb":{"@id":"https://www.academianutricionydietetica.org/pro/la-academia/organos-de-gobierno/jordy-salvany-guerrero/#breadcrumb"},"inLanguage":"es","potentialAction":[{"@type":"ReadAction","target":["https://www.academianutricionydietetica.org/pro/la-academia/organos-de-gobierno/jordy-salvany-guerrero/"]}]},{"@type":"BreadcrumbList","@id":"https://www.academianutricionydietetica.org/pro/la-academia/organos-de-gobierno/jordy-salvany-guerrero/#breadcrumb","itemListElement":[{"@type":"ListItem","position":1,"name":"Inicio","item":"https://www.academianutricionydietetica.org/pro/"},{"@type":"ListItem","position":2,"name":"La academia","item":"https://www.academianutricionydietetica.org/pro/la-academia/"},{"@type":"ListItem","position":3,"name":"Órganos de Gobierno","item":"https://www.academianutricionydietetica.org/pro/la-academia/organos-de-gobierno/"},{"@type":"ListItem","position":4,"name":"Jordy Salvany Guerrero"}]},{"@type":"WebSite","@id":"https://www.academianutricionydietetica.org/pro/#website","url":"https://www.academianutricionydietetica.org/pro/","name":"Academia Española de Nutrición y Dietética","description":"Formación, noticias, jornadas y eventos","potentialAction":[{"@type":"SearchAction","target":{"@type":"EntryPoint","urlTemplate":"https://www.academianutricionydietetica.org/pro/?s={search_term_string}"},"query-input":{"@type":"PropertyValueSpecification","valueRequired":true,"valueName":"search_term_string"}}],"inLanguage":"es"}]}</script>
<!-- / Yoast SEO plugin. -->

Jordy Salvany Guerrero - Academia Española de Nutrición y Dietética

Academia Española de Nutrición y Dietética

Órganos de Gobierno

Formación, noticias, jornadas y eventos
