{"id":22394,"date":"2024-03-25T14:05:31","date_gmt":"2024-03-25T14:05:31","guid":{"rendered":"https:\/\/www.academianutricionydietetica.org\/pro\/?page_id=22394"},"modified":"2024-03-25T14:06:56","modified_gmt":"2024-03-25T14:06:56","slug":"ana-maria-martin-de-pablo","status":"publish","type":"page","link":"https:\/\/www.academianutricionydietetica.org\/pro\/la-academia\/organos-de-gobierno\/ana-maria-martin-de-pablo\/","title":{"rendered":"Ana Mar\u00eda Mart\u00edn de Pablo"},"content":{"rendered":"<p>[vc_row dfd_row_responsive_enable=\u00bbdfd-row-responsive-enable\u00bb responsive_styles=\u00bbpadding_left_mobile:20|padding_right_mobile:20&#8243;][vc_column]<div class=\"dfd-spacer-module\"  data-units=\"px\" data-wide_resolution=\"1280\" data-wide_size=\"80\" data-normal_resolution=\"1024\" data-normal_size=\"60\" data-tablet_resolution=\"800\" data-tablet_size=\"40\" data-mobile_resolution=\"480\" data-mobile_size=\"40\" style=\"height: 80px;\"><\/div><div class=\"dfd-info-banner style-05 responsive-team-members text-center\" ><div class=\"image-cover \"><img loading=\"lazy\" decoding=\"async\" src=\"https:\/\/www.academianutricionydietetica.org\/pro\/uploads\/2023\/11\/Ana-MAria-Marti-150x150.jpg\" alt=\"Image\"  width=\"150\" height=\"150\" class=\"info-banner-image \" \/><\/div><div class=\"content-wrap\"><h2 class=\"info-box-title \" style=\"font-size: 22px; line-height: 26.4px; letter-spacing: 1px; \">Ana Mar\u00eda Mart\u00edn de Pablo<\/h2><h3 class=\"info-box-subtitle widget-sub-title \" style=\"\">Miembros de honor y em\u00e9ritos<\/h3><div class=\"wrap-delimiter\"><div class=\"delimiter\" ><\/div><\/div><div class=\"description\" style=\"\">ASPECTOS ACADEMICOS<br \/>\n-Estudios de enfermer\u00eda 1970-1973 en la Facultad de Medicina de Zaragoza<br \/>\n-Diploma superior en Diet\u00e9tica 1987-1990 del curso de Formaci\u00f3n Continuada de la Universidad de Nancy.<\/p>\n<p>CERTAMENES Y PUBLICACIONES<br \/>\n-Acc\u00e9sit del Premio Andr\u00e9s Mat\u00e9u del Ilustre Colegio de DE de Baleares en 1986.<br \/>\n-Coautora del Art\u00edculo sobre Nutrici\u00f3n Enteral en la revista ROL de Enfermer\u00eda<br \/>\nASPECTO PROFESIONAL<br \/>\n-Como enfermera en diferentes unidades en el Hospital Miguel Servet de Zaragoza y en el Hospital Son Dureta de Palma de Mallorca.<br \/>\n-Como Dietista del Hospital Son Dureta desde agosto 1984 hasta 31-01-1998, siendo supervisora de la Unidad de Diet\u00e9tica y Nutrici\u00f3n en ese periodo.<br \/>\n FORMACION CONTINUADA<br \/>\n-Asistencia a diferentes Congresos y Cursos, entre los cuales<br \/>\n-Jornadas de los laboratorios Wander sobre Nutrici\u00f3n Hospitalaria a\u00f1os 1984\/1987.<br \/>\n-I Curso sobre Nutrici\u00f3n y Diet\u00e9tica Cl\u00ednica organizado por el Hospital Cl\u00ednico y Provincial de Barcelona 1985.<br \/>\n-Asistencia a Congresos de la SENPE: Granada 1986, Bilbao 1987, Palma de Mallorca 1990, Santander 1991, Barcelona 1996, Zaragoza 1997.<br \/>\nCOMO DOCENTE<\/p>\n<p>-Profesora colaboradora en la Escuela de Enfermer\u00eda en la asignatura de Diet\u00e9tica 1985\/1986<br \/>\n-Profesora en el programa de Formaci\u00f3n Continuada del Hospital Son Dureta sobre temas de alimentaci\u00f3n y nutrici\u00f3n para:<br \/>\n*Mandos intermedios de Hosteler\u00eda<br \/>\n*Enfermeras \u201cCuidados de Enfermer\u00eda en el \u00e1rea infantil, en el \u00e1rea quir\u00fargica y en Medicina Interna\u201d<br \/>\nProfesora del Curso Manipulaci\u00f3n e Higiene de los alimentos en el \u00e1mbito hospitalario<br \/>\nPonente en sesiones de enfermer\u00eda del Hospital Son Dureta sobre alimentaci\u00f3n en el paciente de Neumolog\u00eda, de ORL, de Cirug\u00eda, de Nefrolog\u00eda, Diab\u00e9tico, Medicina Interna, paciente con Nutrici\u00f3n Enteral domiciliaria y del paciente Oncol\u00f3gico.<\/div><\/div><\/div><div class=\"dfd-spacer-module\"  data-units=\"px\" data-wide_resolution=\"1280\" data-wide_size=\"80\" data-normal_resolution=\"1024\" data-normal_size=\"60\" data-tablet_resolution=\"800\" data-tablet_size=\"40\" data-mobile_resolution=\"480\" data-mobile_size=\"40\" style=\"height: 80px;\"><\/div>[\/vc_column][\/vc_row]<\/p>\n","protected":false},"excerpt":{"rendered":"<p>[vc_row dfd_row_responsive_enable=\u00bbdfd-row-responsive-enable\u00bb responsive_styles=\u00bbpadding_left_mobile:20|padding_right_mobile:20&#8243;][vc_column][\/vc_column][\/vc_row]<\/p>\n","protected":false},"author":4,"featured_media":0,"parent":16188,"menu_order":0,"comment_status":"closed","ping_status":"closed","template":"page-custom-with-header.php","meta":{"_acf_changed":false,"_monsterinsights_skip_tracking":false,"_monsterinsights_sitenote_active":false,"_monsterinsights_sitenote_note":"","_monsterinsights_sitenote_category":0,"footnotes":""},"class_list":["post-22394","page","type-page","status-publish","hentry"],"acf":[],"yoast_head":"<!-- This site is optimized with the Yoast SEO plugin v26.7 - https:\/\/yoast.com\/wordpress\/plugins\/seo\/ -->\n<title>Ana Mar\u00eda Mart\u00edn de Pablo - Academia Espa\u00f1ola de Nutrici\u00f3n y Diet\u00e9tica<\/title>\n<meta name=\"robots\" content=\"index, follow, max-snippet:-1, max-image-preview:large, max-video-preview:-1\" \/>\n<link rel=\"canonical\" href=\"https:\/\/www.academianutricionydietetica.org\/pro\/la-academia\/organos-de-gobierno\/ana-maria-martin-de-pablo\/\" \/>\n<meta property=\"og:locale\" content=\"es_ES\" \/>\n<meta property=\"og:type\" content=\"article\" \/>\n<meta property=\"og:title\" content=\"Ana Mar\u00eda Mart\u00edn de Pablo - Academia Espa\u00f1ola de Nutrici\u00f3n y Diet\u00e9tica\" \/>\n<meta property=\"og:description\" content=\"[vc_row dfd_row_responsive_enable=\u00bbdfd-row-responsive-enable\u00bb responsive_styles=\u00bbpadding_left_mobile:20|padding_right_mobile:20&#8243;][vc_column][\/vc_column][\/vc_row]\" \/>\n<meta property=\"og:url\" content=\"https:\/\/www.academianutricionydietetica.org\/pro\/la-academia\/organos-de-gobierno\/ana-maria-martin-de-pablo\/\" \/>\n<meta property=\"og:site_name\" content=\"Academia Espa\u00f1ola de Nutrici\u00f3n y Diet\u00e9tica\" \/>\n<meta property=\"article:modified_time\" content=\"2024-03-25T14:06:56+00:00\" \/>\n<meta name=\"twitter:card\" content=\"summary_large_image\" \/>\n<meta name=\"twitter:label1\" content=\"Tiempo de lectura\" \/>\n\t<meta name=\"twitter:data1\" content=\"2 minutos\" \/>\n<script type=\"application\/ld+json\" class=\"yoast-schema-graph\">{\"@context\":\"https:\/\/schema.org\",\"@graph\":[{\"@type\":\"WebPage\",\"@id\":\"https:\/\/www.academianutricionydietetica.org\/pro\/la-academia\/organos-de-gobierno\/ana-maria-martin-de-pablo\/\",\"url\":\"https:\/\/www.academianutricionydietetica.org\/pro\/la-academia\/organos-de-gobierno\/ana-maria-martin-de-pablo\/\",\"name\":\"Ana Mar\u00eda Mart\u00edn de Pablo - Academia Espa\u00f1ola de Nutrici\u00f3n y Diet\u00e9tica\",\"isPartOf\":{\"@id\":\"https:\/\/www.academianutricionydietetica.org\/pro\/#website\"},\"datePublished\":\"2024-03-25T14:05:31+00:00\",\"dateModified\":\"2024-03-25T14:06:56+00:00\",\"breadcrumb\":{\"@id\":\"https:\/\/www.academianutricionydietetica.org\/pro\/la-academia\/organos-de-gobierno\/ana-maria-martin-de-pablo\/#breadcrumb\"},\"inLanguage\":\"es\",\"potentialAction\":[{\"@type\":\"ReadAction\",\"target\":[\"https:\/\/www.academianutricionydietetica.org\/pro\/la-academia\/organos-de-gobierno\/ana-maria-martin-de-pablo\/\"]}]},{\"@type\":\"BreadcrumbList\",\"@id\":\"https:\/\/www.academianutricionydietetica.org\/pro\/la-academia\/organos-de-gobierno\/ana-maria-martin-de-pablo\/#breadcrumb\",\"itemListElement\":[{\"@type\":\"ListItem\",\"position\":1,\"name\":\"Inicio\",\"item\":\"https:\/\/www.academianutricionydietetica.org\/pro\/\"},{\"@type\":\"ListItem\",\"position\":2,\"name\":\"La academia\",\"item\":\"https:\/\/www.academianutricionydietetica.org\/pro\/la-academia\/\"},{\"@type\":\"ListItem\",\"position\":3,\"name\":\"\u00d3rganos de Gobierno\",\"item\":\"https:\/\/www.academianutricionydietetica.org\/pro\/la-academia\/organos-de-gobierno\/\"},{\"@type\":\"ListItem\",\"position\":4,\"name\":\"Ana Mar\u00eda Mart\u00edn de Pablo\"}]},{\"@type\":\"WebSite\",\"@id\":\"https:\/\/www.academianutricionydietetica.org\/pro\/#website\",\"url\":\"https:\/\/www.academianutricionydietetica.org\/pro\/\",\"name\":\"Academia Espa\u00f1ola de Nutrici\u00f3n y Diet\u00e9tica\",\"description\":\"Formaci\u00f3n, noticias, jornadas y eventos\",\"potentialAction\":[{\"@type\":\"SearchAction\",\"target\":{\"@type\":\"EntryPoint\",\"urlTemplate\":\"https:\/\/www.academianutricionydietetica.org\/pro\/?s={search_term_string}\"},\"query-input\":{\"@type\":\"PropertyValueSpecification\",\"valueRequired\":true,\"valueName\":\"search_term_string\"}}],\"inLanguage\":\"es\"}]}<\/script>\n<!-- \/ Yoast SEO plugin. -->","yoast_head_json":{"title":"Ana Mar\u00eda Mart\u00edn de Pablo - Academia Espa\u00f1ola de Nutrici\u00f3n y Diet\u00e9tica","robots":{"index":"index","follow":"follow","max-snippet":"max-snippet:-1","max-image-preview":"max-image-preview:large","max-video-preview":"max-video-preview:-1"},"canonical":"https:\/\/www.academianutricionydietetica.org\/pro\/la-academia\/organos-de-gobierno\/ana-maria-martin-de-pablo\/","og_locale":"es_ES","og_type":"article","og_title":"Ana Mar\u00eda Mart\u00edn de Pablo - Academia Espa\u00f1ola de Nutrici\u00f3n y Diet\u00e9tica","og_description":"[vc_row dfd_row_responsive_enable=\u00bbdfd-row-responsive-enable\u00bb responsive_styles=\u00bbpadding_left_mobile:20|padding_right_mobile:20&#8243;][vc_column][\/vc_column][\/vc_row]","og_url":"https:\/\/www.academianutricionydietetica.org\/pro\/la-academia\/organos-de-gobierno\/ana-maria-martin-de-pablo\/","og_site_name":"Academia Espa\u00f1ola de Nutrici\u00f3n y Diet\u00e9tica","article_modified_time":"2024-03-25T14:06:56+00:00","twitter_card":"summary_large_image","twitter_misc":{"Tiempo de lectura":"2 minutos"},"schema":{"@context":"https:\/\/schema.org","@graph":[{"@type":"WebPage","@id":"https:\/\/www.academianutricionydietetica.org\/pro\/la-academia\/organos-de-gobierno\/ana-maria-martin-de-pablo\/","url":"https:\/\/www.academianutricionydietetica.org\/pro\/la-academia\/organos-de-gobierno\/ana-maria-martin-de-pablo\/","name":"Ana Mar\u00eda Mart\u00edn de Pablo - Academia Espa\u00f1ola de Nutrici\u00f3n y Diet\u00e9tica","isPartOf":{"@id":"https:\/\/www.academianutricionydietetica.org\/pro\/#website"},"datePublished":"2024-03-25T14:05:31+00:00","dateModified":"2024-03-25T14:06:56+00:00","breadcrumb":{"@id":"https:\/\/www.academianutricionydietetica.org\/pro\/la-academia\/organos-de-gobierno\/ana-maria-martin-de-pablo\/#breadcrumb"},"inLanguage":"es","potentialAction":[{"@type":"ReadAction","target":["https:\/\/www.academianutricionydietetica.org\/pro\/la-academia\/organos-de-gobierno\/ana-maria-martin-de-pablo\/"]}]},{"@type":"BreadcrumbList","@id":"https:\/\/www.academianutricionydietetica.org\/pro\/la-academia\/organos-de-gobierno\/ana-maria-martin-de-pablo\/#breadcrumb","itemListElement":[{"@type":"ListItem","position":1,"name":"Inicio","item":"https:\/\/www.academianutricionydietetica.org\/pro\/"},{"@type":"ListItem","position":2,"name":"La academia","item":"https:\/\/www.academianutricionydietetica.org\/pro\/la-academia\/"},{"@type":"ListItem","position":3,"name":"\u00d3rganos de Gobierno","item":"https:\/\/www.academianutricionydietetica.org\/pro\/la-academia\/organos-de-gobierno\/"},{"@type":"ListItem","position":4,"name":"Ana Mar\u00eda Mart\u00edn de Pablo"}]},{"@type":"WebSite","@id":"https:\/\/www.academianutricionydietetica.org\/pro\/#website","url":"https:\/\/www.academianutricionydietetica.org\/pro\/","name":"Academia Espa\u00f1ola de Nutrici\u00f3n y Diet\u00e9tica","description":"Formaci\u00f3n, noticias, jornadas y eventos","potentialAction":[{"@type":"SearchAction","target":{"@type":"EntryPoint","urlTemplate":"https:\/\/www.academianutricionydietetica.org\/pro\/?s={search_term_string}"},"query-input":{"@type":"PropertyValueSpecification","valueRequired":true,"valueName":"search_term_string"}}],"inLanguage":"es"}]}},"_links":{"self":[{"href":"https:\/\/www.academianutricionydietetica.org\/pro\/wp-json\/wp\/v2\/pages\/22394","targetHints":{"allow":["GET"]}}],"collection":[{"href":"https:\/\/www.academianutricionydietetica.org\/pro\/wp-json\/wp\/v2\/pages"}],"about":[{"href":"https:\/\/www.academianutricionydietetica.org\/pro\/wp-json\/wp\/v2\/types\/page"}],"author":[{"embeddable":true,"href":"https:\/\/www.academianutricionydietetica.org\/pro\/wp-json\/wp\/v2\/users\/4"}],"replies":[{"embeddable":true,"href":"https:\/\/www.academianutricionydietetica.org\/pro\/wp-json\/wp\/v2\/comments?post=22394"}],"version-history":[{"count":2,"href":"https:\/\/www.academianutricionydietetica.org\/pro\/wp-json\/wp\/v2\/pages\/22394\/revisions"}],"predecessor-version":[{"id":22397,"href":"https:\/\/www.academianutricionydietetica.org\/pro\/wp-json\/wp\/v2\/pages\/22394\/revisions\/22397"}],"up":[{"embeddable":true,"href":"https:\/\/www.academianutricionydietetica.org\/pro\/wp-json\/wp\/v2\/pages\/16188"}],"wp:attachment":[{"href":"https:\/\/www.academianutricionydietetica.org\/pro\/wp-json\/wp\/v2\/media?parent=22394"}],"curies":[{"name":"wp","href":"https:\/\/api.w.org\/{rel}","templated":true}]}}

Ana María Martín de Pablo

<p>[vc_row dfd_row_responsive_enable=»dfd-row-responsive-enable» responsive_styles=»padding_left_mobile:20|padding_right_mobile:20&#8243;][vc_column]<div class="dfd-spacer-module"  data-units="px" data-wide_resolution="1280" data-wide_size="80" data-normal_resolution="1024" data-normal_size="60" data-tablet_resolution="800" data-tablet_size="40" data-mobile_resolution="480" data-mobile_size="40" style="height: 80px;"></div><div class="dfd-info-banner style-05 responsive-team-members text-center" ><div class="image-cover "><img loading="lazy" decoding="async" src="https://www.academianutricionydietetica.org/pro/uploads/2023/11/Ana-MAria-Marti-150x150.jpg" alt="Image"  width="150" height="150" class="info-banner-image " /></div><div class="content-wrap"><h2 class="info-box-title " style="font-size: 22px; line-height: 26.4px; letter-spacing: 1px; ">Ana María Martín de Pablo</h2><h3 class="info-box-subtitle widget-sub-title " style="">Miembros de honor y eméritos</h3><div class="wrap-delimiter"><div class="delimiter" ></div></div><div class="description" style="">ASPECTOS ACADEMICOS<br />
-Estudios de enfermería 1970-1973 en la Facultad de Medicina de Zaragoza<br />
-Diploma superior en Dietética 1987-1990 del curso de Formación Continuada de la Universidad de Nancy.</p>
<p>CERTAMENES Y PUBLICACIONES<br />
-Accésit del Premio Andrés Matéu del Ilustre Colegio de DE de Baleares en 1986.<br />
-Coautora del Artículo sobre Nutrición Enteral en la revista ROL de Enfermería<br />
ASPECTO PROFESIONAL<br />
-Como enfermera en diferentes unidades en el Hospital Miguel Servet de Zaragoza y en el Hospital Son Dureta de Palma de Mallorca.<br />
-Como Dietista del Hospital Son Dureta desde agosto 1984 hasta 31-01-1998, siendo supervisora de la Unidad de Dietética y Nutrición en ese periodo.<br />
 FORMACION CONTINUADA<br />
-Asistencia a diferentes Congresos y Cursos, entre los cuales<br />
-Jornadas de los laboratorios Wander sobre Nutrición Hospitalaria años 1984/1987.<br />
-I Curso sobre Nutrición y Dietética Clínica organizado por el Hospital Clínico y Provincial de Barcelona 1985.<br />
-Asistencia a Congresos de la SENPE: Granada 1986, Bilbao 1987, Palma de Mallorca 1990, Santander 1991, Barcelona 1996, Zaragoza 1997.<br />
COMO DOCENTE</p>
<p>-Profesora colaboradora en la Escuela de Enfermería en la asignatura de Dietética 1985/1986<br />
-Profesora en el programa de Formación Continuada del Hospital Son Dureta sobre temas de alimentación y nutrición para:<br />
*Mandos intermedios de Hostelería<br />
*Enfermeras “Cuidados de Enfermería en el área infantil, en el área quirúrgica y en Medicina Interna”<br />
Profesora del Curso Manipulación e Higiene de los alimentos en el ámbito hospitalario<br />
Ponente en sesiones de enfermería del Hospital Son Dureta sobre alimentación en el paciente de Neumología, de ORL, de Cirugía, de Nefrología, Diabético, Medicina Interna, paciente con Nutrición Enteral domiciliaria y del paciente Oncológico.</div></div></div><div class="dfd-spacer-module"  data-units="px" data-wide_resolution="1280" data-wide_size="80" data-normal_resolution="1024" data-normal_size="60" data-tablet_resolution="800" data-tablet_size="40" data-mobile_resolution="480" data-mobile_size="40" style="height: 80px;"></div>[/vc_column][/vc_row]</p>

<!-- This site is optimized with the Yoast SEO plugin v26.7 - https://yoast.com/wordpress/plugins/seo/ -->
<title>Ana María Martín de Pablo - Academia Española de Nutrición y Dietética</title>
<meta name="robots" content="index, follow, max-snippet:-1, max-image-preview:large, max-video-preview:-1" />
<link rel="canonical" href="https://www.academianutricionydietetica.org/pro/la-academia/organos-de-gobierno/ana-maria-martin-de-pablo/" />
<meta property="og:locale" content="es_ES" />
<meta property="og:type" content="article" />
<meta property="og:title" content="Ana María Martín de Pablo - Academia Española de Nutrición y Dietética" />
<meta property="og:description" content="[vc_row dfd_row_responsive_enable=»dfd-row-responsive-enable» responsive_styles=»padding_left_mobile:20|padding_right_mobile:20&#8243;][vc_column][/vc_column][/vc_row]" />
<meta property="og:url" content="https://www.academianutricionydietetica.org/pro/la-academia/organos-de-gobierno/ana-maria-martin-de-pablo/" />
<meta property="og:site_name" content="Academia Española de Nutrición y Dietética" />
<meta property="article:modified_time" content="2024-03-25T14:06:56+00:00" />
<meta name="twitter:card" content="summary_large_image" />
<meta name="twitter:label1" content="Tiempo de lectura" />
	<meta name="twitter:data1" content="2 minutos" />
<script type="application/ld+json" class="yoast-schema-graph">{"@context":"https://schema.org","@graph":[{"@type":"WebPage","@id":"https://www.academianutricionydietetica.org/pro/la-academia/organos-de-gobierno/ana-maria-martin-de-pablo/","url":"https://www.academianutricionydietetica.org/pro/la-academia/organos-de-gobierno/ana-maria-martin-de-pablo/","name":"Ana María Martín de Pablo - Academia Española de Nutrición y Dietética","isPartOf":{"@id":"https://www.academianutricionydietetica.org/pro/#website"},"datePublished":"2024-03-25T14:05:31+00:00","dateModified":"2024-03-25T14:06:56+00:00","breadcrumb":{"@id":"https://www.academianutricionydietetica.org/pro/la-academia/organos-de-gobierno/ana-maria-martin-de-pablo/#breadcrumb"},"inLanguage":"es","potentialAction":[{"@type":"ReadAction","target":["https://www.academianutricionydietetica.org/pro/la-academia/organos-de-gobierno/ana-maria-martin-de-pablo/"]}]},{"@type":"BreadcrumbList","@id":"https://www.academianutricionydietetica.org/pro/la-academia/organos-de-gobierno/ana-maria-martin-de-pablo/#breadcrumb","itemListElement":[{"@type":"ListItem","position":1,"name":"Inicio","item":"https://www.academianutricionydietetica.org/pro/"},{"@type":"ListItem","position":2,"name":"La academia","item":"https://www.academianutricionydietetica.org/pro/la-academia/"},{"@type":"ListItem","position":3,"name":"Órganos de Gobierno","item":"https://www.academianutricionydietetica.org/pro/la-academia/organos-de-gobierno/"},{"@type":"ListItem","position":4,"name":"Ana María Martín de Pablo"}]},{"@type":"WebSite","@id":"https://www.academianutricionydietetica.org/pro/#website","url":"https://www.academianutricionydietetica.org/pro/","name":"Academia Española de Nutrición y Dietética","description":"Formación, noticias, jornadas y eventos","potentialAction":[{"@type":"SearchAction","target":{"@type":"EntryPoint","urlTemplate":"https://www.academianutricionydietetica.org/pro/?s={search_term_string}"},"query-input":{"@type":"PropertyValueSpecification","valueRequired":true,"valueName":"search_term_string"}}],"inLanguage":"es"}]}</script>
<!-- / Yoast SEO plugin. -->

Ana María Martín de Pablo - Academia Española de Nutrición y Dietética

Academia Española de Nutrición y Dietética

Órganos de Gobierno

Formación, noticias, jornadas y eventos
