{"id":22423,"date":"2024-03-25T14:51:12","date_gmt":"2024-03-25T14:51:12","guid":{"rendered":"https:\/\/www.academianutricionydietetica.org\/pro\/?page_id=22423"},"modified":"2024-03-25T14:51:12","modified_gmt":"2024-03-25T14:51:12","slug":"fabiola-pamela-vilugron-aravena","status":"publish","type":"page","link":"https:\/\/www.academianutricionydietetica.org\/pro\/la-academia\/organos-de-gobierno\/fabiola-pamela-vilugron-aravena\/","title":{"rendered":"Fabiola Vilugr\u00f3n Aravena"},"content":{"rendered":"<p>[vc_row dfd_row_responsive_enable=\u00bbdfd-row-responsive-enable\u00bb responsive_styles=\u00bbpadding_left_mobile:20|padding_right_mobile:20&#8243;][vc_column]<div class=\"dfd-spacer-module\"  data-units=\"px\" data-wide_resolution=\"1280\" data-wide_size=\"80\" data-normal_resolution=\"1024\" data-normal_size=\"60\" data-tablet_resolution=\"800\" data-tablet_size=\"40\" data-mobile_resolution=\"480\" data-mobile_size=\"40\" style=\"height: 80px;\"><\/div><div class=\"dfd-info-banner style-05 responsive-team-members text-center\" ><div class=\"image-cover \"><img loading=\"lazy\" decoding=\"async\" src=\"https:\/\/www.academianutricionydietetica.org\/pro\/uploads\/2024\/03\/IMG-3296-rotated-100x100.jpg\" alt=\"Image\"  width=\"100\" height=\"100\" class=\"info-banner-image \" \/><\/div><div class=\"content-wrap\"><h2 class=\"info-box-title \" style=\"font-size: 22px; line-height: 26.4px; letter-spacing: 1px; \">Fabiola Vilugr\u00f3n Aravena<\/h2><h3 class=\"info-box-subtitle widget-sub-title \" style=\"\">Acad\u00e9micos de n\u00famero<\/h3><div class=\"wrap-delimiter\"><div class=\"delimiter\" ><\/div><\/div><div class=\"description\" style=\"\">EDUCACI\u00d3N<\/p>\n<p>Universidad de la Frontera<br \/>\nT\u00edtulo Profesional de Nutricionista<br \/>\nCarrera de Nutrici\u00f3n y Diet\u00e9tica, 2001<\/p>\n<p>Universidad de Girona<\/p>\n<p>Universidad Andr\u00e9s Bello\tDoctorada en Psicolog\u00eda, Salud y Calidad de Vida, 2018.<\/p>\n<p>Magister en Docencia en Educaci\u00f3n Superior, 2012.<\/p>\n<p>Universidad de Chile<br \/>\n(INTA)\tMagister en Ciencias de la Nutrici\u00f3n. Menci\u00f3n Promoci\u00f3n de Salud y Prevenci\u00f3n de Enfermedades Cr\u00f3nicas no transmisibles relacionadas con la Nutrici\u00f3n, 2008.<br \/>\nPERFECCIONAMIENTO<\/p>\n<p>Universidad Adolfo Ib\u00e1\u00f1ez\t<\/p>\n<p>Diplomado en Evaluaci\u00f3n Integral de Proyectos <\/p>\n<p>Pontificia Universidad Cat\u00f3lica de Chile\tDiplomado en \u00c9tica de la Investigaci\u00f3n, 2020.<br \/>\nPontificia Universidad Cat\u00f3lica de Chile\tDiplomado en Coaching, 2018.<\/p>\n<p>Universidad de Chile (INTA)\tDiplomado en Ejercicio, Nutrici\u00f3n y Salud, 2006.<br \/>\nUniversidad de Chile (INTA)\tDiplomado en Promoci\u00f3n de Salud, 2003.<\/p>\n<p>EXPERIENCIA PROFESIONAL<\/p>\n<p>Universidad Cat\u00f3lica de Valpara\u00edso (2016 a la fecha). Docencia en la asignatura de \u00abNutrici\u00f3n saludable y evaluaci\u00f3n de la calidad alimentaria\u00bb, Magister en Actividad F\u00edsica para la Salud.<\/p>\n<p>Universidad de Playa Ancha. (2008 a la fecha). Actualmente Directora General de Vinculaci\u00f3n con el Medio. Acad\u00e9mica del Departamento de Nutrici\u00f3n, Facultad de Ciencias de la Salud. Coordinadora de la Carrera de Nutrici\u00f3n y Diet\u00e9tica de la Universidad de Playa Ancha, Valpara\u00edso, 2012-2014. Docencia en las asignaturas de Promoci\u00f3n de la Salud, Dietoterapia Adultos e Infantil, Evaluaci\u00f3n del Estado Nutricional, Planificaci\u00f3n Alimentaria y Nutricional, Orientaci\u00f3n Profesional. Profesora Gu\u00eda de Tesis en el \u00e1rea de promoci\u00f3n de la salud y evaluaci\u00f3n del estado nutricional. Integrante de la Comisi\u00f3n Curricular de la Carrera 2011-2014 y de la Comisi\u00f3n Universitaria para el Fomento de la Vida Saludable, UPLA. Integrante Observatorio de Calidad de Vida y Comportamientos de Riesgo en Universitarios, UPLA (Decreto 3652\/2015). Directora de la L\u00ednea Disciplinaria de Promoci\u00f3n de la Salud de la Facultad de Ciencias de la Salud a\u00f1o 2013. Coordinadora General de Promoci\u00f3n de la Salud y Calidad de Vida, UPLA, 2016 a la fecha (Decreto 0699\/2016). Integrante del equipo Gestor de Promoci\u00f3n de la Salud y Calidad de Vida, UPLA, 2017 a la fecha (Decreto 456\/2017). Integrante de la Red de Universidades Promotoras de la Salud del CRUCH, 2016 a la fecha. Integrante Comit\u00e9 \u00c9tico Cient\u00edfico, 2019 a la fecha (188\/2019).<\/p>\n<p>Hospital de Quintero (2001- 2011). Nutricionista Cl\u00ednica, Jefa de Servicio de Alimentaci\u00f3n y SEDILE, encargada del PNAC, integrante del Equipo Gestor de Salud Familiar, del Equipo de Cabecera de Sector y del Equipo de Mejoramiento del Entorno Laboral. Encargada de Promoci\u00f3n de Salud.<\/div><\/div><\/div><div class=\"dfd-spacer-module\"  data-units=\"px\" data-wide_resolution=\"1280\" data-wide_size=\"80\" data-normal_resolution=\"1024\" data-normal_size=\"60\" data-tablet_resolution=\"800\" data-tablet_size=\"40\" data-mobile_resolution=\"480\" data-mobile_size=\"40\" style=\"height: 80px;\"><\/div>[\/vc_column][\/vc_row]<\/p>\n","protected":false},"excerpt":{"rendered":"<p>[vc_row dfd_row_responsive_enable=\u00bbdfd-row-responsive-enable\u00bb responsive_styles=\u00bbpadding_left_mobile:20|padding_right_mobile:20&#8243;][vc_column][\/vc_column][\/vc_row]<\/p>\n","protected":false},"author":4,"featured_media":0,"parent":16188,"menu_order":0,"comment_status":"closed","ping_status":"closed","template":"page-custom-with-header.php","meta":{"_acf_changed":false,"_monsterinsights_skip_tracking":false,"_monsterinsights_sitenote_active":false,"_monsterinsights_sitenote_note":"","_monsterinsights_sitenote_category":0,"footnotes":""},"class_list":["post-22423","page","type-page","status-publish","hentry"],"acf":[],"yoast_head":"<!-- This site is optimized with the Yoast SEO plugin v26.7 - https:\/\/yoast.com\/wordpress\/plugins\/seo\/ -->\n<title>Fabiola Vilugr\u00f3n Aravena - Academia Espa\u00f1ola de Nutrici\u00f3n y Diet\u00e9tica<\/title>\n<meta name=\"robots\" content=\"index, follow, max-snippet:-1, max-image-preview:large, max-video-preview:-1\" \/>\n<link rel=\"canonical\" href=\"https:\/\/www.academianutricionydietetica.org\/pro\/la-academia\/organos-de-gobierno\/fabiola-pamela-vilugron-aravena\/\" \/>\n<meta property=\"og:locale\" content=\"es_ES\" \/>\n<meta property=\"og:type\" content=\"article\" \/>\n<meta property=\"og:title\" content=\"Fabiola Vilugr\u00f3n Aravena - Academia Espa\u00f1ola de Nutrici\u00f3n y Diet\u00e9tica\" \/>\n<meta property=\"og:description\" content=\"[vc_row dfd_row_responsive_enable=\u00bbdfd-row-responsive-enable\u00bb responsive_styles=\u00bbpadding_left_mobile:20|padding_right_mobile:20&#8243;][vc_column][\/vc_column][\/vc_row]\" \/>\n<meta property=\"og:url\" content=\"https:\/\/www.academianutricionydietetica.org\/pro\/la-academia\/organos-de-gobierno\/fabiola-pamela-vilugron-aravena\/\" \/>\n<meta property=\"og:site_name\" content=\"Academia Espa\u00f1ola de Nutrici\u00f3n y Diet\u00e9tica\" \/>\n<meta name=\"twitter:card\" content=\"summary_large_image\" \/>\n<meta name=\"twitter:label1\" content=\"Tiempo de lectura\" \/>\n\t<meta name=\"twitter:data1\" content=\"2 minutos\" \/>\n<script type=\"application\/ld+json\" class=\"yoast-schema-graph\">{\"@context\":\"https:\/\/schema.org\",\"@graph\":[{\"@type\":\"WebPage\",\"@id\":\"https:\/\/www.academianutricionydietetica.org\/pro\/la-academia\/organos-de-gobierno\/fabiola-pamela-vilugron-aravena\/\",\"url\":\"https:\/\/www.academianutricionydietetica.org\/pro\/la-academia\/organos-de-gobierno\/fabiola-pamela-vilugron-aravena\/\",\"name\":\"Fabiola Vilugr\u00f3n Aravena - Academia Espa\u00f1ola de Nutrici\u00f3n y Diet\u00e9tica\",\"isPartOf\":{\"@id\":\"https:\/\/www.academianutricionydietetica.org\/pro\/#website\"},\"datePublished\":\"2024-03-25T14:51:12+00:00\",\"breadcrumb\":{\"@id\":\"https:\/\/www.academianutricionydietetica.org\/pro\/la-academia\/organos-de-gobierno\/fabiola-pamela-vilugron-aravena\/#breadcrumb\"},\"inLanguage\":\"es\",\"potentialAction\":[{\"@type\":\"ReadAction\",\"target\":[\"https:\/\/www.academianutricionydietetica.org\/pro\/la-academia\/organos-de-gobierno\/fabiola-pamela-vilugron-aravena\/\"]}]},{\"@type\":\"BreadcrumbList\",\"@id\":\"https:\/\/www.academianutricionydietetica.org\/pro\/la-academia\/organos-de-gobierno\/fabiola-pamela-vilugron-aravena\/#breadcrumb\",\"itemListElement\":[{\"@type\":\"ListItem\",\"position\":1,\"name\":\"Inicio\",\"item\":\"https:\/\/www.academianutricionydietetica.org\/pro\/\"},{\"@type\":\"ListItem\",\"position\":2,\"name\":\"La academia\",\"item\":\"https:\/\/www.academianutricionydietetica.org\/pro\/la-academia\/\"},{\"@type\":\"ListItem\",\"position\":3,\"name\":\"\u00d3rganos de Gobierno\",\"item\":\"https:\/\/www.academianutricionydietetica.org\/pro\/la-academia\/organos-de-gobierno\/\"},{\"@type\":\"ListItem\",\"position\":4,\"name\":\"Fabiola Vilugr\u00f3n Aravena\"}]},{\"@type\":\"WebSite\",\"@id\":\"https:\/\/www.academianutricionydietetica.org\/pro\/#website\",\"url\":\"https:\/\/www.academianutricionydietetica.org\/pro\/\",\"name\":\"Academia Espa\u00f1ola de Nutrici\u00f3n y Diet\u00e9tica\",\"description\":\"Formaci\u00f3n, noticias, jornadas y eventos\",\"potentialAction\":[{\"@type\":\"SearchAction\",\"target\":{\"@type\":\"EntryPoint\",\"urlTemplate\":\"https:\/\/www.academianutricionydietetica.org\/pro\/?s={search_term_string}\"},\"query-input\":{\"@type\":\"PropertyValueSpecification\",\"valueRequired\":true,\"valueName\":\"search_term_string\"}}],\"inLanguage\":\"es\"}]}<\/script>\n<!-- \/ Yoast SEO plugin. -->","yoast_head_json":{"title":"Fabiola Vilugr\u00f3n Aravena - Academia Espa\u00f1ola de Nutrici\u00f3n y Diet\u00e9tica","robots":{"index":"index","follow":"follow","max-snippet":"max-snippet:-1","max-image-preview":"max-image-preview:large","max-video-preview":"max-video-preview:-1"},"canonical":"https:\/\/www.academianutricionydietetica.org\/pro\/la-academia\/organos-de-gobierno\/fabiola-pamela-vilugron-aravena\/","og_locale":"es_ES","og_type":"article","og_title":"Fabiola Vilugr\u00f3n Aravena - Academia Espa\u00f1ola de Nutrici\u00f3n y Diet\u00e9tica","og_description":"[vc_row dfd_row_responsive_enable=\u00bbdfd-row-responsive-enable\u00bb responsive_styles=\u00bbpadding_left_mobile:20|padding_right_mobile:20&#8243;][vc_column][\/vc_column][\/vc_row]","og_url":"https:\/\/www.academianutricionydietetica.org\/pro\/la-academia\/organos-de-gobierno\/fabiola-pamela-vilugron-aravena\/","og_site_name":"Academia Espa\u00f1ola de Nutrici\u00f3n y Diet\u00e9tica","twitter_card":"summary_large_image","twitter_misc":{"Tiempo de lectura":"2 minutos"},"schema":{"@context":"https:\/\/schema.org","@graph":[{"@type":"WebPage","@id":"https:\/\/www.academianutricionydietetica.org\/pro\/la-academia\/organos-de-gobierno\/fabiola-pamela-vilugron-aravena\/","url":"https:\/\/www.academianutricionydietetica.org\/pro\/la-academia\/organos-de-gobierno\/fabiola-pamela-vilugron-aravena\/","name":"Fabiola Vilugr\u00f3n Aravena - Academia Espa\u00f1ola de Nutrici\u00f3n y Diet\u00e9tica","isPartOf":{"@id":"https:\/\/www.academianutricionydietetica.org\/pro\/#website"},"datePublished":"2024-03-25T14:51:12+00:00","breadcrumb":{"@id":"https:\/\/www.academianutricionydietetica.org\/pro\/la-academia\/organos-de-gobierno\/fabiola-pamela-vilugron-aravena\/#breadcrumb"},"inLanguage":"es","potentialAction":[{"@type":"ReadAction","target":["https:\/\/www.academianutricionydietetica.org\/pro\/la-academia\/organos-de-gobierno\/fabiola-pamela-vilugron-aravena\/"]}]},{"@type":"BreadcrumbList","@id":"https:\/\/www.academianutricionydietetica.org\/pro\/la-academia\/organos-de-gobierno\/fabiola-pamela-vilugron-aravena\/#breadcrumb","itemListElement":[{"@type":"ListItem","position":1,"name":"Inicio","item":"https:\/\/www.academianutricionydietetica.org\/pro\/"},{"@type":"ListItem","position":2,"name":"La academia","item":"https:\/\/www.academianutricionydietetica.org\/pro\/la-academia\/"},{"@type":"ListItem","position":3,"name":"\u00d3rganos de Gobierno","item":"https:\/\/www.academianutricionydietetica.org\/pro\/la-academia\/organos-de-gobierno\/"},{"@type":"ListItem","position":4,"name":"Fabiola Vilugr\u00f3n Aravena"}]},{"@type":"WebSite","@id":"https:\/\/www.academianutricionydietetica.org\/pro\/#website","url":"https:\/\/www.academianutricionydietetica.org\/pro\/","name":"Academia Espa\u00f1ola de Nutrici\u00f3n y Diet\u00e9tica","description":"Formaci\u00f3n, noticias, jornadas y eventos","potentialAction":[{"@type":"SearchAction","target":{"@type":"EntryPoint","urlTemplate":"https:\/\/www.academianutricionydietetica.org\/pro\/?s={search_term_string}"},"query-input":{"@type":"PropertyValueSpecification","valueRequired":true,"valueName":"search_term_string"}}],"inLanguage":"es"}]}},"_links":{"self":[{"href":"https:\/\/www.academianutricionydietetica.org\/pro\/wp-json\/wp\/v2\/pages\/22423","targetHints":{"allow":["GET"]}}],"collection":[{"href":"https:\/\/www.academianutricionydietetica.org\/pro\/wp-json\/wp\/v2\/pages"}],"about":[{"href":"https:\/\/www.academianutricionydietetica.org\/pro\/wp-json\/wp\/v2\/types\/page"}],"author":[{"embeddable":true,"href":"https:\/\/www.academianutricionydietetica.org\/pro\/wp-json\/wp\/v2\/users\/4"}],"replies":[{"embeddable":true,"href":"https:\/\/www.academianutricionydietetica.org\/pro\/wp-json\/wp\/v2\/comments?post=22423"}],"version-history":[{"count":1,"href":"https:\/\/www.academianutricionydietetica.org\/pro\/wp-json\/wp\/v2\/pages\/22423\/revisions"}],"predecessor-version":[{"id":22425,"href":"https:\/\/www.academianutricionydietetica.org\/pro\/wp-json\/wp\/v2\/pages\/22423\/revisions\/22425"}],"up":[{"embeddable":true,"href":"https:\/\/www.academianutricionydietetica.org\/pro\/wp-json\/wp\/v2\/pages\/16188"}],"wp:attachment":[{"href":"https:\/\/www.academianutricionydietetica.org\/pro\/wp-json\/wp\/v2\/media?parent=22423"}],"curies":[{"name":"wp","href":"https:\/\/api.w.org\/{rel}","templated":true}]}}

Fabiola Vilugrón Aravena

<p>[vc_row dfd_row_responsive_enable=»dfd-row-responsive-enable» responsive_styles=»padding_left_mobile:20|padding_right_mobile:20&#8243;][vc_column]<div class="dfd-spacer-module"  data-units="px" data-wide_resolution="1280" data-wide_size="80" data-normal_resolution="1024" data-normal_size="60" data-tablet_resolution="800" data-tablet_size="40" data-mobile_resolution="480" data-mobile_size="40" style="height: 80px;"></div><div class="dfd-info-banner style-05 responsive-team-members text-center" ><div class="image-cover "><img loading="lazy" decoding="async" src="https://www.academianutricionydietetica.org/pro/uploads/2024/03/IMG-3296-rotated-100x100.jpg" alt="Image"  width="100" height="100" class="info-banner-image " /></div><div class="content-wrap"><h2 class="info-box-title " style="font-size: 22px; line-height: 26.4px; letter-spacing: 1px; ">Fabiola Vilugrón Aravena</h2><h3 class="info-box-subtitle widget-sub-title " style="">Académicos de número</h3><div class="wrap-delimiter"><div class="delimiter" ></div></div><div class="description" style="">EDUCACIÓN</p>
<p>Universidad de la Frontera<br />
Título Profesional de Nutricionista<br />
Carrera de Nutrición y Dietética, 2001</p>
<p>Universidad de Girona</p>
<p>Universidad Andrés Bello	Doctorada en Psicología, Salud y Calidad de Vida, 2018.</p>
<p>Magister en Docencia en Educación Superior, 2012.</p>
<p>Universidad de Chile<br />
(INTA)	Magister en Ciencias de la Nutrición. Mención Promoción de Salud y Prevención de Enfermedades Crónicas no transmisibles relacionadas con la Nutrición, 2008.<br />
PERFECCIONAMIENTO</p>
<p>Universidad Adolfo Ibáñez	</p>
<p>Diplomado en Evaluación Integral de Proyectos </p>
<p>Pontificia Universidad Católica de Chile	Diplomado en Ética de la Investigación, 2020.<br />
Pontificia Universidad Católica de Chile	Diplomado en Coaching, 2018.</p>
<p>Universidad de Chile (INTA)	Diplomado en Ejercicio, Nutrición y Salud, 2006.<br />
Universidad de Chile (INTA)	Diplomado en Promoción de Salud, 2003.</p>
<p>EXPERIENCIA PROFESIONAL</p>
<p>Universidad Católica de Valparaíso (2016 a la fecha). Docencia en la asignatura de «Nutrición saludable y evaluación de la calidad alimentaria», Magister en Actividad Física para la Salud.</p>
<p>Universidad de Playa Ancha. (2008 a la fecha). Actualmente Directora General de Vinculación con el Medio. Académica del Departamento de Nutrición, Facultad de Ciencias de la Salud. Coordinadora de la Carrera de Nutrición y Dietética de la Universidad de Playa Ancha, Valparaíso, 2012-2014. Docencia en las asignaturas de Promoción de la Salud, Dietoterapia Adultos e Infantil, Evaluación del Estado Nutricional, Planificación Alimentaria y Nutricional, Orientación Profesional. Profesora Guía de Tesis en el área de promoción de la salud y evaluación del estado nutricional. Integrante de la Comisión Curricular de la Carrera 2011-2014 y de la Comisión Universitaria para el Fomento de la Vida Saludable, UPLA. Integrante Observatorio de Calidad de Vida y Comportamientos de Riesgo en Universitarios, UPLA (Decreto 3652/2015). Directora de la Línea Disciplinaria de Promoción de la Salud de la Facultad de Ciencias de la Salud año 2013. Coordinadora General de Promoción de la Salud y Calidad de Vida, UPLA, 2016 a la fecha (Decreto 0699/2016). Integrante del equipo Gestor de Promoción de la Salud y Calidad de Vida, UPLA, 2017 a la fecha (Decreto 456/2017). Integrante de la Red de Universidades Promotoras de la Salud del CRUCH, 2016 a la fecha. Integrante Comité Ético Científico, 2019 a la fecha (188/2019).</p>
<p>Hospital de Quintero (2001- 2011). Nutricionista Clínica, Jefa de Servicio de Alimentación y SEDILE, encargada del PNAC, integrante del Equipo Gestor de Salud Familiar, del Equipo de Cabecera de Sector y del Equipo de Mejoramiento del Entorno Laboral. Encargada de Promoción de Salud.</div></div></div><div class="dfd-spacer-module"  data-units="px" data-wide_resolution="1280" data-wide_size="80" data-normal_resolution="1024" data-normal_size="60" data-tablet_resolution="800" data-tablet_size="40" data-mobile_resolution="480" data-mobile_size="40" style="height: 80px;"></div>[/vc_column][/vc_row]</p>

<!-- This site is optimized with the Yoast SEO plugin v26.7 - https://yoast.com/wordpress/plugins/seo/ -->
<title>Fabiola Vilugrón Aravena - Academia Española de Nutrición y Dietética</title>
<meta name="robots" content="index, follow, max-snippet:-1, max-image-preview:large, max-video-preview:-1" />
<link rel="canonical" href="https://www.academianutricionydietetica.org/pro/la-academia/organos-de-gobierno/fabiola-pamela-vilugron-aravena/" />
<meta property="og:locale" content="es_ES" />
<meta property="og:type" content="article" />
<meta property="og:title" content="Fabiola Vilugrón Aravena - Academia Española de Nutrición y Dietética" />
<meta property="og:description" content="[vc_row dfd_row_responsive_enable=»dfd-row-responsive-enable» responsive_styles=»padding_left_mobile:20|padding_right_mobile:20&#8243;][vc_column][/vc_column][/vc_row]" />
<meta property="og:url" content="https://www.academianutricionydietetica.org/pro/la-academia/organos-de-gobierno/fabiola-pamela-vilugron-aravena/" />
<meta property="og:site_name" content="Academia Española de Nutrición y Dietética" />
<meta name="twitter:card" content="summary_large_image" />
<meta name="twitter:label1" content="Tiempo de lectura" />
	<meta name="twitter:data1" content="2 minutos" />
<script type="application/ld+json" class="yoast-schema-graph">{"@context":"https://schema.org","@graph":[{"@type":"WebPage","@id":"https://www.academianutricionydietetica.org/pro/la-academia/organos-de-gobierno/fabiola-pamela-vilugron-aravena/","url":"https://www.academianutricionydietetica.org/pro/la-academia/organos-de-gobierno/fabiola-pamela-vilugron-aravena/","name":"Fabiola Vilugrón Aravena - Academia Española de Nutrición y Dietética","isPartOf":{"@id":"https://www.academianutricionydietetica.org/pro/#website"},"datePublished":"2024-03-25T14:51:12+00:00","breadcrumb":{"@id":"https://www.academianutricionydietetica.org/pro/la-academia/organos-de-gobierno/fabiola-pamela-vilugron-aravena/#breadcrumb"},"inLanguage":"es","potentialAction":[{"@type":"ReadAction","target":["https://www.academianutricionydietetica.org/pro/la-academia/organos-de-gobierno/fabiola-pamela-vilugron-aravena/"]}]},{"@type":"BreadcrumbList","@id":"https://www.academianutricionydietetica.org/pro/la-academia/organos-de-gobierno/fabiola-pamela-vilugron-aravena/#breadcrumb","itemListElement":[{"@type":"ListItem","position":1,"name":"Inicio","item":"https://www.academianutricionydietetica.org/pro/"},{"@type":"ListItem","position":2,"name":"La academia","item":"https://www.academianutricionydietetica.org/pro/la-academia/"},{"@type":"ListItem","position":3,"name":"Órganos de Gobierno","item":"https://www.academianutricionydietetica.org/pro/la-academia/organos-de-gobierno/"},{"@type":"ListItem","position":4,"name":"Fabiola Vilugrón Aravena"}]},{"@type":"WebSite","@id":"https://www.academianutricionydietetica.org/pro/#website","url":"https://www.academianutricionydietetica.org/pro/","name":"Academia Española de Nutrición y Dietética","description":"Formación, noticias, jornadas y eventos","potentialAction":[{"@type":"SearchAction","target":{"@type":"EntryPoint","urlTemplate":"https://www.academianutricionydietetica.org/pro/?s={search_term_string}"},"query-input":{"@type":"PropertyValueSpecification","valueRequired":true,"valueName":"search_term_string"}}],"inLanguage":"es"}]}</script>
<!-- / Yoast SEO plugin. -->

Fabiola Vilugrón Aravena - Academia Española de Nutrición y Dietética

Academia Española de Nutrición y Dietética

Órganos de Gobierno

Formación, noticias, jornadas y eventos
