{"id":22438,"date":"2024-03-25T15:00:42","date_gmt":"2024-03-25T15:00:42","guid":{"rendered":"https:\/\/www.academianutricionydietetica.org\/pro\/?page_id=22438"},"modified":"2025-05-21T11:16:17","modified_gmt":"2025-05-21T11:16:17","slug":"francisco-miguel-celdran-de-haro","status":"publish","type":"page","link":"https:\/\/www.academianutricionydietetica.org\/pro\/la-academia\/organos-de-gobierno\/francisco-miguel-celdran-de-haro\/","title":{"rendered":"Francisco Miguel Celdr\u00e1n De Haro"},"content":{"rendered":"<p>[vc_row dfd_row_responsive_enable=\u00bbdfd-row-responsive-enable\u00bb responsive_styles=\u00bbpadding_left_mobile:20|padding_right_mobile:20&#8243;][vc_column]<div class=\"dfd-spacer-module\"  data-units=\"px\" data-wide_resolution=\"1280\" data-wide_size=\"80\" data-normal_resolution=\"1024\" data-normal_size=\"60\" data-tablet_resolution=\"800\" data-tablet_size=\"40\" data-mobile_resolution=\"480\" data-mobile_size=\"40\" style=\"height: 80px;\"><\/div><div class=\"dfd-info-banner style-05 responsive-team-members text-center\" ><div class=\"image-cover \"><img loading=\"lazy\" decoding=\"async\" src=\"https:\/\/www.academianutricionydietetica.org\/pro\/uploads\/2025\/05\/Francisco-Miguel-Celdran-de-Haro-2-150x150.jpg\" alt=\"Image\"  width=\"150\" height=\"150\" class=\"info-banner-image \" \/><\/div><div class=\"content-wrap\"><h2 class=\"info-box-title \" style=\"font-size: 22px; line-height: 26.4px; letter-spacing: 1px; \">Francisco Miguel Celdr\u00e1n De Haro<\/h2><h3 class=\"info-box-subtitle widget-sub-title \" style=\"\">Acad\u00e9micos de n\u00famero<\/h3><div class=\"wrap-delimiter\"><div class=\"delimiter\" ><\/div><\/div><div class=\"description\" style=\"\">FORMACI\u00d3N AC\u00c1DEMICA<br \/>\nDoctor en Nutrici\u00f3n y Seguridad Alimentaria por la Universidad Cat\u00f3lica San Antonio de Murcia Calificaci\u00f3n SOBRESALIENTE \u00abCUM LAUDE\u201d. 2015-2017<br \/>\nM\u00e1ster Oficial en Nutrici\u00f3n y Seguridad Alimentaria. 2007-2009<br \/>\nDiplomado en Nutrici\u00f3n Huma y Diet\u00e9tica 1998-2001<br \/>\nT\u00e9cnico Superior en Salud Ambiental 1995-1997<br \/>\nEXPERIENCIA LABORAL DOCENCIA<br \/>\nProfesor Universidad Cat\u00f3lica de Murcia (UCAM) 2012-2023<br \/>\nProfesor Asociado. Departamento de Enfermer\u00eda. Facultad de Ciencias de la Salud, Universidad de Alicante, desde octubre 2021.<br \/>\nDirector del M\u00e1ster en Nutrici\u00f3n en la Actividad F\u00edsica y el Deporte 2015-2017<br \/>\nCoordinador M\u00e1ster en Nutrici\u00f3n en la Actividad F\u00edsica y el Deporte 2017-2023<br \/>\nProfesor Instituto Superior de Formaci\u00f3n Profesional San Antonio. 2012-2023<br \/>\nCoordinador CFGS de Diet\u00e9tica Instituto Superior de Formaci\u00f3n Profesional San Antonio. 2013-2018<br \/>\nResponsable del Pr\u00e1cticum CFGS Diet\u00e9tica 2014-2023<br \/>\nEXPERIENCIA LABORAL DEPORTE<br \/>\nDietista-Nutricionista en el Etosa Alicante Lucentum Baloncesto. Temporadas 2003\/04 \u2013 2004\/05 \u2013 2005\/06. Liga ACB.<br \/>\nAsesor Comit\u00e9 Ejecutivo Federaci\u00f3n Dominicana de Medicina en el Deporte. Desde 2006 &#8211; actualidad<br \/>\nDietista-Nutricionista. Selecci\u00f3n Dominicana de Taekwondo. Campeonato del Mundo Dinamarca 2009.<br \/>\nDietista-Nutricionista. Selecci\u00f3n Dominicana de Balonmano. Pre-ol\u00edmpico de Londres 2012.<br \/>\nDietista-Nutricionista. Cartagena Futsal. Temporadas 2012\/13. Segunda Divisi\u00f3n LNFS.<br \/>\nDietista-Nutricionista. Pl\u00e1sticos Romero Cartagena FS: Temporadas 2013\/14 \u2013 2014\/15 \u2013 2015\/16. Segunda Divisi\u00f3n LNFS. Temporadas 2016\/17 \u2013 2017\/18. Primera Divisi\u00f3n LNFS.<br \/>\nDietista-Nutricionista. Jimbee Cartagena Futbol-sala. Temporada 2018\/19. Primera Divisi\u00f3n LNFS.<br \/>\nDietista-Nutricionista. Delegaci\u00f3n Dominicana de Taekwondo Olimpiadas Rio 2016<br \/>\nDietista-Nutricionista. Selecci\u00f3n Dominicana de Taekwondo Olimpiadas de Rio 2016 y Tokio 2021<br \/>\nDirector \u00c1rea de Salud GIROSALUDABLE S.L 2021- Actualidad<\/div><\/div><\/div><div class=\"dfd-spacer-module\"  data-units=\"px\" data-wide_resolution=\"1280\" data-wide_size=\"80\" data-normal_resolution=\"1024\" data-normal_size=\"60\" data-tablet_resolution=\"800\" data-tablet_size=\"40\" data-mobile_resolution=\"480\" data-mobile_size=\"40\" style=\"height: 80px;\"><\/div>[\/vc_column][\/vc_row]<\/p>\n","protected":false},"excerpt":{"rendered":"<p>[vc_row dfd_row_responsive_enable=\u00bbdfd-row-responsive-enable\u00bb responsive_styles=\u00bbpadding_left_mobile:20|padding_right_mobile:20&#8243;][vc_column][\/vc_column][\/vc_row]<\/p>\n","protected":false},"author":4,"featured_media":0,"parent":16188,"menu_order":0,"comment_status":"closed","ping_status":"closed","template":"page-custom-with-header.php","meta":{"_acf_changed":false,"_monsterinsights_skip_tracking":false,"_monsterinsights_sitenote_active":false,"_monsterinsights_sitenote_note":"","_monsterinsights_sitenote_category":0,"footnotes":""},"class_list":["post-22438","page","type-page","status-publish","hentry"],"acf":[],"yoast_head":"<!-- This site is optimized with the Yoast SEO plugin v26.7 - https:\/\/yoast.com\/wordpress\/plugins\/seo\/ -->\n<title>Francisco Miguel Celdr\u00e1n De Haro - Academia Espa\u00f1ola de Nutrici\u00f3n y Diet\u00e9tica<\/title>\n<meta name=\"robots\" content=\"index, follow, max-snippet:-1, max-image-preview:large, max-video-preview:-1\" \/>\n<link rel=\"canonical\" href=\"https:\/\/www.academianutricionydietetica.org\/pro\/la-academia\/organos-de-gobierno\/francisco-miguel-celdran-de-haro\/\" \/>\n<meta property=\"og:locale\" content=\"es_ES\" \/>\n<meta property=\"og:type\" content=\"article\" \/>\n<meta property=\"og:title\" content=\"Francisco Miguel Celdr\u00e1n De Haro - Academia Espa\u00f1ola de Nutrici\u00f3n y Diet\u00e9tica\" \/>\n<meta property=\"og:description\" content=\"[vc_row dfd_row_responsive_enable=\u00bbdfd-row-responsive-enable\u00bb responsive_styles=\u00bbpadding_left_mobile:20|padding_right_mobile:20&#8243;][vc_column][\/vc_column][\/vc_row]\" \/>\n<meta property=\"og:url\" content=\"https:\/\/www.academianutricionydietetica.org\/pro\/la-academia\/organos-de-gobierno\/francisco-miguel-celdran-de-haro\/\" \/>\n<meta property=\"og:site_name\" content=\"Academia Espa\u00f1ola de Nutrici\u00f3n y Diet\u00e9tica\" \/>\n<meta property=\"article:modified_time\" content=\"2025-05-21T11:16:17+00:00\" \/>\n<meta name=\"twitter:card\" content=\"summary_large_image\" \/>\n<meta name=\"twitter:label1\" content=\"Tiempo de lectura\" \/>\n\t<meta name=\"twitter:data1\" content=\"2 minutos\" \/>\n<script type=\"application\/ld+json\" class=\"yoast-schema-graph\">{\"@context\":\"https:\/\/schema.org\",\"@graph\":[{\"@type\":\"WebPage\",\"@id\":\"https:\/\/www.academianutricionydietetica.org\/pro\/la-academia\/organos-de-gobierno\/francisco-miguel-celdran-de-haro\/\",\"url\":\"https:\/\/www.academianutricionydietetica.org\/pro\/la-academia\/organos-de-gobierno\/francisco-miguel-celdran-de-haro\/\",\"name\":\"Francisco Miguel Celdr\u00e1n De Haro - Academia Espa\u00f1ola de Nutrici\u00f3n y Diet\u00e9tica\",\"isPartOf\":{\"@id\":\"https:\/\/www.academianutricionydietetica.org\/pro\/#website\"},\"datePublished\":\"2024-03-25T15:00:42+00:00\",\"dateModified\":\"2025-05-21T11:16:17+00:00\",\"breadcrumb\":{\"@id\":\"https:\/\/www.academianutricionydietetica.org\/pro\/la-academia\/organos-de-gobierno\/francisco-miguel-celdran-de-haro\/#breadcrumb\"},\"inLanguage\":\"es\",\"potentialAction\":[{\"@type\":\"ReadAction\",\"target\":[\"https:\/\/www.academianutricionydietetica.org\/pro\/la-academia\/organos-de-gobierno\/francisco-miguel-celdran-de-haro\/\"]}]},{\"@type\":\"BreadcrumbList\",\"@id\":\"https:\/\/www.academianutricionydietetica.org\/pro\/la-academia\/organos-de-gobierno\/francisco-miguel-celdran-de-haro\/#breadcrumb\",\"itemListElement\":[{\"@type\":\"ListItem\",\"position\":1,\"name\":\"Inicio\",\"item\":\"https:\/\/www.academianutricionydietetica.org\/pro\/\"},{\"@type\":\"ListItem\",\"position\":2,\"name\":\"La academia\",\"item\":\"https:\/\/www.academianutricionydietetica.org\/pro\/la-academia\/\"},{\"@type\":\"ListItem\",\"position\":3,\"name\":\"\u00d3rganos de Gobierno\",\"item\":\"https:\/\/www.academianutricionydietetica.org\/pro\/la-academia\/organos-de-gobierno\/\"},{\"@type\":\"ListItem\",\"position\":4,\"name\":\"Francisco Miguel Celdr\u00e1n De Haro\"}]},{\"@type\":\"WebSite\",\"@id\":\"https:\/\/www.academianutricionydietetica.org\/pro\/#website\",\"url\":\"https:\/\/www.academianutricionydietetica.org\/pro\/\",\"name\":\"Academia Espa\u00f1ola de Nutrici\u00f3n y Diet\u00e9tica\",\"description\":\"Formaci\u00f3n, noticias, jornadas y eventos\",\"potentialAction\":[{\"@type\":\"SearchAction\",\"target\":{\"@type\":\"EntryPoint\",\"urlTemplate\":\"https:\/\/www.academianutricionydietetica.org\/pro\/?s={search_term_string}\"},\"query-input\":{\"@type\":\"PropertyValueSpecification\",\"valueRequired\":true,\"valueName\":\"search_term_string\"}}],\"inLanguage\":\"es\"}]}<\/script>\n<!-- \/ Yoast SEO plugin. -->","yoast_head_json":{"title":"Francisco Miguel Celdr\u00e1n De Haro - Academia Espa\u00f1ola de Nutrici\u00f3n y Diet\u00e9tica","robots":{"index":"index","follow":"follow","max-snippet":"max-snippet:-1","max-image-preview":"max-image-preview:large","max-video-preview":"max-video-preview:-1"},"canonical":"https:\/\/www.academianutricionydietetica.org\/pro\/la-academia\/organos-de-gobierno\/francisco-miguel-celdran-de-haro\/","og_locale":"es_ES","og_type":"article","og_title":"Francisco Miguel Celdr\u00e1n De Haro - Academia Espa\u00f1ola de Nutrici\u00f3n y Diet\u00e9tica","og_description":"[vc_row dfd_row_responsive_enable=\u00bbdfd-row-responsive-enable\u00bb responsive_styles=\u00bbpadding_left_mobile:20|padding_right_mobile:20&#8243;][vc_column][\/vc_column][\/vc_row]","og_url":"https:\/\/www.academianutricionydietetica.org\/pro\/la-academia\/organos-de-gobierno\/francisco-miguel-celdran-de-haro\/","og_site_name":"Academia Espa\u00f1ola de Nutrici\u00f3n y Diet\u00e9tica","article_modified_time":"2025-05-21T11:16:17+00:00","twitter_card":"summary_large_image","twitter_misc":{"Tiempo de lectura":"2 minutos"},"schema":{"@context":"https:\/\/schema.org","@graph":[{"@type":"WebPage","@id":"https:\/\/www.academianutricionydietetica.org\/pro\/la-academia\/organos-de-gobierno\/francisco-miguel-celdran-de-haro\/","url":"https:\/\/www.academianutricionydietetica.org\/pro\/la-academia\/organos-de-gobierno\/francisco-miguel-celdran-de-haro\/","name":"Francisco Miguel Celdr\u00e1n De Haro - Academia Espa\u00f1ola de Nutrici\u00f3n y Diet\u00e9tica","isPartOf":{"@id":"https:\/\/www.academianutricionydietetica.org\/pro\/#website"},"datePublished":"2024-03-25T15:00:42+00:00","dateModified":"2025-05-21T11:16:17+00:00","breadcrumb":{"@id":"https:\/\/www.academianutricionydietetica.org\/pro\/la-academia\/organos-de-gobierno\/francisco-miguel-celdran-de-haro\/#breadcrumb"},"inLanguage":"es","potentialAction":[{"@type":"ReadAction","target":["https:\/\/www.academianutricionydietetica.org\/pro\/la-academia\/organos-de-gobierno\/francisco-miguel-celdran-de-haro\/"]}]},{"@type":"BreadcrumbList","@id":"https:\/\/www.academianutricionydietetica.org\/pro\/la-academia\/organos-de-gobierno\/francisco-miguel-celdran-de-haro\/#breadcrumb","itemListElement":[{"@type":"ListItem","position":1,"name":"Inicio","item":"https:\/\/www.academianutricionydietetica.org\/pro\/"},{"@type":"ListItem","position":2,"name":"La academia","item":"https:\/\/www.academianutricionydietetica.org\/pro\/la-academia\/"},{"@type":"ListItem","position":3,"name":"\u00d3rganos de Gobierno","item":"https:\/\/www.academianutricionydietetica.org\/pro\/la-academia\/organos-de-gobierno\/"},{"@type":"ListItem","position":4,"name":"Francisco Miguel Celdr\u00e1n De Haro"}]},{"@type":"WebSite","@id":"https:\/\/www.academianutricionydietetica.org\/pro\/#website","url":"https:\/\/www.academianutricionydietetica.org\/pro\/","name":"Academia Espa\u00f1ola de Nutrici\u00f3n y Diet\u00e9tica","description":"Formaci\u00f3n, noticias, jornadas y eventos","potentialAction":[{"@type":"SearchAction","target":{"@type":"EntryPoint","urlTemplate":"https:\/\/www.academianutricionydietetica.org\/pro\/?s={search_term_string}"},"query-input":{"@type":"PropertyValueSpecification","valueRequired":true,"valueName":"search_term_string"}}],"inLanguage":"es"}]}},"_links":{"self":[{"href":"https:\/\/www.academianutricionydietetica.org\/pro\/wp-json\/wp\/v2\/pages\/22438","targetHints":{"allow":["GET"]}}],"collection":[{"href":"https:\/\/www.academianutricionydietetica.org\/pro\/wp-json\/wp\/v2\/pages"}],"about":[{"href":"https:\/\/www.academianutricionydietetica.org\/pro\/wp-json\/wp\/v2\/types\/page"}],"author":[{"embeddable":true,"href":"https:\/\/www.academianutricionydietetica.org\/pro\/wp-json\/wp\/v2\/users\/4"}],"replies":[{"embeddable":true,"href":"https:\/\/www.academianutricionydietetica.org\/pro\/wp-json\/wp\/v2\/comments?post=22438"}],"version-history":[{"count":2,"href":"https:\/\/www.academianutricionydietetica.org\/pro\/wp-json\/wp\/v2\/pages\/22438\/revisions"}],"predecessor-version":[{"id":23810,"href":"https:\/\/www.academianutricionydietetica.org\/pro\/wp-json\/wp\/v2\/pages\/22438\/revisions\/23810"}],"up":[{"embeddable":true,"href":"https:\/\/www.academianutricionydietetica.org\/pro\/wp-json\/wp\/v2\/pages\/16188"}],"wp:attachment":[{"href":"https:\/\/www.academianutricionydietetica.org\/pro\/wp-json\/wp\/v2\/media?parent=22438"}],"curies":[{"name":"wp","href":"https:\/\/api.w.org\/{rel}","templated":true}]}}

Francisco Miguel Celdrán De Haro

<p>[vc_row dfd_row_responsive_enable=»dfd-row-responsive-enable» responsive_styles=»padding_left_mobile:20|padding_right_mobile:20&#8243;][vc_column]<div class="dfd-spacer-module"  data-units="px" data-wide_resolution="1280" data-wide_size="80" data-normal_resolution="1024" data-normal_size="60" data-tablet_resolution="800" data-tablet_size="40" data-mobile_resolution="480" data-mobile_size="40" style="height: 80px;"></div><div class="dfd-info-banner style-05 responsive-team-members text-center" ><div class="image-cover "><img loading="lazy" decoding="async" src="https://www.academianutricionydietetica.org/pro/uploads/2025/05/Francisco-Miguel-Celdran-de-Haro-2-150x150.jpg" alt="Image"  width="150" height="150" class="info-banner-image " /></div><div class="content-wrap"><h2 class="info-box-title " style="font-size: 22px; line-height: 26.4px; letter-spacing: 1px; ">Francisco Miguel Celdrán De Haro</h2><h3 class="info-box-subtitle widget-sub-title " style="">Académicos de número</h3><div class="wrap-delimiter"><div class="delimiter" ></div></div><div class="description" style="">FORMACIÓN ACÁDEMICA<br />
Doctor en Nutrición y Seguridad Alimentaria por la Universidad Católica San Antonio de Murcia Calificación SOBRESALIENTE «CUM LAUDE”. 2015-2017<br />
Máster Oficial en Nutrición y Seguridad Alimentaria. 2007-2009<br />
Diplomado en Nutrición Huma y Dietética 1998-2001<br />
Técnico Superior en Salud Ambiental 1995-1997<br />
EXPERIENCIA LABORAL DOCENCIA<br />
Profesor Universidad Católica de Murcia (UCAM) 2012-2023<br />
Profesor Asociado. Departamento de Enfermería. Facultad de Ciencias de la Salud, Universidad de Alicante, desde octubre 2021.<br />
Director del Máster en Nutrición en la Actividad Física y el Deporte 2015-2017<br />
Coordinador Máster en Nutrición en la Actividad Física y el Deporte 2017-2023<br />
Profesor Instituto Superior de Formación Profesional San Antonio. 2012-2023<br />
Coordinador CFGS de Dietética Instituto Superior de Formación Profesional San Antonio. 2013-2018<br />
Responsable del Prácticum CFGS Dietética 2014-2023<br />
EXPERIENCIA LABORAL DEPORTE<br />
Dietista-Nutricionista en el Etosa Alicante Lucentum Baloncesto. Temporadas 2003/04 – 2004/05 – 2005/06. Liga ACB.<br />
Asesor Comité Ejecutivo Federación Dominicana de Medicina en el Deporte. Desde 2006 &#8211; actualidad<br />
Dietista-Nutricionista. Selección Dominicana de Taekwondo. Campeonato del Mundo Dinamarca 2009.<br />
Dietista-Nutricionista. Selección Dominicana de Balonmano. Pre-olímpico de Londres 2012.<br />
Dietista-Nutricionista. Cartagena Futsal. Temporadas 2012/13. Segunda División LNFS.<br />
Dietista-Nutricionista. Plásticos Romero Cartagena FS: Temporadas 2013/14 – 2014/15 – 2015/16. Segunda División LNFS. Temporadas 2016/17 – 2017/18. Primera División LNFS.<br />
Dietista-Nutricionista. Jimbee Cartagena Futbol-sala. Temporada 2018/19. Primera División LNFS.<br />
Dietista-Nutricionista. Delegación Dominicana de Taekwondo Olimpiadas Rio 2016<br />
Dietista-Nutricionista. Selección Dominicana de Taekwondo Olimpiadas de Rio 2016 y Tokio 2021<br />
Director Área de Salud GIROSALUDABLE S.L 2021- Actualidad</div></div></div><div class="dfd-spacer-module"  data-units="px" data-wide_resolution="1280" data-wide_size="80" data-normal_resolution="1024" data-normal_size="60" data-tablet_resolution="800" data-tablet_size="40" data-mobile_resolution="480" data-mobile_size="40" style="height: 80px;"></div>[/vc_column][/vc_row]</p>

<!-- This site is optimized with the Yoast SEO plugin v26.7 - https://yoast.com/wordpress/plugins/seo/ -->
<title>Francisco Miguel Celdrán De Haro - Academia Española de Nutrición y Dietética</title>
<meta name="robots" content="index, follow, max-snippet:-1, max-image-preview:large, max-video-preview:-1" />
<link rel="canonical" href="https://www.academianutricionydietetica.org/pro/la-academia/organos-de-gobierno/francisco-miguel-celdran-de-haro/" />
<meta property="og:locale" content="es_ES" />
<meta property="og:type" content="article" />
<meta property="og:title" content="Francisco Miguel Celdrán De Haro - Academia Española de Nutrición y Dietética" />
<meta property="og:description" content="[vc_row dfd_row_responsive_enable=»dfd-row-responsive-enable» responsive_styles=»padding_left_mobile:20|padding_right_mobile:20&#8243;][vc_column][/vc_column][/vc_row]" />
<meta property="og:url" content="https://www.academianutricionydietetica.org/pro/la-academia/organos-de-gobierno/francisco-miguel-celdran-de-haro/" />
<meta property="og:site_name" content="Academia Española de Nutrición y Dietética" />
<meta property="article:modified_time" content="2025-05-21T11:16:17+00:00" />
<meta name="twitter:card" content="summary_large_image" />
<meta name="twitter:label1" content="Tiempo de lectura" />
	<meta name="twitter:data1" content="2 minutos" />
<script type="application/ld+json" class="yoast-schema-graph">{"@context":"https://schema.org","@graph":[{"@type":"WebPage","@id":"https://www.academianutricionydietetica.org/pro/la-academia/organos-de-gobierno/francisco-miguel-celdran-de-haro/","url":"https://www.academianutricionydietetica.org/pro/la-academia/organos-de-gobierno/francisco-miguel-celdran-de-haro/","name":"Francisco Miguel Celdrán De Haro - Academia Española de Nutrición y Dietética","isPartOf":{"@id":"https://www.academianutricionydietetica.org/pro/#website"},"datePublished":"2024-03-25T15:00:42+00:00","dateModified":"2025-05-21T11:16:17+00:00","breadcrumb":{"@id":"https://www.academianutricionydietetica.org/pro/la-academia/organos-de-gobierno/francisco-miguel-celdran-de-haro/#breadcrumb"},"inLanguage":"es","potentialAction":[{"@type":"ReadAction","target":["https://www.academianutricionydietetica.org/pro/la-academia/organos-de-gobierno/francisco-miguel-celdran-de-haro/"]}]},{"@type":"BreadcrumbList","@id":"https://www.academianutricionydietetica.org/pro/la-academia/organos-de-gobierno/francisco-miguel-celdran-de-haro/#breadcrumb","itemListElement":[{"@type":"ListItem","position":1,"name":"Inicio","item":"https://www.academianutricionydietetica.org/pro/"},{"@type":"ListItem","position":2,"name":"La academia","item":"https://www.academianutricionydietetica.org/pro/la-academia/"},{"@type":"ListItem","position":3,"name":"Órganos de Gobierno","item":"https://www.academianutricionydietetica.org/pro/la-academia/organos-de-gobierno/"},{"@type":"ListItem","position":4,"name":"Francisco Miguel Celdrán De Haro"}]},{"@type":"WebSite","@id":"https://www.academianutricionydietetica.org/pro/#website","url":"https://www.academianutricionydietetica.org/pro/","name":"Academia Española de Nutrición y Dietética","description":"Formación, noticias, jornadas y eventos","potentialAction":[{"@type":"SearchAction","target":{"@type":"EntryPoint","urlTemplate":"https://www.academianutricionydietetica.org/pro/?s={search_term_string}"},"query-input":{"@type":"PropertyValueSpecification","valueRequired":true,"valueName":"search_term_string"}}],"inLanguage":"es"}]}</script>
<!-- / Yoast SEO plugin. -->

Francisco Miguel Celdrán De Haro - Academia Española de Nutrición y Dietética

Academia Española de Nutrición y Dietética

Órganos de Gobierno

Formación, noticias, jornadas y eventos
