{"id":22450,"date":"2024-03-25T15:16:13","date_gmt":"2024-03-25T15:16:13","guid":{"rendered":"https:\/\/www.academianutricionydietetica.org\/pro\/?page_id=22450"},"modified":"2024-03-25T15:16:13","modified_gmt":"2024-03-25T15:16:13","slug":"ingorte-zubieta-aurteneche","status":"publish","type":"page","link":"https:\/\/www.academianutricionydietetica.org\/pro\/la-academia\/organos-de-gobierno\/ingorte-zubieta-aurteneche\/","title":{"rendered":"Ingortze Zubieta Aurteneche"},"content":{"rendered":"<p>[vc_row dfd_row_responsive_enable=\u00bbdfd-row-responsive-enable\u00bb responsive_styles=\u00bbpadding_left_mobile:20|padding_right_mobile:20&#8243;][vc_column]<div class=\"dfd-spacer-module\"  data-units=\"px\" data-wide_resolution=\"1280\" data-wide_size=\"80\" data-normal_resolution=\"1024\" data-normal_size=\"60\" data-tablet_resolution=\"800\" data-tablet_size=\"40\" data-mobile_resolution=\"480\" data-mobile_size=\"40\" style=\"height: 80px;\"><\/div><div class=\"dfd-info-banner style-05 responsive-team-members text-center\" ><div class=\"image-cover \"><img loading=\"lazy\" decoding=\"async\" src=\"https:\/\/www.academianutricionydietetica.org\/pro\/uploads\/2024\/03\/INGOR-150x150.jpg\" alt=\"Image\"  width=\"150\" height=\"150\" class=\"info-banner-image \" \/><\/div><div class=\"content-wrap\"><h2 class=\"info-box-title \" style=\"font-size: 22px; line-height: 26.4px; letter-spacing: 1px; \">Ingortze Zubieta Aurteneche<\/h2><h3 class=\"info-box-subtitle widget-sub-title \" style=\"\">Miembros de honor y em\u00e9ritos<\/h3><div class=\"wrap-delimiter\"><div class=\"delimiter\" ><\/div><\/div><div class=\"description\" style=\"\">Estudios:<br \/>\n\u2022\tDietista-Nutricionista por la Universidad del Pa\u00eds Vasco.<br \/>\n\u2022\tCommunity Management, Marketing y RRSS por la Fundaci\u00f3n UNED<br \/>\nFormaci\u00f3n complementaria (entre otras):<br \/>\no\tAbordaje diet\u00e9tico para paciente con Trastorno Funcional Digestivo<br \/>\no\tRecursos desde la psicolog\u00eda para la intervenci\u00f3n nutricional en Trastornos Conducta Alimentaria<br \/>\no\tCurso de actualizaci\u00f3n Ayuno Intermitente<br \/>\no\tHerramientas y creaci\u00f3n de materiales audiovisuales en nutrici\u00f3n y diet\u00e9tica<br \/>\no\tEstrategia de Comunicaci\u00f3n para Redes Sociales<br \/>\nActualmente es:<br \/>\no\tResponsable y Coordinadora del Departamento de Nutrici\u00f3n y Asesoramiento Diet\u00e9tico de Farmathia (Bilbao) desde 2007 donde ejerce como:<br \/>\n\u2022\tCoordinadora del equipo de nutricionistas del Asesoramiento Nutricional Farmathia.<br \/>\n\u2022\tDietista-Nutricionista cl\u00ednica en consulta.<br \/>\n\u2022\tOrganizaci\u00f3n, coordinaci\u00f3n y elaboraci\u00f3n de Campa\u00f1as Sanitarias y materiales para equipos y usuarios de las oficinas de farmacia<br \/>\n\u2022\tTutora de Pr\u00e1cticas Tuteladas de alumnos de \u00faltimo curso del Grado<br \/>\n\u2022\tElaboraci\u00f3n Campa\u00f1as Sanitarias y de Asesoramiento Nutricional para empresas. <\/p>\n<p>o\tResponsable del \u00c1rea de Comunicaci\u00f3n y Redes Sociales de La Academia Espa\u00f1ola de Nutrici\u00f3n y Diet\u00e9tica<br \/>\n\u2022\tComunicaci\u00f3n Externa, Redes Sociales (RRSS) y Comunicaci\u00f3n dirigida a la ciudadan\u00eda.<br \/>\n\u2022\tCoordinaci\u00f3n de web, redes sociales, newsletter&#8230;<br \/>\n\u2022\tDocente de \ud835\udc0f\ud835\udc2b\u00e1\ud835\udc1c\ud835\udc2d\ud835\udc22\ud835\udc1c\ud835\udc1a\ud835\udc2c \ud835\udc13\ud835\udc2e\ud835\udc2d\ud835\udc1e\ud835\udc25\ud835\udc1a\ud835\udc1d\ud835\udc1a\ud835\udc2c de alumnos de \u00faltimo curso del Grado<\/p>\n<p>o\tPresidenta del Colegio Oficial de Dietistas-Nutricionistas del Pa\u00eds Vasco \/ Euskal Autonomia Erkidegoko Dietisten-Nutrizionisten Elkargo Ofiziala (CODINE\/EDINEO). Anteriormente, colabor\u00f3 de manera activa en la Asociaci\u00f3n de Diplomados en Diet\u00e9tica y Nutrici\u00f3n de Euskadi, ADDENE y ha sido vicepresidenta del Colegio Oficial de Dietistas-Nutricionistas del Pa\u00eds Vasco.<br \/>\no\tColabora con diferentes medios de comunicaci\u00f3n de manera habitual (radio, prensa escrita\u2026).<\/div><\/div><\/div><div class=\"dfd-spacer-module\"  data-units=\"px\" data-wide_resolution=\"1280\" data-wide_size=\"80\" data-normal_resolution=\"1024\" data-normal_size=\"60\" data-tablet_resolution=\"800\" data-tablet_size=\"40\" data-mobile_resolution=\"480\" data-mobile_size=\"40\" style=\"height: 80px;\"><\/div>[\/vc_column][\/vc_row]<\/p>\n","protected":false},"excerpt":{"rendered":"<p>[vc_row dfd_row_responsive_enable=\u00bbdfd-row-responsive-enable\u00bb responsive_styles=\u00bbpadding_left_mobile:20|padding_right_mobile:20&#8243;][vc_column][\/vc_column][\/vc_row]<\/p>\n","protected":false},"author":4,"featured_media":0,"parent":16188,"menu_order":0,"comment_status":"closed","ping_status":"closed","template":"page-custom-with-header.php","meta":{"_acf_changed":false,"_monsterinsights_skip_tracking":false,"_monsterinsights_sitenote_active":false,"_monsterinsights_sitenote_note":"","_monsterinsights_sitenote_category":0,"footnotes":""},"class_list":["post-22450","page","type-page","status-publish","hentry"],"acf":[],"yoast_head":"<!-- This site is optimized with the Yoast SEO plugin v26.7 - https:\/\/yoast.com\/wordpress\/plugins\/seo\/ -->\n<title>Ingortze Zubieta Aurteneche - Academia Espa\u00f1ola de Nutrici\u00f3n y Diet\u00e9tica<\/title>\n<meta name=\"robots\" content=\"index, follow, max-snippet:-1, max-image-preview:large, max-video-preview:-1\" \/>\n<link rel=\"canonical\" href=\"https:\/\/www.academianutricionydietetica.org\/pro\/la-academia\/organos-de-gobierno\/ingorte-zubieta-aurteneche\/\" \/>\n<meta property=\"og:locale\" content=\"es_ES\" \/>\n<meta property=\"og:type\" content=\"article\" \/>\n<meta property=\"og:title\" content=\"Ingortze Zubieta Aurteneche - Academia Espa\u00f1ola de Nutrici\u00f3n y Diet\u00e9tica\" \/>\n<meta property=\"og:description\" content=\"[vc_row dfd_row_responsive_enable=\u00bbdfd-row-responsive-enable\u00bb responsive_styles=\u00bbpadding_left_mobile:20|padding_right_mobile:20&#8243;][vc_column][\/vc_column][\/vc_row]\" \/>\n<meta property=\"og:url\" content=\"https:\/\/www.academianutricionydietetica.org\/pro\/la-academia\/organos-de-gobierno\/ingorte-zubieta-aurteneche\/\" \/>\n<meta property=\"og:site_name\" content=\"Academia Espa\u00f1ola de Nutrici\u00f3n y Diet\u00e9tica\" \/>\n<meta name=\"twitter:card\" content=\"summary_large_image\" \/>\n<meta name=\"twitter:label1\" content=\"Tiempo de lectura\" \/>\n\t<meta name=\"twitter:data1\" content=\"2 minutos\" \/>\n<script type=\"application\/ld+json\" class=\"yoast-schema-graph\">{\"@context\":\"https:\/\/schema.org\",\"@graph\":[{\"@type\":\"WebPage\",\"@id\":\"https:\/\/www.academianutricionydietetica.org\/pro\/la-academia\/organos-de-gobierno\/ingorte-zubieta-aurteneche\/\",\"url\":\"https:\/\/www.academianutricionydietetica.org\/pro\/la-academia\/organos-de-gobierno\/ingorte-zubieta-aurteneche\/\",\"name\":\"Ingortze Zubieta Aurteneche - Academia Espa\u00f1ola de Nutrici\u00f3n y Diet\u00e9tica\",\"isPartOf\":{\"@id\":\"https:\/\/www.academianutricionydietetica.org\/pro\/#website\"},\"datePublished\":\"2024-03-25T15:16:13+00:00\",\"breadcrumb\":{\"@id\":\"https:\/\/www.academianutricionydietetica.org\/pro\/la-academia\/organos-de-gobierno\/ingorte-zubieta-aurteneche\/#breadcrumb\"},\"inLanguage\":\"es\",\"potentialAction\":[{\"@type\":\"ReadAction\",\"target\":[\"https:\/\/www.academianutricionydietetica.org\/pro\/la-academia\/organos-de-gobierno\/ingorte-zubieta-aurteneche\/\"]}]},{\"@type\":\"BreadcrumbList\",\"@id\":\"https:\/\/www.academianutricionydietetica.org\/pro\/la-academia\/organos-de-gobierno\/ingorte-zubieta-aurteneche\/#breadcrumb\",\"itemListElement\":[{\"@type\":\"ListItem\",\"position\":1,\"name\":\"Inicio\",\"item\":\"https:\/\/www.academianutricionydietetica.org\/pro\/\"},{\"@type\":\"ListItem\",\"position\":2,\"name\":\"La academia\",\"item\":\"https:\/\/www.academianutricionydietetica.org\/pro\/la-academia\/\"},{\"@type\":\"ListItem\",\"position\":3,\"name\":\"\u00d3rganos de Gobierno\",\"item\":\"https:\/\/www.academianutricionydietetica.org\/pro\/la-academia\/organos-de-gobierno\/\"},{\"@type\":\"ListItem\",\"position\":4,\"name\":\"Ingortze Zubieta Aurteneche\"}]},{\"@type\":\"WebSite\",\"@id\":\"https:\/\/www.academianutricionydietetica.org\/pro\/#website\",\"url\":\"https:\/\/www.academianutricionydietetica.org\/pro\/\",\"name\":\"Academia Espa\u00f1ola de Nutrici\u00f3n y Diet\u00e9tica\",\"description\":\"Formaci\u00f3n, noticias, jornadas y eventos\",\"potentialAction\":[{\"@type\":\"SearchAction\",\"target\":{\"@type\":\"EntryPoint\",\"urlTemplate\":\"https:\/\/www.academianutricionydietetica.org\/pro\/?s={search_term_string}\"},\"query-input\":{\"@type\":\"PropertyValueSpecification\",\"valueRequired\":true,\"valueName\":\"search_term_string\"}}],\"inLanguage\":\"es\"}]}<\/script>\n<!-- \/ Yoast SEO plugin. -->","yoast_head_json":{"title":"Ingortze Zubieta Aurteneche - Academia Espa\u00f1ola de Nutrici\u00f3n y Diet\u00e9tica","robots":{"index":"index","follow":"follow","max-snippet":"max-snippet:-1","max-image-preview":"max-image-preview:large","max-video-preview":"max-video-preview:-1"},"canonical":"https:\/\/www.academianutricionydietetica.org\/pro\/la-academia\/organos-de-gobierno\/ingorte-zubieta-aurteneche\/","og_locale":"es_ES","og_type":"article","og_title":"Ingortze Zubieta Aurteneche - Academia Espa\u00f1ola de Nutrici\u00f3n y Diet\u00e9tica","og_description":"[vc_row dfd_row_responsive_enable=\u00bbdfd-row-responsive-enable\u00bb responsive_styles=\u00bbpadding_left_mobile:20|padding_right_mobile:20&#8243;][vc_column][\/vc_column][\/vc_row]","og_url":"https:\/\/www.academianutricionydietetica.org\/pro\/la-academia\/organos-de-gobierno\/ingorte-zubieta-aurteneche\/","og_site_name":"Academia Espa\u00f1ola de Nutrici\u00f3n y Diet\u00e9tica","twitter_card":"summary_large_image","twitter_misc":{"Tiempo de lectura":"2 minutos"},"schema":{"@context":"https:\/\/schema.org","@graph":[{"@type":"WebPage","@id":"https:\/\/www.academianutricionydietetica.org\/pro\/la-academia\/organos-de-gobierno\/ingorte-zubieta-aurteneche\/","url":"https:\/\/www.academianutricionydietetica.org\/pro\/la-academia\/organos-de-gobierno\/ingorte-zubieta-aurteneche\/","name":"Ingortze Zubieta Aurteneche - Academia Espa\u00f1ola de Nutrici\u00f3n y Diet\u00e9tica","isPartOf":{"@id":"https:\/\/www.academianutricionydietetica.org\/pro\/#website"},"datePublished":"2024-03-25T15:16:13+00:00","breadcrumb":{"@id":"https:\/\/www.academianutricionydietetica.org\/pro\/la-academia\/organos-de-gobierno\/ingorte-zubieta-aurteneche\/#breadcrumb"},"inLanguage":"es","potentialAction":[{"@type":"ReadAction","target":["https:\/\/www.academianutricionydietetica.org\/pro\/la-academia\/organos-de-gobierno\/ingorte-zubieta-aurteneche\/"]}]},{"@type":"BreadcrumbList","@id":"https:\/\/www.academianutricionydietetica.org\/pro\/la-academia\/organos-de-gobierno\/ingorte-zubieta-aurteneche\/#breadcrumb","itemListElement":[{"@type":"ListItem","position":1,"name":"Inicio","item":"https:\/\/www.academianutricionydietetica.org\/pro\/"},{"@type":"ListItem","position":2,"name":"La academia","item":"https:\/\/www.academianutricionydietetica.org\/pro\/la-academia\/"},{"@type":"ListItem","position":3,"name":"\u00d3rganos de Gobierno","item":"https:\/\/www.academianutricionydietetica.org\/pro\/la-academia\/organos-de-gobierno\/"},{"@type":"ListItem","position":4,"name":"Ingortze Zubieta Aurteneche"}]},{"@type":"WebSite","@id":"https:\/\/www.academianutricionydietetica.org\/pro\/#website","url":"https:\/\/www.academianutricionydietetica.org\/pro\/","name":"Academia Espa\u00f1ola de Nutrici\u00f3n y Diet\u00e9tica","description":"Formaci\u00f3n, noticias, jornadas y eventos","potentialAction":[{"@type":"SearchAction","target":{"@type":"EntryPoint","urlTemplate":"https:\/\/www.academianutricionydietetica.org\/pro\/?s={search_term_string}"},"query-input":{"@type":"PropertyValueSpecification","valueRequired":true,"valueName":"search_term_string"}}],"inLanguage":"es"}]}},"_links":{"self":[{"href":"https:\/\/www.academianutricionydietetica.org\/pro\/wp-json\/wp\/v2\/pages\/22450","targetHints":{"allow":["GET"]}}],"collection":[{"href":"https:\/\/www.academianutricionydietetica.org\/pro\/wp-json\/wp\/v2\/pages"}],"about":[{"href":"https:\/\/www.academianutricionydietetica.org\/pro\/wp-json\/wp\/v2\/types\/page"}],"author":[{"embeddable":true,"href":"https:\/\/www.academianutricionydietetica.org\/pro\/wp-json\/wp\/v2\/users\/4"}],"replies":[{"embeddable":true,"href":"https:\/\/www.academianutricionydietetica.org\/pro\/wp-json\/wp\/v2\/comments?post=22450"}],"version-history":[{"count":1,"href":"https:\/\/www.academianutricionydietetica.org\/pro\/wp-json\/wp\/v2\/pages\/22450\/revisions"}],"predecessor-version":[{"id":22452,"href":"https:\/\/www.academianutricionydietetica.org\/pro\/wp-json\/wp\/v2\/pages\/22450\/revisions\/22452"}],"up":[{"embeddable":true,"href":"https:\/\/www.academianutricionydietetica.org\/pro\/wp-json\/wp\/v2\/pages\/16188"}],"wp:attachment":[{"href":"https:\/\/www.academianutricionydietetica.org\/pro\/wp-json\/wp\/v2\/media?parent=22450"}],"curies":[{"name":"wp","href":"https:\/\/api.w.org\/{rel}","templated":true}]}}

<p>[vc_row dfd_row_responsive_enable=»dfd-row-responsive-enable» responsive_styles=»padding_left_mobile:20|padding_right_mobile:20&#8243;][vc_column]<div class="dfd-spacer-module"  data-units="px" data-wide_resolution="1280" data-wide_size="80" data-normal_resolution="1024" data-normal_size="60" data-tablet_resolution="800" data-tablet_size="40" data-mobile_resolution="480" data-mobile_size="40" style="height: 80px;"></div><div class="dfd-info-banner style-05 responsive-team-members text-center" ><div class="image-cover "><img loading="lazy" decoding="async" src="https://www.academianutricionydietetica.org/pro/uploads/2024/03/INGOR-150x150.jpg" alt="Image"  width="150" height="150" class="info-banner-image " /></div><div class="content-wrap"><h2 class="info-box-title " style="font-size: 22px; line-height: 26.4px; letter-spacing: 1px; ">Ingortze Zubieta Aurteneche</h2><h3 class="info-box-subtitle widget-sub-title " style="">Miembros de honor y eméritos</h3><div class="wrap-delimiter"><div class="delimiter" ></div></div><div class="description" style="">Estudios:<br />
•	Dietista-Nutricionista por la Universidad del País Vasco.<br />
•	Community Management, Marketing y RRSS por la Fundación UNED<br />
Formación complementaria (entre otras):<br />
o	Abordaje dietético para paciente con Trastorno Funcional Digestivo<br />
o	Recursos desde la psicología para la intervención nutricional en Trastornos Conducta Alimentaria<br />
o	Curso de actualización Ayuno Intermitente<br />
o	Herramientas y creación de materiales audiovisuales en nutrición y dietética<br />
o	Estrategia de Comunicación para Redes Sociales<br />
Actualmente es:<br />
o	Responsable y Coordinadora del Departamento de Nutrición y Asesoramiento Dietético de Farmathia (Bilbao) desde 2007 donde ejerce como:<br />
•	Coordinadora del equipo de nutricionistas del Asesoramiento Nutricional Farmathia.<br />
•	Dietista-Nutricionista clínica en consulta.<br />
•	Organización, coordinación y elaboración de Campañas Sanitarias y materiales para equipos y usuarios de las oficinas de farmacia<br />
•	Tutora de Prácticas Tuteladas de alumnos de último curso del Grado<br />
•	Elaboración Campañas Sanitarias y de Asesoramiento Nutricional para empresas. </p>
<p>o	Responsable del Área de Comunicación y Redes Sociales de La Academia Española de Nutrición y Dietética<br />
•	Comunicación Externa, Redes Sociales (RRSS) y Comunicación dirigida a la ciudadanía.<br />
•	Coordinación de web, redes sociales, newsletter&#8230;<br />
•	Docente de 𝐏𝐫á𝐜𝐭𝐢𝐜𝐚𝐬 𝐓𝐮𝐭𝐞𝐥𝐚𝐝𝐚𝐬 de alumnos de último curso del Grado</p>
<p>o	Presidenta del Colegio Oficial de Dietistas-Nutricionistas del País Vasco / Euskal Autonomia Erkidegoko Dietisten-Nutrizionisten Elkargo Ofiziala (CODINE/EDINEO). Anteriormente, colaboró de manera activa en la Asociación de Diplomados en Dietética y Nutrición de Euskadi, ADDENE y ha sido vicepresidenta del Colegio Oficial de Dietistas-Nutricionistas del País Vasco.<br />
o	Colabora con diferentes medios de comunicación de manera habitual (radio, prensa escrita…).</div></div></div><div class="dfd-spacer-module"  data-units="px" data-wide_resolution="1280" data-wide_size="80" data-normal_resolution="1024" data-normal_size="60" data-tablet_resolution="800" data-tablet_size="40" data-mobile_resolution="480" data-mobile_size="40" style="height: 80px;"></div>[/vc_column][/vc_row]</p>

<!-- This site is optimized with the Yoast SEO plugin v26.7 - https://yoast.com/wordpress/plugins/seo/ -->
<title>Ingortze Zubieta Aurteneche - Academia Española de Nutrición y Dietética</title>
<meta name="robots" content="index, follow, max-snippet:-1, max-image-preview:large, max-video-preview:-1" />
<link rel="canonical" href="https://www.academianutricionydietetica.org/pro/la-academia/organos-de-gobierno/ingorte-zubieta-aurteneche/" />
<meta property="og:locale" content="es_ES" />
<meta property="og:type" content="article" />
<meta property="og:title" content="Ingortze Zubieta Aurteneche - Academia Española de Nutrición y Dietética" />
<meta property="og:description" content="[vc_row dfd_row_responsive_enable=»dfd-row-responsive-enable» responsive_styles=»padding_left_mobile:20|padding_right_mobile:20&#8243;][vc_column][/vc_column][/vc_row]" />
<meta property="og:url" content="https://www.academianutricionydietetica.org/pro/la-academia/organos-de-gobierno/ingorte-zubieta-aurteneche/" />
<meta property="og:site_name" content="Academia Española de Nutrición y Dietética" />
<meta name="twitter:card" content="summary_large_image" />
<meta name="twitter:label1" content="Tiempo de lectura" />
	<meta name="twitter:data1" content="2 minutos" />
<script type="application/ld+json" class="yoast-schema-graph">{"@context":"https://schema.org","@graph":[{"@type":"WebPage","@id":"https://www.academianutricionydietetica.org/pro/la-academia/organos-de-gobierno/ingorte-zubieta-aurteneche/","url":"https://www.academianutricionydietetica.org/pro/la-academia/organos-de-gobierno/ingorte-zubieta-aurteneche/","name":"Ingortze Zubieta Aurteneche - Academia Española de Nutrición y Dietética","isPartOf":{"@id":"https://www.academianutricionydietetica.org/pro/#website"},"datePublished":"2024-03-25T15:16:13+00:00","breadcrumb":{"@id":"https://www.academianutricionydietetica.org/pro/la-academia/organos-de-gobierno/ingorte-zubieta-aurteneche/#breadcrumb"},"inLanguage":"es","potentialAction":[{"@type":"ReadAction","target":["https://www.academianutricionydietetica.org/pro/la-academia/organos-de-gobierno/ingorte-zubieta-aurteneche/"]}]},{"@type":"BreadcrumbList","@id":"https://www.academianutricionydietetica.org/pro/la-academia/organos-de-gobierno/ingorte-zubieta-aurteneche/#breadcrumb","itemListElement":[{"@type":"ListItem","position":1,"name":"Inicio","item":"https://www.academianutricionydietetica.org/pro/"},{"@type":"ListItem","position":2,"name":"La academia","item":"https://www.academianutricionydietetica.org/pro/la-academia/"},{"@type":"ListItem","position":3,"name":"Órganos de Gobierno","item":"https://www.academianutricionydietetica.org/pro/la-academia/organos-de-gobierno/"},{"@type":"ListItem","position":4,"name":"Ingortze Zubieta Aurteneche"}]},{"@type":"WebSite","@id":"https://www.academianutricionydietetica.org/pro/#website","url":"https://www.academianutricionydietetica.org/pro/","name":"Academia Española de Nutrición y Dietética","description":"Formación, noticias, jornadas y eventos","potentialAction":[{"@type":"SearchAction","target":{"@type":"EntryPoint","urlTemplate":"https://www.academianutricionydietetica.org/pro/?s={search_term_string}"},"query-input":{"@type":"PropertyValueSpecification","valueRequired":true,"valueName":"search_term_string"}}],"inLanguage":"es"}]}</script>
<!-- / Yoast SEO plugin. -->

Ingortze Zubieta Aurteneche - Academia Española de Nutrición y Dietética

Academia Española de Nutrición y Dietética

Órganos de Gobierno

Formación, noticias, jornadas y eventos
