{"id":22456,"date":"2024-03-25T15:23:02","date_gmt":"2024-03-25T15:23:02","guid":{"rendered":"https:\/\/www.academianutricionydietetica.org\/pro\/?page_id=22456"},"modified":"2024-03-25T15:23:02","modified_gmt":"2024-03-25T15:23:02","slug":"irene-roth-perez","status":"publish","type":"page","link":"https:\/\/www.academianutricionydietetica.org\/pro\/la-academia\/organos-de-gobierno\/irene-roth-perez\/","title":{"rendered":"Irene Roth P\u00e9rez"},"content":{"rendered":"<p>[vc_row dfd_row_responsive_enable=\u00bbdfd-row-responsive-enable\u00bb responsive_styles=\u00bbpadding_left_mobile:20|padding_right_mobile:20&#8243;][vc_column]<div class=\"dfd-spacer-module\"  data-units=\"px\" data-wide_resolution=\"1280\" data-wide_size=\"80\" data-normal_resolution=\"1024\" data-normal_size=\"60\" data-tablet_resolution=\"800\" data-tablet_size=\"40\" data-mobile_resolution=\"480\" data-mobile_size=\"40\" style=\"height: 80px;\"><\/div><div class=\"dfd-info-banner style-05 responsive-team-members text-center\" ><div class=\"image-cover \"><img loading=\"lazy\" decoding=\"async\" src=\"https:\/\/www.academianutricionydietetica.org\/pro\/uploads\/2024\/03\/unnamed-150x150.png\" alt=\"Image\"  width=\"150\" height=\"150\" class=\"info-banner-image \" \/><\/div><div class=\"content-wrap\"><h2 class=\"info-box-title \" style=\"font-size: 22px; line-height: 26.4px; letter-spacing: 1px; \">Irene Roth P\u00e9rez<\/h2><h3 class=\"info-box-subtitle widget-sub-title \" style=\"\">Acad\u00e9micos de n\u00famero<\/h3><div class=\"wrap-delimiter\"><div class=\"delimiter\" ><\/div><\/div><div class=\"description\" style=\"\">Diplomada en Nutrici\u00f3n humana y diet\u00e9tica en el a\u00f1o 2007 por la Universidad de Vic y licenciada en Ciencia y Tecnolog\u00eda de los Alimentos en 2009 por la Universidad de Vic, consta de un posgrado en Obesidad y Trastornos de la Conducta alimentaria por la Universidad Aut\u00f3noma de Barcelona 2010 y con un M\u00e1ster oficial en Nutrici\u00f3n y Metabolismo en el a\u00f1o 2011 por la Universidad de Barcelona. As\u00ed como un M\u00e1ster experto en Nutrici\u00f3n Pedi\u00e1trica por la Universidad de C\u00e1diz en el a\u00f1o 2012.  En el a\u00f1o 2019 defendi\u00f3 su tesis doctoral en la l\u00ednea de Enfermedades Inflamatorias Cr\u00f3nicas y Degenerativas. Programa de Medicina e Investigaci\u00f3n Traslacional. Facultad de Medicina y Ciencias de la Salud. Universidad de Barcelona, que fue premiada por la  CCNIEC a la realitzaci\u00f3 de Tesis Doctorals d\u2019excel\u00b7l\u00e8ncia relacionades amb el m\u00f3n de la nutrici\u00f3 i l\u2019alimentaci\u00f3 i recon\u00e8ixer la seva qualitat cient\u00edfica.<br \/>\nHa formado parte del equipo de investigaci\u00f3n del Dr. Ram\u00f3n Estruch Riba en el Departamento de Medicina Interna del Hospital Cl\u00ednic de Barcelona desde el a\u00f1o 2011 hasta el 2019.<br \/>\nHa trabajado bajo el mando del Dr. Emilio Ros Rahola en la Unidad de L\u00edpidos del Departamento de Endocrinolog\u00eda del Hospital Cl\u00ednic de Barcelona desde el a\u00f1o 2013 hasta el a\u00f1o 2017.<br \/>\nTiene una amplia contribuci\u00f3n cient\u00edfica con m\u00e1s de 20 art\u00edculos publicados en revistas internacionales de gran impacto cient\u00edfico.<br \/>\nEs cuerpo acad\u00e9mico de la Academia Espa\u00f1ola de Nutrici\u00f3n y diet\u00e9tica, miembro del Colegio de Dietistas y Nutricionistas de las Islas Baleares (IB0049).<br \/>\nDesde el a\u00f1o 2011 ejerce como nutricionista\/dietista para diferentes organizaciones nacionales tanto del \u00e1mbito p\u00fablico como privado, posibilit\u00e1ndole seguir en el campo de la investigaci\u00f3n cient\u00edfica y la docencia, impartiendo clases en la Universidad de les Illes Balears (UOM) 2021, Docencia de las asignaturas y\/o tareas de investigaci\u00f3n dependientes del Departament d&#8217;INFERMERIA (PDI) en la Universidad Internacional de Catalu\u00f1a (UIC) para la c\u00e1tedra DECIDE,  curso escolar 2021-2022 y desde el 2020 en Formaci\u00f3n Profesional (FP) para los departamento de Hoteler\u00eda y Turismo y  Sanidad de la Conseller\u00eda d\u2019Educaci\u00f3 i Universitat de les Illes Balears.<br \/>\nEn el \u00e1mbito cl\u00ednico ha ejercido su profesi\u00f3n en diferentes centros p\u00fablicos como el Hospital Cl\u00ednic de Barcelona, Hospital Residencia Asistida Cas Serres y para el departamento d\u2019Afers Socials i D\u2019esport de la conseller\u00eda de sanitat de les Illes Balears. As\u00ed como en consulta privada.<\/div><\/div><\/div><div class=\"dfd-spacer-module\"  data-units=\"px\" data-wide_resolution=\"1280\" data-wide_size=\"80\" data-normal_resolution=\"1024\" data-normal_size=\"60\" data-tablet_resolution=\"800\" data-tablet_size=\"40\" data-mobile_resolution=\"480\" data-mobile_size=\"40\" style=\"height: 80px;\"><\/div>[\/vc_column][\/vc_row]<\/p>\n","protected":false},"excerpt":{"rendered":"<p>[vc_row dfd_row_responsive_enable=\u00bbdfd-row-responsive-enable\u00bb responsive_styles=\u00bbpadding_left_mobile:20|padding_right_mobile:20&#8243;][vc_column][\/vc_column][\/vc_row]<\/p>\n","protected":false},"author":4,"featured_media":0,"parent":16188,"menu_order":0,"comment_status":"closed","ping_status":"closed","template":"page-custom-with-header.php","meta":{"_acf_changed":false,"_monsterinsights_skip_tracking":false,"_monsterinsights_sitenote_active":false,"_monsterinsights_sitenote_note":"","_monsterinsights_sitenote_category":0,"footnotes":""},"class_list":["post-22456","page","type-page","status-publish","hentry"],"acf":[],"yoast_head":"<!-- This site is optimized with the Yoast SEO plugin v26.7 - https:\/\/yoast.com\/wordpress\/plugins\/seo\/ -->\n<title>Irene Roth P\u00e9rez - Academia Espa\u00f1ola de Nutrici\u00f3n y Diet\u00e9tica<\/title>\n<meta name=\"robots\" content=\"index, follow, max-snippet:-1, max-image-preview:large, max-video-preview:-1\" \/>\n<link rel=\"canonical\" href=\"https:\/\/www.academianutricionydietetica.org\/pro\/la-academia\/organos-de-gobierno\/irene-roth-perez\/\" \/>\n<meta property=\"og:locale\" content=\"es_ES\" \/>\n<meta property=\"og:type\" content=\"article\" \/>\n<meta property=\"og:title\" content=\"Irene Roth P\u00e9rez - Academia Espa\u00f1ola de Nutrici\u00f3n y Diet\u00e9tica\" \/>\n<meta property=\"og:description\" content=\"[vc_row dfd_row_responsive_enable=\u00bbdfd-row-responsive-enable\u00bb responsive_styles=\u00bbpadding_left_mobile:20|padding_right_mobile:20&#8243;][vc_column][\/vc_column][\/vc_row]\" \/>\n<meta property=\"og:url\" content=\"https:\/\/www.academianutricionydietetica.org\/pro\/la-academia\/organos-de-gobierno\/irene-roth-perez\/\" \/>\n<meta property=\"og:site_name\" content=\"Academia Espa\u00f1ola de Nutrici\u00f3n y Diet\u00e9tica\" \/>\n<meta name=\"twitter:card\" content=\"summary_large_image\" \/>\n<meta name=\"twitter:label1\" content=\"Tiempo de lectura\" \/>\n\t<meta name=\"twitter:data1\" content=\"2 minutos\" \/>\n<script type=\"application\/ld+json\" class=\"yoast-schema-graph\">{\"@context\":\"https:\/\/schema.org\",\"@graph\":[{\"@type\":\"WebPage\",\"@id\":\"https:\/\/www.academianutricionydietetica.org\/pro\/la-academia\/organos-de-gobierno\/irene-roth-perez\/\",\"url\":\"https:\/\/www.academianutricionydietetica.org\/pro\/la-academia\/organos-de-gobierno\/irene-roth-perez\/\",\"name\":\"Irene Roth P\u00e9rez - Academia Espa\u00f1ola de Nutrici\u00f3n y Diet\u00e9tica\",\"isPartOf\":{\"@id\":\"https:\/\/www.academianutricionydietetica.org\/pro\/#website\"},\"datePublished\":\"2024-03-25T15:23:02+00:00\",\"breadcrumb\":{\"@id\":\"https:\/\/www.academianutricionydietetica.org\/pro\/la-academia\/organos-de-gobierno\/irene-roth-perez\/#breadcrumb\"},\"inLanguage\":\"es\",\"potentialAction\":[{\"@type\":\"ReadAction\",\"target\":[\"https:\/\/www.academianutricionydietetica.org\/pro\/la-academia\/organos-de-gobierno\/irene-roth-perez\/\"]}]},{\"@type\":\"BreadcrumbList\",\"@id\":\"https:\/\/www.academianutricionydietetica.org\/pro\/la-academia\/organos-de-gobierno\/irene-roth-perez\/#breadcrumb\",\"itemListElement\":[{\"@type\":\"ListItem\",\"position\":1,\"name\":\"Inicio\",\"item\":\"https:\/\/www.academianutricionydietetica.org\/pro\/\"},{\"@type\":\"ListItem\",\"position\":2,\"name\":\"La academia\",\"item\":\"https:\/\/www.academianutricionydietetica.org\/pro\/la-academia\/\"},{\"@type\":\"ListItem\",\"position\":3,\"name\":\"\u00d3rganos de Gobierno\",\"item\":\"https:\/\/www.academianutricionydietetica.org\/pro\/la-academia\/organos-de-gobierno\/\"},{\"@type\":\"ListItem\",\"position\":4,\"name\":\"Irene Roth P\u00e9rez\"}]},{\"@type\":\"WebSite\",\"@id\":\"https:\/\/www.academianutricionydietetica.org\/pro\/#website\",\"url\":\"https:\/\/www.academianutricionydietetica.org\/pro\/\",\"name\":\"Academia Espa\u00f1ola de Nutrici\u00f3n y Diet\u00e9tica\",\"description\":\"Formaci\u00f3n, noticias, jornadas y eventos\",\"potentialAction\":[{\"@type\":\"SearchAction\",\"target\":{\"@type\":\"EntryPoint\",\"urlTemplate\":\"https:\/\/www.academianutricionydietetica.org\/pro\/?s={search_term_string}\"},\"query-input\":{\"@type\":\"PropertyValueSpecification\",\"valueRequired\":true,\"valueName\":\"search_term_string\"}}],\"inLanguage\":\"es\"}]}<\/script>\n<!-- \/ Yoast SEO plugin. -->","yoast_head_json":{"title":"Irene Roth P\u00e9rez - Academia Espa\u00f1ola de Nutrici\u00f3n y Diet\u00e9tica","robots":{"index":"index","follow":"follow","max-snippet":"max-snippet:-1","max-image-preview":"max-image-preview:large","max-video-preview":"max-video-preview:-1"},"canonical":"https:\/\/www.academianutricionydietetica.org\/pro\/la-academia\/organos-de-gobierno\/irene-roth-perez\/","og_locale":"es_ES","og_type":"article","og_title":"Irene Roth P\u00e9rez - Academia Espa\u00f1ola de Nutrici\u00f3n y Diet\u00e9tica","og_description":"[vc_row dfd_row_responsive_enable=\u00bbdfd-row-responsive-enable\u00bb responsive_styles=\u00bbpadding_left_mobile:20|padding_right_mobile:20&#8243;][vc_column][\/vc_column][\/vc_row]","og_url":"https:\/\/www.academianutricionydietetica.org\/pro\/la-academia\/organos-de-gobierno\/irene-roth-perez\/","og_site_name":"Academia Espa\u00f1ola de Nutrici\u00f3n y Diet\u00e9tica","twitter_card":"summary_large_image","twitter_misc":{"Tiempo de lectura":"2 minutos"},"schema":{"@context":"https:\/\/schema.org","@graph":[{"@type":"WebPage","@id":"https:\/\/www.academianutricionydietetica.org\/pro\/la-academia\/organos-de-gobierno\/irene-roth-perez\/","url":"https:\/\/www.academianutricionydietetica.org\/pro\/la-academia\/organos-de-gobierno\/irene-roth-perez\/","name":"Irene Roth P\u00e9rez - Academia Espa\u00f1ola de Nutrici\u00f3n y Diet\u00e9tica","isPartOf":{"@id":"https:\/\/www.academianutricionydietetica.org\/pro\/#website"},"datePublished":"2024-03-25T15:23:02+00:00","breadcrumb":{"@id":"https:\/\/www.academianutricionydietetica.org\/pro\/la-academia\/organos-de-gobierno\/irene-roth-perez\/#breadcrumb"},"inLanguage":"es","potentialAction":[{"@type":"ReadAction","target":["https:\/\/www.academianutricionydietetica.org\/pro\/la-academia\/organos-de-gobierno\/irene-roth-perez\/"]}]},{"@type":"BreadcrumbList","@id":"https:\/\/www.academianutricionydietetica.org\/pro\/la-academia\/organos-de-gobierno\/irene-roth-perez\/#breadcrumb","itemListElement":[{"@type":"ListItem","position":1,"name":"Inicio","item":"https:\/\/www.academianutricionydietetica.org\/pro\/"},{"@type":"ListItem","position":2,"name":"La academia","item":"https:\/\/www.academianutricionydietetica.org\/pro\/la-academia\/"},{"@type":"ListItem","position":3,"name":"\u00d3rganos de Gobierno","item":"https:\/\/www.academianutricionydietetica.org\/pro\/la-academia\/organos-de-gobierno\/"},{"@type":"ListItem","position":4,"name":"Irene Roth P\u00e9rez"}]},{"@type":"WebSite","@id":"https:\/\/www.academianutricionydietetica.org\/pro\/#website","url":"https:\/\/www.academianutricionydietetica.org\/pro\/","name":"Academia Espa\u00f1ola de Nutrici\u00f3n y Diet\u00e9tica","description":"Formaci\u00f3n, noticias, jornadas y eventos","potentialAction":[{"@type":"SearchAction","target":{"@type":"EntryPoint","urlTemplate":"https:\/\/www.academianutricionydietetica.org\/pro\/?s={search_term_string}"},"query-input":{"@type":"PropertyValueSpecification","valueRequired":true,"valueName":"search_term_string"}}],"inLanguage":"es"}]}},"_links":{"self":[{"href":"https:\/\/www.academianutricionydietetica.org\/pro\/wp-json\/wp\/v2\/pages\/22456","targetHints":{"allow":["GET"]}}],"collection":[{"href":"https:\/\/www.academianutricionydietetica.org\/pro\/wp-json\/wp\/v2\/pages"}],"about":[{"href":"https:\/\/www.academianutricionydietetica.org\/pro\/wp-json\/wp\/v2\/types\/page"}],"author":[{"embeddable":true,"href":"https:\/\/www.academianutricionydietetica.org\/pro\/wp-json\/wp\/v2\/users\/4"}],"replies":[{"embeddable":true,"href":"https:\/\/www.academianutricionydietetica.org\/pro\/wp-json\/wp\/v2\/comments?post=22456"}],"version-history":[{"count":1,"href":"https:\/\/www.academianutricionydietetica.org\/pro\/wp-json\/wp\/v2\/pages\/22456\/revisions"}],"predecessor-version":[{"id":22458,"href":"https:\/\/www.academianutricionydietetica.org\/pro\/wp-json\/wp\/v2\/pages\/22456\/revisions\/22458"}],"up":[{"embeddable":true,"href":"https:\/\/www.academianutricionydietetica.org\/pro\/wp-json\/wp\/v2\/pages\/16188"}],"wp:attachment":[{"href":"https:\/\/www.academianutricionydietetica.org\/pro\/wp-json\/wp\/v2\/media?parent=22456"}],"curies":[{"name":"wp","href":"https:\/\/api.w.org\/{rel}","templated":true}]}}

Irene Roth Pérez

<p>[vc_row dfd_row_responsive_enable=»dfd-row-responsive-enable» responsive_styles=»padding_left_mobile:20|padding_right_mobile:20&#8243;][vc_column]<div class="dfd-spacer-module"  data-units="px" data-wide_resolution="1280" data-wide_size="80" data-normal_resolution="1024" data-normal_size="60" data-tablet_resolution="800" data-tablet_size="40" data-mobile_resolution="480" data-mobile_size="40" style="height: 80px;"></div><div class="dfd-info-banner style-05 responsive-team-members text-center" ><div class="image-cover "><img loading="lazy" decoding="async" src="https://www.academianutricionydietetica.org/pro/uploads/2024/03/unnamed-150x150.png" alt="Image"  width="150" height="150" class="info-banner-image " /></div><div class="content-wrap"><h2 class="info-box-title " style="font-size: 22px; line-height: 26.4px; letter-spacing: 1px; ">Irene Roth Pérez</h2><h3 class="info-box-subtitle widget-sub-title " style="">Académicos de número</h3><div class="wrap-delimiter"><div class="delimiter" ></div></div><div class="description" style="">Diplomada en Nutrición humana y dietética en el año 2007 por la Universidad de Vic y licenciada en Ciencia y Tecnología de los Alimentos en 2009 por la Universidad de Vic, consta de un posgrado en Obesidad y Trastornos de la Conducta alimentaria por la Universidad Autónoma de Barcelona 2010 y con un Máster oficial en Nutrición y Metabolismo en el año 2011 por la Universidad de Barcelona. Así como un Máster experto en Nutrición Pediátrica por la Universidad de Cádiz en el año 2012.  En el año 2019 defendió su tesis doctoral en la línea de Enfermedades Inflamatorias Crónicas y Degenerativas. Programa de Medicina e Investigación Traslacional. Facultad de Medicina y Ciencias de la Salud. Universidad de Barcelona, que fue premiada por la  CCNIEC a la realització de Tesis Doctorals d’excel·lència relacionades amb el món de la nutrició i l’alimentació i reconèixer la seva qualitat científica.<br />
Ha formado parte del equipo de investigación del Dr. Ramón Estruch Riba en el Departamento de Medicina Interna del Hospital Clínic de Barcelona desde el año 2011 hasta el 2019.<br />
Ha trabajado bajo el mando del Dr. Emilio Ros Rahola en la Unidad de Lípidos del Departamento de Endocrinología del Hospital Clínic de Barcelona desde el año 2013 hasta el año 2017.<br />
Tiene una amplia contribución científica con más de 20 artículos publicados en revistas internacionales de gran impacto científico.<br />
Es cuerpo académico de la Academia Española de Nutrición y dietética, miembro del Colegio de Dietistas y Nutricionistas de las Islas Baleares (IB0049).<br />
Desde el año 2011 ejerce como nutricionista/dietista para diferentes organizaciones nacionales tanto del ámbito público como privado, posibilitándole seguir en el campo de la investigación científica y la docencia, impartiendo clases en la Universidad de les Illes Balears (UOM) 2021, Docencia de las asignaturas y/o tareas de investigación dependientes del Departament d&#8217;INFERMERIA (PDI) en la Universidad Internacional de Cataluña (UIC) para la cátedra DECIDE,  curso escolar 2021-2022 y desde el 2020 en Formación Profesional (FP) para los departamento de Hotelería y Turismo y  Sanidad de la Consellería d’Educació i Universitat de les Illes Balears.<br />
En el ámbito clínico ha ejercido su profesión en diferentes centros públicos como el Hospital Clínic de Barcelona, Hospital Residencia Asistida Cas Serres y para el departamento d’Afers Socials i D’esport de la consellería de sanitat de les Illes Balears. Así como en consulta privada.</div></div></div><div class="dfd-spacer-module"  data-units="px" data-wide_resolution="1280" data-wide_size="80" data-normal_resolution="1024" data-normal_size="60" data-tablet_resolution="800" data-tablet_size="40" data-mobile_resolution="480" data-mobile_size="40" style="height: 80px;"></div>[/vc_column][/vc_row]</p>

<!-- This site is optimized with the Yoast SEO plugin v26.7 - https://yoast.com/wordpress/plugins/seo/ -->
<title>Irene Roth Pérez - Academia Española de Nutrición y Dietética</title>
<meta name="robots" content="index, follow, max-snippet:-1, max-image-preview:large, max-video-preview:-1" />
<link rel="canonical" href="https://www.academianutricionydietetica.org/pro/la-academia/organos-de-gobierno/irene-roth-perez/" />
<meta property="og:locale" content="es_ES" />
<meta property="og:type" content="article" />
<meta property="og:title" content="Irene Roth Pérez - Academia Española de Nutrición y Dietética" />
<meta property="og:description" content="[vc_row dfd_row_responsive_enable=»dfd-row-responsive-enable» responsive_styles=»padding_left_mobile:20|padding_right_mobile:20&#8243;][vc_column][/vc_column][/vc_row]" />
<meta property="og:url" content="https://www.academianutricionydietetica.org/pro/la-academia/organos-de-gobierno/irene-roth-perez/" />
<meta property="og:site_name" content="Academia Española de Nutrición y Dietética" />
<meta name="twitter:card" content="summary_large_image" />
<meta name="twitter:label1" content="Tiempo de lectura" />
	<meta name="twitter:data1" content="2 minutos" />
<script type="application/ld+json" class="yoast-schema-graph">{"@context":"https://schema.org","@graph":[{"@type":"WebPage","@id":"https://www.academianutricionydietetica.org/pro/la-academia/organos-de-gobierno/irene-roth-perez/","url":"https://www.academianutricionydietetica.org/pro/la-academia/organos-de-gobierno/irene-roth-perez/","name":"Irene Roth Pérez - Academia Española de Nutrición y Dietética","isPartOf":{"@id":"https://www.academianutricionydietetica.org/pro/#website"},"datePublished":"2024-03-25T15:23:02+00:00","breadcrumb":{"@id":"https://www.academianutricionydietetica.org/pro/la-academia/organos-de-gobierno/irene-roth-perez/#breadcrumb"},"inLanguage":"es","potentialAction":[{"@type":"ReadAction","target":["https://www.academianutricionydietetica.org/pro/la-academia/organos-de-gobierno/irene-roth-perez/"]}]},{"@type":"BreadcrumbList","@id":"https://www.academianutricionydietetica.org/pro/la-academia/organos-de-gobierno/irene-roth-perez/#breadcrumb","itemListElement":[{"@type":"ListItem","position":1,"name":"Inicio","item":"https://www.academianutricionydietetica.org/pro/"},{"@type":"ListItem","position":2,"name":"La academia","item":"https://www.academianutricionydietetica.org/pro/la-academia/"},{"@type":"ListItem","position":3,"name":"Órganos de Gobierno","item":"https://www.academianutricionydietetica.org/pro/la-academia/organos-de-gobierno/"},{"@type":"ListItem","position":4,"name":"Irene Roth Pérez"}]},{"@type":"WebSite","@id":"https://www.academianutricionydietetica.org/pro/#website","url":"https://www.academianutricionydietetica.org/pro/","name":"Academia Española de Nutrición y Dietética","description":"Formación, noticias, jornadas y eventos","potentialAction":[{"@type":"SearchAction","target":{"@type":"EntryPoint","urlTemplate":"https://www.academianutricionydietetica.org/pro/?s={search_term_string}"},"query-input":{"@type":"PropertyValueSpecification","valueRequired":true,"valueName":"search_term_string"}}],"inLanguage":"es"}]}</script>
<!-- / Yoast SEO plugin. -->

Irene Roth Pérez - Academia Española de Nutrición y Dietética

Academia Española de Nutrición y Dietética

Órganos de Gobierno

Formación, noticias, jornadas y eventos
