{"id":22485,"date":"2024-03-26T08:45:54","date_gmt":"2024-03-26T08:45:54","guid":{"rendered":"https:\/\/www.academianutricionydietetica.org\/pro\/?page_id=22485"},"modified":"2024-03-26T08:45:54","modified_gmt":"2024-03-26T08:45:54","slug":"jose-angel-rufian-henares","status":"publish","type":"page","link":"https:\/\/www.academianutricionydietetica.org\/pro\/la-academia\/organos-de-gobierno\/jose-angel-rufian-henares\/","title":{"rendered":"Jos\u00e9 \u00c1ngel Rufi\u00e1n Henares"},"content":{"rendered":"<p>[vc_row dfd_row_responsive_enable=\u00bbdfd-row-responsive-enable\u00bb responsive_styles=\u00bbpadding_left_mobile:20|padding_right_mobile:20&#8243;][vc_column]<div class=\"dfd-spacer-module\"  data-units=\"px\" data-wide_resolution=\"1280\" data-wide_size=\"80\" data-normal_resolution=\"1024\" data-normal_size=\"60\" data-tablet_resolution=\"800\" data-tablet_size=\"40\" data-mobile_resolution=\"480\" data-mobile_size=\"40\" style=\"height: 80px;\"><\/div><div class=\"dfd-info-banner style-05 responsive-team-members text-center\" ><div class=\"image-cover \"><img loading=\"lazy\" decoding=\"async\" src=\"https:\/\/www.academianutricionydietetica.org\/pro\/uploads\/2024\/03\/Foto-1-150x150.png\" alt=\"Image\"  width=\"150\" height=\"150\" class=\"info-banner-image \" \/><\/div><div class=\"content-wrap\"><h2 class=\"info-box-title \" style=\"font-size: 22px; line-height: 26.4px; letter-spacing: 1px; \">Jos\u00e9 \u00c1ngel Ruf\u00ed\u00e1n Henares<\/h2><h3 class=\"info-box-subtitle widget-sub-title \" style=\"\">Miembros de honor y em\u00e9ritos<\/h3><div class=\"wrap-delimiter\"><div class=\"delimiter\" ><\/div><\/div><div class=\"description\" style=\"\">Jos\u00e9 \u00c1ngel Rufi\u00e1n Henares es Catedr\u00e1tico del Departamento de Nutrici\u00f3n y Bromatolog\u00eda de la Universidad de Granada. El Prof. Rufi\u00e1n tiene m\u00e1s de 160 publicaciones indexadas en el Journal of Citations Reports (\u00edndice h = 45). La mayor parte de las publicaciones se ubican en Q1 y D1, recibiendo un gran n\u00famero de citaciones, por lo que el Prof. Rufi\u00e1n est\u00e1 incluido en el 2% de los mejores investigadores mundiales en el \u00e1rea de Food Sciences &#038; Technology seg\u00fan el Ranking of the World Scientists (Universidad de Stanford). El Prof. Rufi\u00e1n ha participado en m\u00e1s de 20 proyectos de investigaci\u00f3n, liderando 6 de ellos con una financiaci\u00f3n superior a los 7.000.000\u20ac. Actualmente, el Prof. Rufi\u00e1n es el coordinador del Proyecto Europeo Stance4Health (www.stance4health.com), un gran proyecto en el que participan 19 socios de 8 pa\u00edses europeos. Los resultados obtenidos de estos proyectos han sido expuestos a trav\u00e9s de m\u00e1s de 170 comunicaciones en congresos nacionales e internacionales, participando tambi\u00e9n activamente en tres acciones COST europeas (COST 919, COST 927, COST Infogest y COST Ungap). En este sentido, el Dr. Rufi\u00e1n fue organizador de una Escuela de Formaci\u00f3n dentro de COST 927 en 2009 y otra en enero de 2015 dentro de COST Infogest. El Dr. Rufi\u00e1n tambi\u00e9n ha sido coordinador espa\u00f1ol de la red latinoamericana LACFUN (415RT0495) dentro del programa CYTED (2015-2018). El Prof. Rufi\u00e1n tambi\u00e9n participa en contratos de investigaci\u00f3n con diferentes empresas y realiza actividades de innovaci\u00f3n como la obtenci\u00f3n de dos patentes (una de ellas licenciada).<br \/>\nEl Prof. Rufi\u00e1n es miembro del comit\u00e9 evaluador de la Fundaci\u00f3n Internacional para la Ciencia, tambi\u00e9n eval\u00faa proyectos de investigaci\u00f3n de la Agencia Estatal de Investigaci\u00f3n (Espa\u00f1a) y del Ministerio de Investigaci\u00f3n de Suiza, Rumania, Colombia y Chile, siendo tambi\u00e9n es evaluador de la Comisi\u00f3n Europea (bajo los programas COST y Horizonte Europa).<br \/>\nActualmente, el Dr. Rufi\u00e1n ha dirigido 12 tesis doctorales y 64 Trabajos Fin de M\u00e1ster. Finalmente, el Prof. Rufi\u00e1n es Miembro de Honor de la Academia Espa\u00f1ola de Nutrici\u00f3n y Diet\u00e9tica y Acad\u00e9mico Correspondiente de la Real Academia de Medicina y Cirug\u00eda de Andaluc\u00eda Oriental. Adem\u00e1s, ha sido galardonado con diferentes premios: Premio Laza Palacios (Real Academia de Medicina y Cirug\u00eda de Andaluc\u00eda Oriental, enero 2020), Premio al mejor trabajo de investigaci\u00f3n (Real Academia de Farmacia de Espa\u00f1a, diciembre 2020) y Premio Fundaci\u00f3n Vicky Foods al mejor investigador en Nutrici\u00f3n y Salud (diciembre 2021).<\/div><\/div><\/div><div class=\"dfd-spacer-module\"  data-units=\"px\" data-wide_resolution=\"1280\" data-wide_size=\"80\" data-normal_resolution=\"1024\" data-normal_size=\"60\" data-tablet_resolution=\"800\" data-tablet_size=\"40\" data-mobile_resolution=\"480\" data-mobile_size=\"40\" style=\"height: 80px;\"><\/div>[\/vc_column][\/vc_row]<\/p>\n","protected":false},"excerpt":{"rendered":"<p>[vc_row dfd_row_responsive_enable=\u00bbdfd-row-responsive-enable\u00bb responsive_styles=\u00bbpadding_left_mobile:20|padding_right_mobile:20&#8243;][vc_column][\/vc_column][\/vc_row]<\/p>\n","protected":false},"author":4,"featured_media":0,"parent":16188,"menu_order":0,"comment_status":"closed","ping_status":"closed","template":"page-custom-with-header.php","meta":{"_acf_changed":false,"_monsterinsights_skip_tracking":false,"_monsterinsights_sitenote_active":false,"_monsterinsights_sitenote_note":"","_monsterinsights_sitenote_category":0,"footnotes":""},"class_list":["post-22485","page","type-page","status-publish","hentry"],"acf":[],"yoast_head":"<!-- This site is optimized with the Yoast SEO plugin v26.7 - https:\/\/yoast.com\/wordpress\/plugins\/seo\/ -->\n<title>Jos\u00e9 \u00c1ngel Rufi\u00e1n Henares - Academia Espa\u00f1ola de Nutrici\u00f3n y Diet\u00e9tica<\/title>\n<meta name=\"robots\" content=\"index, follow, max-snippet:-1, max-image-preview:large, max-video-preview:-1\" \/>\n<link rel=\"canonical\" href=\"https:\/\/www.academianutricionydietetica.org\/pro\/la-academia\/organos-de-gobierno\/jose-angel-rufian-henares\/\" \/>\n<meta property=\"og:locale\" content=\"es_ES\" \/>\n<meta property=\"og:type\" content=\"article\" \/>\n<meta property=\"og:title\" content=\"Jos\u00e9 \u00c1ngel Rufi\u00e1n Henares - Academia Espa\u00f1ola de Nutrici\u00f3n y Diet\u00e9tica\" \/>\n<meta property=\"og:description\" content=\"[vc_row dfd_row_responsive_enable=\u00bbdfd-row-responsive-enable\u00bb responsive_styles=\u00bbpadding_left_mobile:20|padding_right_mobile:20&#8243;][vc_column][\/vc_column][\/vc_row]\" \/>\n<meta property=\"og:url\" content=\"https:\/\/www.academianutricionydietetica.org\/pro\/la-academia\/organos-de-gobierno\/jose-angel-rufian-henares\/\" \/>\n<meta property=\"og:site_name\" content=\"Academia Espa\u00f1ola de Nutrici\u00f3n y Diet\u00e9tica\" \/>\n<meta name=\"twitter:card\" content=\"summary_large_image\" \/>\n<meta name=\"twitter:label1\" content=\"Tiempo de lectura\" \/>\n\t<meta name=\"twitter:data1\" content=\"3 minutos\" \/>\n<script type=\"application\/ld+json\" class=\"yoast-schema-graph\">{\"@context\":\"https:\/\/schema.org\",\"@graph\":[{\"@type\":\"WebPage\",\"@id\":\"https:\/\/www.academianutricionydietetica.org\/pro\/la-academia\/organos-de-gobierno\/jose-angel-rufian-henares\/\",\"url\":\"https:\/\/www.academianutricionydietetica.org\/pro\/la-academia\/organos-de-gobierno\/jose-angel-rufian-henares\/\",\"name\":\"Jos\u00e9 \u00c1ngel Rufi\u00e1n Henares - Academia Espa\u00f1ola de Nutrici\u00f3n y Diet\u00e9tica\",\"isPartOf\":{\"@id\":\"https:\/\/www.academianutricionydietetica.org\/pro\/#website\"},\"datePublished\":\"2024-03-26T08:45:54+00:00\",\"breadcrumb\":{\"@id\":\"https:\/\/www.academianutricionydietetica.org\/pro\/la-academia\/organos-de-gobierno\/jose-angel-rufian-henares\/#breadcrumb\"},\"inLanguage\":\"es\",\"potentialAction\":[{\"@type\":\"ReadAction\",\"target\":[\"https:\/\/www.academianutricionydietetica.org\/pro\/la-academia\/organos-de-gobierno\/jose-angel-rufian-henares\/\"]}]},{\"@type\":\"BreadcrumbList\",\"@id\":\"https:\/\/www.academianutricionydietetica.org\/pro\/la-academia\/organos-de-gobierno\/jose-angel-rufian-henares\/#breadcrumb\",\"itemListElement\":[{\"@type\":\"ListItem\",\"position\":1,\"name\":\"Inicio\",\"item\":\"https:\/\/www.academianutricionydietetica.org\/pro\/\"},{\"@type\":\"ListItem\",\"position\":2,\"name\":\"La academia\",\"item\":\"https:\/\/www.academianutricionydietetica.org\/pro\/la-academia\/\"},{\"@type\":\"ListItem\",\"position\":3,\"name\":\"\u00d3rganos de Gobierno\",\"item\":\"https:\/\/www.academianutricionydietetica.org\/pro\/la-academia\/organos-de-gobierno\/\"},{\"@type\":\"ListItem\",\"position\":4,\"name\":\"Jos\u00e9 \u00c1ngel Rufi\u00e1n Henares\"}]},{\"@type\":\"WebSite\",\"@id\":\"https:\/\/www.academianutricionydietetica.org\/pro\/#website\",\"url\":\"https:\/\/www.academianutricionydietetica.org\/pro\/\",\"name\":\"Academia Espa\u00f1ola de Nutrici\u00f3n y Diet\u00e9tica\",\"description\":\"Formaci\u00f3n, noticias, jornadas y eventos\",\"potentialAction\":[{\"@type\":\"SearchAction\",\"target\":{\"@type\":\"EntryPoint\",\"urlTemplate\":\"https:\/\/www.academianutricionydietetica.org\/pro\/?s={search_term_string}\"},\"query-input\":{\"@type\":\"PropertyValueSpecification\",\"valueRequired\":true,\"valueName\":\"search_term_string\"}}],\"inLanguage\":\"es\"}]}<\/script>\n<!-- \/ Yoast SEO plugin. -->","yoast_head_json":{"title":"Jos\u00e9 \u00c1ngel Rufi\u00e1n Henares - Academia Espa\u00f1ola de Nutrici\u00f3n y Diet\u00e9tica","robots":{"index":"index","follow":"follow","max-snippet":"max-snippet:-1","max-image-preview":"max-image-preview:large","max-video-preview":"max-video-preview:-1"},"canonical":"https:\/\/www.academianutricionydietetica.org\/pro\/la-academia\/organos-de-gobierno\/jose-angel-rufian-henares\/","og_locale":"es_ES","og_type":"article","og_title":"Jos\u00e9 \u00c1ngel Rufi\u00e1n Henares - Academia Espa\u00f1ola de Nutrici\u00f3n y Diet\u00e9tica","og_description":"[vc_row dfd_row_responsive_enable=\u00bbdfd-row-responsive-enable\u00bb responsive_styles=\u00bbpadding_left_mobile:20|padding_right_mobile:20&#8243;][vc_column][\/vc_column][\/vc_row]","og_url":"https:\/\/www.academianutricionydietetica.org\/pro\/la-academia\/organos-de-gobierno\/jose-angel-rufian-henares\/","og_site_name":"Academia Espa\u00f1ola de Nutrici\u00f3n y Diet\u00e9tica","twitter_card":"summary_large_image","twitter_misc":{"Tiempo de lectura":"3 minutos"},"schema":{"@context":"https:\/\/schema.org","@graph":[{"@type":"WebPage","@id":"https:\/\/www.academianutricionydietetica.org\/pro\/la-academia\/organos-de-gobierno\/jose-angel-rufian-henares\/","url":"https:\/\/www.academianutricionydietetica.org\/pro\/la-academia\/organos-de-gobierno\/jose-angel-rufian-henares\/","name":"Jos\u00e9 \u00c1ngel Rufi\u00e1n Henares - Academia Espa\u00f1ola de Nutrici\u00f3n y Diet\u00e9tica","isPartOf":{"@id":"https:\/\/www.academianutricionydietetica.org\/pro\/#website"},"datePublished":"2024-03-26T08:45:54+00:00","breadcrumb":{"@id":"https:\/\/www.academianutricionydietetica.org\/pro\/la-academia\/organos-de-gobierno\/jose-angel-rufian-henares\/#breadcrumb"},"inLanguage":"es","potentialAction":[{"@type":"ReadAction","target":["https:\/\/www.academianutricionydietetica.org\/pro\/la-academia\/organos-de-gobierno\/jose-angel-rufian-henares\/"]}]},{"@type":"BreadcrumbList","@id":"https:\/\/www.academianutricionydietetica.org\/pro\/la-academia\/organos-de-gobierno\/jose-angel-rufian-henares\/#breadcrumb","itemListElement":[{"@type":"ListItem","position":1,"name":"Inicio","item":"https:\/\/www.academianutricionydietetica.org\/pro\/"},{"@type":"ListItem","position":2,"name":"La academia","item":"https:\/\/www.academianutricionydietetica.org\/pro\/la-academia\/"},{"@type":"ListItem","position":3,"name":"\u00d3rganos de Gobierno","item":"https:\/\/www.academianutricionydietetica.org\/pro\/la-academia\/organos-de-gobierno\/"},{"@type":"ListItem","position":4,"name":"Jos\u00e9 \u00c1ngel Rufi\u00e1n Henares"}]},{"@type":"WebSite","@id":"https:\/\/www.academianutricionydietetica.org\/pro\/#website","url":"https:\/\/www.academianutricionydietetica.org\/pro\/","name":"Academia Espa\u00f1ola de Nutrici\u00f3n y Diet\u00e9tica","description":"Formaci\u00f3n, noticias, jornadas y eventos","potentialAction":[{"@type":"SearchAction","target":{"@type":"EntryPoint","urlTemplate":"https:\/\/www.academianutricionydietetica.org\/pro\/?s={search_term_string}"},"query-input":{"@type":"PropertyValueSpecification","valueRequired":true,"valueName":"search_term_string"}}],"inLanguage":"es"}]}},"_links":{"self":[{"href":"https:\/\/www.academianutricionydietetica.org\/pro\/wp-json\/wp\/v2\/pages\/22485","targetHints":{"allow":["GET"]}}],"collection":[{"href":"https:\/\/www.academianutricionydietetica.org\/pro\/wp-json\/wp\/v2\/pages"}],"about":[{"href":"https:\/\/www.academianutricionydietetica.org\/pro\/wp-json\/wp\/v2\/types\/page"}],"author":[{"embeddable":true,"href":"https:\/\/www.academianutricionydietetica.org\/pro\/wp-json\/wp\/v2\/users\/4"}],"replies":[{"embeddable":true,"href":"https:\/\/www.academianutricionydietetica.org\/pro\/wp-json\/wp\/v2\/comments?post=22485"}],"version-history":[{"count":1,"href":"https:\/\/www.academianutricionydietetica.org\/pro\/wp-json\/wp\/v2\/pages\/22485\/revisions"}],"predecessor-version":[{"id":22487,"href":"https:\/\/www.academianutricionydietetica.org\/pro\/wp-json\/wp\/v2\/pages\/22485\/revisions\/22487"}],"up":[{"embeddable":true,"href":"https:\/\/www.academianutricionydietetica.org\/pro\/wp-json\/wp\/v2\/pages\/16188"}],"wp:attachment":[{"href":"https:\/\/www.academianutricionydietetica.org\/pro\/wp-json\/wp\/v2\/media?parent=22485"}],"curies":[{"name":"wp","href":"https:\/\/api.w.org\/{rel}","templated":true}]}}

José Ángel Rufián Henares

<p>[vc_row dfd_row_responsive_enable=»dfd-row-responsive-enable» responsive_styles=»padding_left_mobile:20|padding_right_mobile:20&#8243;][vc_column]<div class="dfd-spacer-module"  data-units="px" data-wide_resolution="1280" data-wide_size="80" data-normal_resolution="1024" data-normal_size="60" data-tablet_resolution="800" data-tablet_size="40" data-mobile_resolution="480" data-mobile_size="40" style="height: 80px;"></div><div class="dfd-info-banner style-05 responsive-team-members text-center" ><div class="image-cover "><img loading="lazy" decoding="async" src="https://www.academianutricionydietetica.org/pro/uploads/2024/03/Foto-1-150x150.png" alt="Image"  width="150" height="150" class="info-banner-image " /></div><div class="content-wrap"><h2 class="info-box-title " style="font-size: 22px; line-height: 26.4px; letter-spacing: 1px; ">José Ángel Rufíán Henares</h2><h3 class="info-box-subtitle widget-sub-title " style="">Miembros de honor y eméritos</h3><div class="wrap-delimiter"><div class="delimiter" ></div></div><div class="description" style="">José Ángel Rufián Henares es Catedrático del Departamento de Nutrición y Bromatología de la Universidad de Granada. El Prof. Rufián tiene más de 160 publicaciones indexadas en el Journal of Citations Reports (índice h = 45). La mayor parte de las publicaciones se ubican en Q1 y D1, recibiendo un gran número de citaciones, por lo que el Prof. Rufián está incluido en el 2% de los mejores investigadores mundiales en el área de Food Sciences &#038; Technology según el Ranking of the World Scientists (Universidad de Stanford). El Prof. Rufián ha participado en más de 20 proyectos de investigación, liderando 6 de ellos con una financiación superior a los 7.000.000€. Actualmente, el Prof. Rufián es el coordinador del Proyecto Europeo Stance4Health (www.stance4health.com), un gran proyecto en el que participan 19 socios de 8 países europeos. Los resultados obtenidos de estos proyectos han sido expuestos a través de más de 170 comunicaciones en congresos nacionales e internacionales, participando también activamente en tres acciones COST europeas (COST 919, COST 927, COST Infogest y COST Ungap). En este sentido, el Dr. Rufián fue organizador de una Escuela de Formación dentro de COST 927 en 2009 y otra en enero de 2015 dentro de COST Infogest. El Dr. Rufián también ha sido coordinador español de la red latinoamericana LACFUN (415RT0495) dentro del programa CYTED (2015-2018). El Prof. Rufián también participa en contratos de investigación con diferentes empresas y realiza actividades de innovación como la obtención de dos patentes (una de ellas licenciada).<br />
El Prof. Rufián es miembro del comité evaluador de la Fundación Internacional para la Ciencia, también evalúa proyectos de investigación de la Agencia Estatal de Investigación (España) y del Ministerio de Investigación de Suiza, Rumania, Colombia y Chile, siendo también es evaluador de la Comisión Europea (bajo los programas COST y Horizonte Europa).<br />
Actualmente, el Dr. Rufián ha dirigido 12 tesis doctorales y 64 Trabajos Fin de Máster. Finalmente, el Prof. Rufián es Miembro de Honor de la Academia Española de Nutrición y Dietética y Académico Correspondiente de la Real Academia de Medicina y Cirugía de Andalucía Oriental. Además, ha sido galardonado con diferentes premios: Premio Laza Palacios (Real Academia de Medicina y Cirugía de Andalucía Oriental, enero 2020), Premio al mejor trabajo de investigación (Real Academia de Farmacia de España, diciembre 2020) y Premio Fundación Vicky Foods al mejor investigador en Nutrición y Salud (diciembre 2021).</div></div></div><div class="dfd-spacer-module"  data-units="px" data-wide_resolution="1280" data-wide_size="80" data-normal_resolution="1024" data-normal_size="60" data-tablet_resolution="800" data-tablet_size="40" data-mobile_resolution="480" data-mobile_size="40" style="height: 80px;"></div>[/vc_column][/vc_row]</p>

<!-- This site is optimized with the Yoast SEO plugin v26.7 - https://yoast.com/wordpress/plugins/seo/ -->
<title>José Ángel Rufián Henares - Academia Española de Nutrición y Dietética</title>
<meta name="robots" content="index, follow, max-snippet:-1, max-image-preview:large, max-video-preview:-1" />
<link rel="canonical" href="https://www.academianutricionydietetica.org/pro/la-academia/organos-de-gobierno/jose-angel-rufian-henares/" />
<meta property="og:locale" content="es_ES" />
<meta property="og:type" content="article" />
<meta property="og:title" content="José Ángel Rufián Henares - Academia Española de Nutrición y Dietética" />
<meta property="og:description" content="[vc_row dfd_row_responsive_enable=»dfd-row-responsive-enable» responsive_styles=»padding_left_mobile:20|padding_right_mobile:20&#8243;][vc_column][/vc_column][/vc_row]" />
<meta property="og:url" content="https://www.academianutricionydietetica.org/pro/la-academia/organos-de-gobierno/jose-angel-rufian-henares/" />
<meta property="og:site_name" content="Academia Española de Nutrición y Dietética" />
<meta name="twitter:card" content="summary_large_image" />
<meta name="twitter:label1" content="Tiempo de lectura" />
	<meta name="twitter:data1" content="3 minutos" />
<script type="application/ld+json" class="yoast-schema-graph">{"@context":"https://schema.org","@graph":[{"@type":"WebPage","@id":"https://www.academianutricionydietetica.org/pro/la-academia/organos-de-gobierno/jose-angel-rufian-henares/","url":"https://www.academianutricionydietetica.org/pro/la-academia/organos-de-gobierno/jose-angel-rufian-henares/","name":"José Ángel Rufián Henares - Academia Española de Nutrición y Dietética","isPartOf":{"@id":"https://www.academianutricionydietetica.org/pro/#website"},"datePublished":"2024-03-26T08:45:54+00:00","breadcrumb":{"@id":"https://www.academianutricionydietetica.org/pro/la-academia/organos-de-gobierno/jose-angel-rufian-henares/#breadcrumb"},"inLanguage":"es","potentialAction":[{"@type":"ReadAction","target":["https://www.academianutricionydietetica.org/pro/la-academia/organos-de-gobierno/jose-angel-rufian-henares/"]}]},{"@type":"BreadcrumbList","@id":"https://www.academianutricionydietetica.org/pro/la-academia/organos-de-gobierno/jose-angel-rufian-henares/#breadcrumb","itemListElement":[{"@type":"ListItem","position":1,"name":"Inicio","item":"https://www.academianutricionydietetica.org/pro/"},{"@type":"ListItem","position":2,"name":"La academia","item":"https://www.academianutricionydietetica.org/pro/la-academia/"},{"@type":"ListItem","position":3,"name":"Órganos de Gobierno","item":"https://www.academianutricionydietetica.org/pro/la-academia/organos-de-gobierno/"},{"@type":"ListItem","position":4,"name":"José Ángel Rufián Henares"}]},{"@type":"WebSite","@id":"https://www.academianutricionydietetica.org/pro/#website","url":"https://www.academianutricionydietetica.org/pro/","name":"Academia Española de Nutrición y Dietética","description":"Formación, noticias, jornadas y eventos","potentialAction":[{"@type":"SearchAction","target":{"@type":"EntryPoint","urlTemplate":"https://www.academianutricionydietetica.org/pro/?s={search_term_string}"},"query-input":{"@type":"PropertyValueSpecification","valueRequired":true,"valueName":"search_term_string"}}],"inLanguage":"es"}]}</script>
<!-- / Yoast SEO plugin. -->

José Ángel Rufián Henares - Academia Española de Nutrición y Dietética

Academia Española de Nutrición y Dietética

Órganos de Gobierno

Formación, noticias, jornadas y eventos
