{"id":22542,"date":"2024-03-26T10:59:10","date_gmt":"2024-03-26T10:59:10","guid":{"rendered":"https:\/\/www.academianutricionydietetica.org\/pro\/?page_id=22542"},"modified":"2024-03-26T10:59:10","modified_gmt":"2024-03-26T10:59:10","slug":"margarita-alonso-franch","status":"publish","type":"page","link":"https:\/\/www.academianutricionydietetica.org\/pro\/la-academia\/organos-de-gobierno\/margarita-alonso-franch\/","title":{"rendered":"Margarita Alonso Franch"},"content":{"rendered":"<p>[vc_row dfd_row_responsive_enable=\u00bbdfd-row-responsive-enable\u00bb responsive_styles=\u00bbpadding_left_mobile:20|padding_right_mobile:20&#8243;][vc_column]<div class=\"dfd-spacer-module\"  data-units=\"px\" data-wide_resolution=\"1280\" data-wide_size=\"80\" data-normal_resolution=\"1024\" data-normal_size=\"60\" data-tablet_resolution=\"800\" data-tablet_size=\"40\" data-mobile_resolution=\"480\" data-mobile_size=\"40\" style=\"height: 80px;\"><\/div><div class=\"dfd-info-banner style-05 responsive-team-members text-center\" ><div class=\"image-cover \"><img loading=\"lazy\" decoding=\"async\" src=\"https:\/\/www.academianutricionydietetica.org\/pro\/uploads\/2024\/03\/MARGARITA-ALONSO-150x150.jpg\" alt=\"Image\"  width=\"150\" height=\"150\" class=\"info-banner-image \" \/><\/div><div class=\"content-wrap\"><h2 class=\"info-box-title \" style=\"font-size: 22px; line-height: 26.4px; letter-spacing: 1px; \">Margarita Alonso Franch<\/h2><h3 class=\"info-box-subtitle widget-sub-title \" style=\"\">Miembros de honor y em\u00e9ritos<\/h3><div class=\"wrap-delimiter\"><div class=\"delimiter\" ><\/div><\/div><div class=\"description\" style=\"\">\u2022\tLicenciada en Medicina. Universidad de Valladolid (Uva). A\u00f1os 1961-67<br \/>\nEspecialidad: Pediatr\u00eda (Escuela Profesional de Pediatr\u00eda Prof S\u00e1nchez Villares en la Uva.<br \/>\nSubespecialidad : Gastroenterolog\u00eda y Nutrici\u00f3n Pedi\u00e1trica, con estancias<br \/>\n&#8211;\tHospital La Paz, Servicio Gastroenterolog\u00eda (Dr. Carlos V\u00e1zquez) 1970<br \/>\n&#8211;\tUniversidad Aut\u00f3noma Madrid, CESIC (Prof Gertrudis de la Fuente) 1975<br \/>\n&#8211;\tHopital Enfans Malades (Profesores  Rey y Ricourd) durante el curso 1977-78<br \/>\n&#8211;\tHopital Sain Pierre Bruselas  (Prof Cadranel) 1976<br \/>\n&#8211;\tServicio de Pediatr\u00eda Hospital San Sebasti\u00e1n (Prof Juan Tovar) 1981<\/p>\n<p>\u2022\tDiplomada en Enfermer\u00eda<br \/>\n\u2022\tMaestra titulada <\/p>\n<p>ACTIVIDADES DESARROLLADAS<br \/>\nI.- Docentes<br \/>\n\u2022\tProf. Titular de Pediatr\u00eda por oposici\u00f3n nacional. Destino Universidad de Valladolid (Uva) desde Marzo 1979 hasta la jubilaci\u00f3n<br \/>\n\u2022\tImpulsora de la creaci\u00f3n de la Diplomatura \u201dNutrici\u00f3n Humana y Diet\u00e9tica\u201d, como titulaci\u00f3n de  la Facultad de Medicina de Valladolid. Directora y de la misma y posterior conversi\u00f3n en Grado hasta la jubilaci\u00f3n.<br \/>\n\u2022\tProfesora de \u201cPatolog\u00eda Nutricional de ni\u00f1o\u201d en la Diplomatura  y posterior Grado en NHD<br \/>\n\u2022\tProfesora de los Cursos anuales de Pediatr\u00eda. Desde 1970, hasta la Jubilaci\u00f3n<br \/>\n\u2022\tDirectora y Profesora de los Cursos de Doctorado anuales, sobre temas Nutricionales<br \/>\n\u2022\tProfesora de la Universidad Permanente de la Uva en el m\u00f3dulo de \u201cNutrici\u00f3n y Diet\u00e9tica\u201d desde su creaci\u00f3n hasta la actualidad<br \/>\n\u2022\tDirectora del T\u00edtulo propio de la Uva \u201cEspecialista en Nutrici\u00f3n Cl\u00ednica\u201d<br \/>\n\u2022\tDirectora del  \u201cMaster de Nutrici\u00f3n Cl\u00ednica\u201d de la Uva, hasta su jubilaci\u00f3n<br \/>\n\u2022\tProfesora del Master Europeo Universitario de Nutrici\u00f3n Cl\u00ednica (Coordinado en la Universidad de Granada) desde su inicio, hasta su jubilaci\u00f3n<br \/>\nII.- Asistenciales<br \/>\n\u2022\tJefe de la Unidad de Gastroenterolog\u00eda y Nutrici\u00f3n Pedi\u00e1trica en el Hospital Cl\u00ednico Universitario ininterrumpidamente desde Octubre 1978, hasta su jubilaci\u00f3n.<br \/>\n\u2022\tPediatra Consultor del Instituto de Ciencias M\u00e9dicas de la Facultad de Medicina de Valladolid<\/p>\n<p>III.- Investigadoras:<br \/>\nA) Proyectos de investigaci\u00f3n<br \/>\n\u2022\tL\u00ednea Nutrici\u00f3n Cl\u00ednica: Directora (IP) de proyectos de 12 investigaci\u00f3n del FIS, especialmente en temas relacionados con nutrici\u00f3n y patolog\u00edas digestivas, nutrici\u00f3n y crecimiento y nutrici\u00f3n e inmunidad<\/p>\n<p>\u2022\tL\u00ednea investigaci\u00f3n en obesidad infantil. Proyecto obtenido por concurso nacional en la Sociedad Espa\u00f1ola de Gatroenterolog\u00eda y Nutrici\u00f3n Pedi\u00e1trica (IP)<\/p>\n<p>\u2022\tNutrici\u00f3n Comunitaria. Directora de 10 proyectos (FIS, Junta de Castilla y Le\u00f3n y de entidades privadas) como IP, especialmente relacionados con comedores escolares, y con maduraci\u00f3n y crecimiento infantil. Responsable de la elaboraci\u00f3n de tablas de crecimiento y maduraci\u00f3n \u00f3sea en 5.000 ni\u00f1os de Castillla y Le\u00f3n.<\/p>\n<p>\u2022\tRelaci\u00f3n con empresas: L\u00ednea de investigaci\u00f3n en alimentos funcionales; Colaboradora en 2 proyectos de financiaci\u00f3n privada (PROFIT y ADE). Nutrici\u00f3n e Inmunidad (Danone). Colaboraci\u00f3n con empresas de catering de los Comedores Escolares para el montaje de la l\u00ednea fr\u00eda. Vocal del Comit\u00e9 Cient\u00edfico \u201c5 al d\u00eda\u201d.<\/p>\n<p>B) Direcci\u00f3n de Tesis Doctorales<br \/>\n\u2022\tHa dirigido 8 tesis Doctorales <\/p>\n<p>IV.- Publicaciones<br \/>\n\u2022\tAutora de 6 libros y coautora en otros 67<br \/>\n\u2022\tArt\u00edculos en revistas nacionales e internacionales: 234. Todos ellos sobre gastroenterolog\u00eda pedi\u00e1trica y especialmente sobre nutrici\u00f3n pedi\u00e1trica<\/p>\n<p>IV.- Otros m\u00e9ritos<br \/>\n\u2022\tVicedecana de la Facultad de Medicina<br \/>\n\u2022\tPresidenta Nacional de la Conferencia de Decanos de Nutrici\u00f3n Humana y Diet\u00e9tica<br \/>\n\u2022\tPlanes de Estudio en Nutrici\u00f3n Humana y Diet\u00e9tica<br \/>\n\uf0a7\tEn la Universidad de Valladolid: Impulsora y responsable  de la puesta en marcha de la Diplomatura . Directora y Coordinadora de la misma<br \/>\n\uf0a7\tA nivel nacional: Perteneciente a la Comisi\u00f3n Nacional para la elaboraci\u00f3n del Libro Blanco del Dietista-nutricionista, y posteriormente colaboradora en la adaptaci\u00f3n de los estudios de NHyD al Espacio Europeo de Educaci\u00f3n Superior (Plan Bolonia)<br \/>\n\uf0a7\tComisionada como experta por la Universidad de Santiago de Compostela para el asesoramiento en la implantaci\u00f3n del Grado en Nutrici\u00f3n Humana y Diet\u00e9tica.<br \/>\n\u2022\tCitada como experta en el Senado, para asesorar sobre obesidad infantil.<br \/>\n\u2022\tResponsable de la supervisi\u00f3n y asesoramiento de los Comedores escolares de Castilla y Le\u00f3n.<br \/>\n\u2022\tColaboradora como asesora en la Ley de Comedores Escolares de Castilla y Le\u00f3n<br \/>\n\u2022\tA nivel nacional ha participado en 139 cursos, y ha dado mas de 300 conferencias<br \/>\n<\/div><\/div><\/div><div class=\"dfd-spacer-module\"  data-units=\"px\" data-wide_resolution=\"1280\" data-wide_size=\"80\" data-normal_resolution=\"1024\" data-normal_size=\"60\" data-tablet_resolution=\"800\" data-tablet_size=\"40\" data-mobile_resolution=\"480\" data-mobile_size=\"40\" style=\"height: 80px;\"><\/div>[\/vc_column][\/vc_row]<\/p>\n","protected":false},"excerpt":{"rendered":"<p>[vc_row dfd_row_responsive_enable=\u00bbdfd-row-responsive-enable\u00bb responsive_styles=\u00bbpadding_left_mobile:20|padding_right_mobile:20&#8243;][vc_column][\/vc_column][\/vc_row]<\/p>\n","protected":false},"author":4,"featured_media":0,"parent":16188,"menu_order":0,"comment_status":"closed","ping_status":"closed","template":"page-custom-with-header.php","meta":{"_acf_changed":false,"_monsterinsights_skip_tracking":false,"_monsterinsights_sitenote_active":false,"_monsterinsights_sitenote_note":"","_monsterinsights_sitenote_category":0,"footnotes":""},"class_list":["post-22542","page","type-page","status-publish","hentry"],"acf":[],"yoast_head":"<!-- This site is optimized with the Yoast SEO plugin v26.7 - https:\/\/yoast.com\/wordpress\/plugins\/seo\/ -->\n<title>Margarita Alonso Franch - Academia Espa\u00f1ola de Nutrici\u00f3n y Diet\u00e9tica<\/title>\n<meta name=\"robots\" content=\"index, follow, max-snippet:-1, max-image-preview:large, max-video-preview:-1\" \/>\n<link rel=\"canonical\" href=\"https:\/\/www.academianutricionydietetica.org\/pro\/la-academia\/organos-de-gobierno\/margarita-alonso-franch\/\" \/>\n<meta property=\"og:locale\" content=\"es_ES\" \/>\n<meta property=\"og:type\" content=\"article\" \/>\n<meta property=\"og:title\" content=\"Margarita Alonso Franch - Academia Espa\u00f1ola de Nutrici\u00f3n y Diet\u00e9tica\" \/>\n<meta property=\"og:description\" content=\"[vc_row dfd_row_responsive_enable=\u00bbdfd-row-responsive-enable\u00bb responsive_styles=\u00bbpadding_left_mobile:20|padding_right_mobile:20&#8243;][vc_column][\/vc_column][\/vc_row]\" \/>\n<meta property=\"og:url\" content=\"https:\/\/www.academianutricionydietetica.org\/pro\/la-academia\/organos-de-gobierno\/margarita-alonso-franch\/\" \/>\n<meta property=\"og:site_name\" content=\"Academia Espa\u00f1ola de Nutrici\u00f3n y Diet\u00e9tica\" \/>\n<meta name=\"twitter:card\" content=\"summary_large_image\" \/>\n<meta name=\"twitter:label1\" content=\"Tiempo de lectura\" \/>\n\t<meta name=\"twitter:data1\" content=\"2 minutos\" \/>\n<script type=\"application\/ld+json\" class=\"yoast-schema-graph\">{\"@context\":\"https:\/\/schema.org\",\"@graph\":[{\"@type\":\"WebPage\",\"@id\":\"https:\/\/www.academianutricionydietetica.org\/pro\/la-academia\/organos-de-gobierno\/margarita-alonso-franch\/\",\"url\":\"https:\/\/www.academianutricionydietetica.org\/pro\/la-academia\/organos-de-gobierno\/margarita-alonso-franch\/\",\"name\":\"Margarita Alonso Franch - Academia Espa\u00f1ola de Nutrici\u00f3n y Diet\u00e9tica\",\"isPartOf\":{\"@id\":\"https:\/\/www.academianutricionydietetica.org\/pro\/#website\"},\"datePublished\":\"2024-03-26T10:59:10+00:00\",\"breadcrumb\":{\"@id\":\"https:\/\/www.academianutricionydietetica.org\/pro\/la-academia\/organos-de-gobierno\/margarita-alonso-franch\/#breadcrumb\"},\"inLanguage\":\"es\",\"potentialAction\":[{\"@type\":\"ReadAction\",\"target\":[\"https:\/\/www.academianutricionydietetica.org\/pro\/la-academia\/organos-de-gobierno\/margarita-alonso-franch\/\"]}]},{\"@type\":\"BreadcrumbList\",\"@id\":\"https:\/\/www.academianutricionydietetica.org\/pro\/la-academia\/organos-de-gobierno\/margarita-alonso-franch\/#breadcrumb\",\"itemListElement\":[{\"@type\":\"ListItem\",\"position\":1,\"name\":\"Inicio\",\"item\":\"https:\/\/www.academianutricionydietetica.org\/pro\/\"},{\"@type\":\"ListItem\",\"position\":2,\"name\":\"La academia\",\"item\":\"https:\/\/www.academianutricionydietetica.org\/pro\/la-academia\/\"},{\"@type\":\"ListItem\",\"position\":3,\"name\":\"\u00d3rganos de Gobierno\",\"item\":\"https:\/\/www.academianutricionydietetica.org\/pro\/la-academia\/organos-de-gobierno\/\"},{\"@type\":\"ListItem\",\"position\":4,\"name\":\"Margarita Alonso Franch\"}]},{\"@type\":\"WebSite\",\"@id\":\"https:\/\/www.academianutricionydietetica.org\/pro\/#website\",\"url\":\"https:\/\/www.academianutricionydietetica.org\/pro\/\",\"name\":\"Academia Espa\u00f1ola de Nutrici\u00f3n y Diet\u00e9tica\",\"description\":\"Formaci\u00f3n, noticias, jornadas y eventos\",\"potentialAction\":[{\"@type\":\"SearchAction\",\"target\":{\"@type\":\"EntryPoint\",\"urlTemplate\":\"https:\/\/www.academianutricionydietetica.org\/pro\/?s={search_term_string}\"},\"query-input\":{\"@type\":\"PropertyValueSpecification\",\"valueRequired\":true,\"valueName\":\"search_term_string\"}}],\"inLanguage\":\"es\"}]}<\/script>\n<!-- \/ Yoast SEO plugin. -->","yoast_head_json":{"title":"Margarita Alonso Franch - Academia Espa\u00f1ola de Nutrici\u00f3n y Diet\u00e9tica","robots":{"index":"index","follow":"follow","max-snippet":"max-snippet:-1","max-image-preview":"max-image-preview:large","max-video-preview":"max-video-preview:-1"},"canonical":"https:\/\/www.academianutricionydietetica.org\/pro\/la-academia\/organos-de-gobierno\/margarita-alonso-franch\/","og_locale":"es_ES","og_type":"article","og_title":"Margarita Alonso Franch - Academia Espa\u00f1ola de Nutrici\u00f3n y Diet\u00e9tica","og_description":"[vc_row dfd_row_responsive_enable=\u00bbdfd-row-responsive-enable\u00bb responsive_styles=\u00bbpadding_left_mobile:20|padding_right_mobile:20&#8243;][vc_column][\/vc_column][\/vc_row]","og_url":"https:\/\/www.academianutricionydietetica.org\/pro\/la-academia\/organos-de-gobierno\/margarita-alonso-franch\/","og_site_name":"Academia Espa\u00f1ola de Nutrici\u00f3n y Diet\u00e9tica","twitter_card":"summary_large_image","twitter_misc":{"Tiempo de lectura":"2 minutos"},"schema":{"@context":"https:\/\/schema.org","@graph":[{"@type":"WebPage","@id":"https:\/\/www.academianutricionydietetica.org\/pro\/la-academia\/organos-de-gobierno\/margarita-alonso-franch\/","url":"https:\/\/www.academianutricionydietetica.org\/pro\/la-academia\/organos-de-gobierno\/margarita-alonso-franch\/","name":"Margarita Alonso Franch - Academia Espa\u00f1ola de Nutrici\u00f3n y Diet\u00e9tica","isPartOf":{"@id":"https:\/\/www.academianutricionydietetica.org\/pro\/#website"},"datePublished":"2024-03-26T10:59:10+00:00","breadcrumb":{"@id":"https:\/\/www.academianutricionydietetica.org\/pro\/la-academia\/organos-de-gobierno\/margarita-alonso-franch\/#breadcrumb"},"inLanguage":"es","potentialAction":[{"@type":"ReadAction","target":["https:\/\/www.academianutricionydietetica.org\/pro\/la-academia\/organos-de-gobierno\/margarita-alonso-franch\/"]}]},{"@type":"BreadcrumbList","@id":"https:\/\/www.academianutricionydietetica.org\/pro\/la-academia\/organos-de-gobierno\/margarita-alonso-franch\/#breadcrumb","itemListElement":[{"@type":"ListItem","position":1,"name":"Inicio","item":"https:\/\/www.academianutricionydietetica.org\/pro\/"},{"@type":"ListItem","position":2,"name":"La academia","item":"https:\/\/www.academianutricionydietetica.org\/pro\/la-academia\/"},{"@type":"ListItem","position":3,"name":"\u00d3rganos de Gobierno","item":"https:\/\/www.academianutricionydietetica.org\/pro\/la-academia\/organos-de-gobierno\/"},{"@type":"ListItem","position":4,"name":"Margarita Alonso Franch"}]},{"@type":"WebSite","@id":"https:\/\/www.academianutricionydietetica.org\/pro\/#website","url":"https:\/\/www.academianutricionydietetica.org\/pro\/","name":"Academia Espa\u00f1ola de Nutrici\u00f3n y Diet\u00e9tica","description":"Formaci\u00f3n, noticias, jornadas y eventos","potentialAction":[{"@type":"SearchAction","target":{"@type":"EntryPoint","urlTemplate":"https:\/\/www.academianutricionydietetica.org\/pro\/?s={search_term_string}"},"query-input":{"@type":"PropertyValueSpecification","valueRequired":true,"valueName":"search_term_string"}}],"inLanguage":"es"}]}},"_links":{"self":[{"href":"https:\/\/www.academianutricionydietetica.org\/pro\/wp-json\/wp\/v2\/pages\/22542","targetHints":{"allow":["GET"]}}],"collection":[{"href":"https:\/\/www.academianutricionydietetica.org\/pro\/wp-json\/wp\/v2\/pages"}],"about":[{"href":"https:\/\/www.academianutricionydietetica.org\/pro\/wp-json\/wp\/v2\/types\/page"}],"author":[{"embeddable":true,"href":"https:\/\/www.academianutricionydietetica.org\/pro\/wp-json\/wp\/v2\/users\/4"}],"replies":[{"embeddable":true,"href":"https:\/\/www.academianutricionydietetica.org\/pro\/wp-json\/wp\/v2\/comments?post=22542"}],"version-history":[{"count":1,"href":"https:\/\/www.academianutricionydietetica.org\/pro\/wp-json\/wp\/v2\/pages\/22542\/revisions"}],"predecessor-version":[{"id":22544,"href":"https:\/\/www.academianutricionydietetica.org\/pro\/wp-json\/wp\/v2\/pages\/22542\/revisions\/22544"}],"up":[{"embeddable":true,"href":"https:\/\/www.academianutricionydietetica.org\/pro\/wp-json\/wp\/v2\/pages\/16188"}],"wp:attachment":[{"href":"https:\/\/www.academianutricionydietetica.org\/pro\/wp-json\/wp\/v2\/media?parent=22542"}],"curies":[{"name":"wp","href":"https:\/\/api.w.org\/{rel}","templated":true}]}}