{"id":22547,"date":"2024-03-26T11:03:49","date_gmt":"2024-03-26T11:03:49","guid":{"rendered":"https:\/\/www.academianutricionydietetica.org\/pro\/?page_id=22547"},"modified":"2024-03-26T11:03:49","modified_gmt":"2024-03-26T11:03:49","slug":"maria-colomer-valiente","status":"publish","type":"page","link":"https:\/\/www.academianutricionydietetica.org\/pro\/la-academia\/organos-de-gobierno\/maria-colomer-valiente\/","title":{"rendered":"Mar\u00eda Colomer Valiente"},"content":{"rendered":"<p>[vc_row dfd_row_responsive_enable=\u00bbdfd-row-responsive-enable\u00bb responsive_styles=\u00bbpadding_left_mobile:20|padding_right_mobile:20&#8243;][vc_column]<div class=\"dfd-spacer-module\"  data-units=\"px\" data-wide_resolution=\"1280\" data-wide_size=\"80\" data-normal_resolution=\"1024\" data-normal_size=\"60\" data-tablet_resolution=\"800\" data-tablet_size=\"40\" data-mobile_resolution=\"480\" data-mobile_size=\"40\" style=\"height: 80px;\"><\/div><div class=\"dfd-info-banner style-05 responsive-team-members text-center\" ><div class=\"image-cover \"><img loading=\"lazy\" decoding=\"async\" src=\"https:\/\/www.academianutricionydietetica.org\/pro\/uploads\/2024\/03\/MARIA-COLOMER-150x150.jpg\" alt=\"Image\"  width=\"150\" height=\"150\" class=\"info-banner-image \" \/><\/div><div class=\"content-wrap\"><h2 class=\"info-box-title \" style=\"font-size: 22px; line-height: 26.4px; letter-spacing: 1px; \">Mar\u00eda Colomer Valiente<\/h2><h3 class=\"info-box-subtitle widget-sub-title \" style=\"\">Miembros de honor y em\u00e9ritos<\/h3><div class=\"wrap-delimiter\"><div class=\"delimiter\" ><\/div><\/div><div class=\"description\" style=\"\">Dietista-Nutricionista por la Universidad de Barcelona desde 1997. Es Especialista Universitario (E.U.) en Educaci\u00f3n Nutricional y en Actividad f\u00edsica, Salud y Rendimiento deportivo por la Universidad de les Illes Balears. Ejerce su profesi\u00f3n en consulta m\u00e9dica privada y como asesora externa para empresas de restauraci\u00f3n colectiva, tanto de centros de educaci\u00f3n infantil, centros escolares, centros de menores, residencias de mayores y hoteles. Tiene una amplia experiencia como formadora en materia de nutrici\u00f3n, diet\u00e9tica y seguridad alimentaria, para diferentes colectivos. Ha participado activamente en actividades y talleres de distintas empresas de la industria alimentaria y restauraci\u00f3n para la prevenci\u00f3n y bienestar de sus trabajadores.<br \/>\nHa colaborado en una treintena de publicaciones en congresos nacionales e internacionales, ha participado en la elaboraci\u00f3n de 3 documentos t\u00e9cnicos sobre h\u00e1bitos alimentarios de la poblaci\u00f3n de les Illes Balears. Es responsable de formaci\u00f3n del Colegio Oficial de Dietistas-Nutricionistas de las Islas Baleares y Miembro de Honor de la Academia Espa\u00f1ola de Nutrici\u00f3n y Diet\u00e9tica.<\/div><\/div><\/div><div class=\"dfd-spacer-module\"  data-units=\"px\" data-wide_resolution=\"1280\" data-wide_size=\"80\" data-normal_resolution=\"1024\" data-normal_size=\"60\" data-tablet_resolution=\"800\" data-tablet_size=\"40\" data-mobile_resolution=\"480\" data-mobile_size=\"40\" style=\"height: 80px;\"><\/div>[\/vc_column][\/vc_row]<\/p>\n","protected":false},"excerpt":{"rendered":"<p>[vc_row dfd_row_responsive_enable=\u00bbdfd-row-responsive-enable\u00bb responsive_styles=\u00bbpadding_left_mobile:20|padding_right_mobile:20&#8243;][vc_column][\/vc_column][\/vc_row]<\/p>\n","protected":false},"author":4,"featured_media":0,"parent":16188,"menu_order":0,"comment_status":"closed","ping_status":"closed","template":"page-custom-with-header.php","meta":{"_acf_changed":false,"_monsterinsights_skip_tracking":false,"_monsterinsights_sitenote_active":false,"_monsterinsights_sitenote_note":"","_monsterinsights_sitenote_category":0,"footnotes":""},"class_list":["post-22547","page","type-page","status-publish","hentry"],"acf":[],"yoast_head":"<!-- This site is optimized with the Yoast SEO plugin v26.7 - https:\/\/yoast.com\/wordpress\/plugins\/seo\/ -->\n<title>Mar\u00eda Colomer Valiente - Academia Espa\u00f1ola de Nutrici\u00f3n y Diet\u00e9tica<\/title>\n<meta name=\"robots\" content=\"index, follow, max-snippet:-1, max-image-preview:large, max-video-preview:-1\" \/>\n<link rel=\"canonical\" href=\"https:\/\/www.academianutricionydietetica.org\/pro\/la-academia\/organos-de-gobierno\/maria-colomer-valiente\/\" \/>\n<meta property=\"og:locale\" content=\"es_ES\" \/>\n<meta property=\"og:type\" content=\"article\" \/>\n<meta property=\"og:title\" content=\"Mar\u00eda Colomer Valiente - Academia Espa\u00f1ola de Nutrici\u00f3n y Diet\u00e9tica\" \/>\n<meta property=\"og:description\" content=\"[vc_row dfd_row_responsive_enable=\u00bbdfd-row-responsive-enable\u00bb responsive_styles=\u00bbpadding_left_mobile:20|padding_right_mobile:20&#8243;][vc_column][\/vc_column][\/vc_row]\" \/>\n<meta property=\"og:url\" content=\"https:\/\/www.academianutricionydietetica.org\/pro\/la-academia\/organos-de-gobierno\/maria-colomer-valiente\/\" \/>\n<meta property=\"og:site_name\" content=\"Academia Espa\u00f1ola de Nutrici\u00f3n y Diet\u00e9tica\" \/>\n<meta name=\"twitter:card\" content=\"summary_large_image\" \/>\n<meta name=\"twitter:label1\" content=\"Tiempo de lectura\" \/>\n\t<meta name=\"twitter:data1\" content=\"2 minutos\" \/>\n<script type=\"application\/ld+json\" class=\"yoast-schema-graph\">{\"@context\":\"https:\/\/schema.org\",\"@graph\":[{\"@type\":\"WebPage\",\"@id\":\"https:\/\/www.academianutricionydietetica.org\/pro\/la-academia\/organos-de-gobierno\/maria-colomer-valiente\/\",\"url\":\"https:\/\/www.academianutricionydietetica.org\/pro\/la-academia\/organos-de-gobierno\/maria-colomer-valiente\/\",\"name\":\"Mar\u00eda Colomer Valiente - Academia Espa\u00f1ola de Nutrici\u00f3n y Diet\u00e9tica\",\"isPartOf\":{\"@id\":\"https:\/\/www.academianutricionydietetica.org\/pro\/#website\"},\"datePublished\":\"2024-03-26T11:03:49+00:00\",\"breadcrumb\":{\"@id\":\"https:\/\/www.academianutricionydietetica.org\/pro\/la-academia\/organos-de-gobierno\/maria-colomer-valiente\/#breadcrumb\"},\"inLanguage\":\"es\",\"potentialAction\":[{\"@type\":\"ReadAction\",\"target\":[\"https:\/\/www.academianutricionydietetica.org\/pro\/la-academia\/organos-de-gobierno\/maria-colomer-valiente\/\"]}]},{\"@type\":\"BreadcrumbList\",\"@id\":\"https:\/\/www.academianutricionydietetica.org\/pro\/la-academia\/organos-de-gobierno\/maria-colomer-valiente\/#breadcrumb\",\"itemListElement\":[{\"@type\":\"ListItem\",\"position\":1,\"name\":\"Inicio\",\"item\":\"https:\/\/www.academianutricionydietetica.org\/pro\/\"},{\"@type\":\"ListItem\",\"position\":2,\"name\":\"La academia\",\"item\":\"https:\/\/www.academianutricionydietetica.org\/pro\/la-academia\/\"},{\"@type\":\"ListItem\",\"position\":3,\"name\":\"\u00d3rganos de Gobierno\",\"item\":\"https:\/\/www.academianutricionydietetica.org\/pro\/la-academia\/organos-de-gobierno\/\"},{\"@type\":\"ListItem\",\"position\":4,\"name\":\"Mar\u00eda Colomer Valiente\"}]},{\"@type\":\"WebSite\",\"@id\":\"https:\/\/www.academianutricionydietetica.org\/pro\/#website\",\"url\":\"https:\/\/www.academianutricionydietetica.org\/pro\/\",\"name\":\"Academia Espa\u00f1ola de Nutrici\u00f3n y Diet\u00e9tica\",\"description\":\"Formaci\u00f3n, noticias, jornadas y eventos\",\"potentialAction\":[{\"@type\":\"SearchAction\",\"target\":{\"@type\":\"EntryPoint\",\"urlTemplate\":\"https:\/\/www.academianutricionydietetica.org\/pro\/?s={search_term_string}\"},\"query-input\":{\"@type\":\"PropertyValueSpecification\",\"valueRequired\":true,\"valueName\":\"search_term_string\"}}],\"inLanguage\":\"es\"}]}<\/script>\n<!-- \/ Yoast SEO plugin. -->","yoast_head_json":{"title":"Mar\u00eda Colomer Valiente - Academia Espa\u00f1ola de Nutrici\u00f3n y Diet\u00e9tica","robots":{"index":"index","follow":"follow","max-snippet":"max-snippet:-1","max-image-preview":"max-image-preview:large","max-video-preview":"max-video-preview:-1"},"canonical":"https:\/\/www.academianutricionydietetica.org\/pro\/la-academia\/organos-de-gobierno\/maria-colomer-valiente\/","og_locale":"es_ES","og_type":"article","og_title":"Mar\u00eda Colomer Valiente - Academia Espa\u00f1ola de Nutrici\u00f3n y Diet\u00e9tica","og_description":"[vc_row dfd_row_responsive_enable=\u00bbdfd-row-responsive-enable\u00bb responsive_styles=\u00bbpadding_left_mobile:20|padding_right_mobile:20&#8243;][vc_column][\/vc_column][\/vc_row]","og_url":"https:\/\/www.academianutricionydietetica.org\/pro\/la-academia\/organos-de-gobierno\/maria-colomer-valiente\/","og_site_name":"Academia Espa\u00f1ola de Nutrici\u00f3n y Diet\u00e9tica","twitter_card":"summary_large_image","twitter_misc":{"Tiempo de lectura":"2 minutos"},"schema":{"@context":"https:\/\/schema.org","@graph":[{"@type":"WebPage","@id":"https:\/\/www.academianutricionydietetica.org\/pro\/la-academia\/organos-de-gobierno\/maria-colomer-valiente\/","url":"https:\/\/www.academianutricionydietetica.org\/pro\/la-academia\/organos-de-gobierno\/maria-colomer-valiente\/","name":"Mar\u00eda Colomer Valiente - Academia Espa\u00f1ola de Nutrici\u00f3n y Diet\u00e9tica","isPartOf":{"@id":"https:\/\/www.academianutricionydietetica.org\/pro\/#website"},"datePublished":"2024-03-26T11:03:49+00:00","breadcrumb":{"@id":"https:\/\/www.academianutricionydietetica.org\/pro\/la-academia\/organos-de-gobierno\/maria-colomer-valiente\/#breadcrumb"},"inLanguage":"es","potentialAction":[{"@type":"ReadAction","target":["https:\/\/www.academianutricionydietetica.org\/pro\/la-academia\/organos-de-gobierno\/maria-colomer-valiente\/"]}]},{"@type":"BreadcrumbList","@id":"https:\/\/www.academianutricionydietetica.org\/pro\/la-academia\/organos-de-gobierno\/maria-colomer-valiente\/#breadcrumb","itemListElement":[{"@type":"ListItem","position":1,"name":"Inicio","item":"https:\/\/www.academianutricionydietetica.org\/pro\/"},{"@type":"ListItem","position":2,"name":"La academia","item":"https:\/\/www.academianutricionydietetica.org\/pro\/la-academia\/"},{"@type":"ListItem","position":3,"name":"\u00d3rganos de Gobierno","item":"https:\/\/www.academianutricionydietetica.org\/pro\/la-academia\/organos-de-gobierno\/"},{"@type":"ListItem","position":4,"name":"Mar\u00eda Colomer Valiente"}]},{"@type":"WebSite","@id":"https:\/\/www.academianutricionydietetica.org\/pro\/#website","url":"https:\/\/www.academianutricionydietetica.org\/pro\/","name":"Academia Espa\u00f1ola de Nutrici\u00f3n y Diet\u00e9tica","description":"Formaci\u00f3n, noticias, jornadas y eventos","potentialAction":[{"@type":"SearchAction","target":{"@type":"EntryPoint","urlTemplate":"https:\/\/www.academianutricionydietetica.org\/pro\/?s={search_term_string}"},"query-input":{"@type":"PropertyValueSpecification","valueRequired":true,"valueName":"search_term_string"}}],"inLanguage":"es"}]}},"_links":{"self":[{"href":"https:\/\/www.academianutricionydietetica.org\/pro\/wp-json\/wp\/v2\/pages\/22547","targetHints":{"allow":["GET"]}}],"collection":[{"href":"https:\/\/www.academianutricionydietetica.org\/pro\/wp-json\/wp\/v2\/pages"}],"about":[{"href":"https:\/\/www.academianutricionydietetica.org\/pro\/wp-json\/wp\/v2\/types\/page"}],"author":[{"embeddable":true,"href":"https:\/\/www.academianutricionydietetica.org\/pro\/wp-json\/wp\/v2\/users\/4"}],"replies":[{"embeddable":true,"href":"https:\/\/www.academianutricionydietetica.org\/pro\/wp-json\/wp\/v2\/comments?post=22547"}],"version-history":[{"count":1,"href":"https:\/\/www.academianutricionydietetica.org\/pro\/wp-json\/wp\/v2\/pages\/22547\/revisions"}],"predecessor-version":[{"id":22549,"href":"https:\/\/www.academianutricionydietetica.org\/pro\/wp-json\/wp\/v2\/pages\/22547\/revisions\/22549"}],"up":[{"embeddable":true,"href":"https:\/\/www.academianutricionydietetica.org\/pro\/wp-json\/wp\/v2\/pages\/16188"}],"wp:attachment":[{"href":"https:\/\/www.academianutricionydietetica.org\/pro\/wp-json\/wp\/v2\/media?parent=22547"}],"curies":[{"name":"wp","href":"https:\/\/api.w.org\/{rel}","templated":true}]}}

María Colomer Valiente

<p>[vc_row dfd_row_responsive_enable=»dfd-row-responsive-enable» responsive_styles=»padding_left_mobile:20|padding_right_mobile:20&#8243;][vc_column]<div class="dfd-spacer-module"  data-units="px" data-wide_resolution="1280" data-wide_size="80" data-normal_resolution="1024" data-normal_size="60" data-tablet_resolution="800" data-tablet_size="40" data-mobile_resolution="480" data-mobile_size="40" style="height: 80px;"></div><div class="dfd-info-banner style-05 responsive-team-members text-center" ><div class="image-cover "><img loading="lazy" decoding="async" src="https://www.academianutricionydietetica.org/pro/uploads/2024/03/MARIA-COLOMER-150x150.jpg" alt="Image"  width="150" height="150" class="info-banner-image " /></div><div class="content-wrap"><h2 class="info-box-title " style="font-size: 22px; line-height: 26.4px; letter-spacing: 1px; ">María Colomer Valiente</h2><h3 class="info-box-subtitle widget-sub-title " style="">Miembros de honor y eméritos</h3><div class="wrap-delimiter"><div class="delimiter" ></div></div><div class="description" style="">Dietista-Nutricionista por la Universidad de Barcelona desde 1997. Es Especialista Universitario (E.U.) en Educación Nutricional y en Actividad física, Salud y Rendimiento deportivo por la Universidad de les Illes Balears. Ejerce su profesión en consulta médica privada y como asesora externa para empresas de restauración colectiva, tanto de centros de educación infantil, centros escolares, centros de menores, residencias de mayores y hoteles. Tiene una amplia experiencia como formadora en materia de nutrición, dietética y seguridad alimentaria, para diferentes colectivos. Ha participado activamente en actividades y talleres de distintas empresas de la industria alimentaria y restauración para la prevención y bienestar de sus trabajadores.<br />
Ha colaborado en una treintena de publicaciones en congresos nacionales e internacionales, ha participado en la elaboración de 3 documentos técnicos sobre hábitos alimentarios de la población de les Illes Balears. Es responsable de formación del Colegio Oficial de Dietistas-Nutricionistas de las Islas Baleares y Miembro de Honor de la Academia Española de Nutrición y Dietética.</div></div></div><div class="dfd-spacer-module"  data-units="px" data-wide_resolution="1280" data-wide_size="80" data-normal_resolution="1024" data-normal_size="60" data-tablet_resolution="800" data-tablet_size="40" data-mobile_resolution="480" data-mobile_size="40" style="height: 80px;"></div>[/vc_column][/vc_row]</p>

<!-- This site is optimized with the Yoast SEO plugin v26.7 - https://yoast.com/wordpress/plugins/seo/ -->
<title>María Colomer Valiente - Academia Española de Nutrición y Dietética</title>
<meta name="robots" content="index, follow, max-snippet:-1, max-image-preview:large, max-video-preview:-1" />
<link rel="canonical" href="https://www.academianutricionydietetica.org/pro/la-academia/organos-de-gobierno/maria-colomer-valiente/" />
<meta property="og:locale" content="es_ES" />
<meta property="og:type" content="article" />
<meta property="og:title" content="María Colomer Valiente - Academia Española de Nutrición y Dietética" />
<meta property="og:description" content="[vc_row dfd_row_responsive_enable=»dfd-row-responsive-enable» responsive_styles=»padding_left_mobile:20|padding_right_mobile:20&#8243;][vc_column][/vc_column][/vc_row]" />
<meta property="og:url" content="https://www.academianutricionydietetica.org/pro/la-academia/organos-de-gobierno/maria-colomer-valiente/" />
<meta property="og:site_name" content="Academia Española de Nutrición y Dietética" />
<meta name="twitter:card" content="summary_large_image" />
<meta name="twitter:label1" content="Tiempo de lectura" />
	<meta name="twitter:data1" content="2 minutos" />
<script type="application/ld+json" class="yoast-schema-graph">{"@context":"https://schema.org","@graph":[{"@type":"WebPage","@id":"https://www.academianutricionydietetica.org/pro/la-academia/organos-de-gobierno/maria-colomer-valiente/","url":"https://www.academianutricionydietetica.org/pro/la-academia/organos-de-gobierno/maria-colomer-valiente/","name":"María Colomer Valiente - Academia Española de Nutrición y Dietética","isPartOf":{"@id":"https://www.academianutricionydietetica.org/pro/#website"},"datePublished":"2024-03-26T11:03:49+00:00","breadcrumb":{"@id":"https://www.academianutricionydietetica.org/pro/la-academia/organos-de-gobierno/maria-colomer-valiente/#breadcrumb"},"inLanguage":"es","potentialAction":[{"@type":"ReadAction","target":["https://www.academianutricionydietetica.org/pro/la-academia/organos-de-gobierno/maria-colomer-valiente/"]}]},{"@type":"BreadcrumbList","@id":"https://www.academianutricionydietetica.org/pro/la-academia/organos-de-gobierno/maria-colomer-valiente/#breadcrumb","itemListElement":[{"@type":"ListItem","position":1,"name":"Inicio","item":"https://www.academianutricionydietetica.org/pro/"},{"@type":"ListItem","position":2,"name":"La academia","item":"https://www.academianutricionydietetica.org/pro/la-academia/"},{"@type":"ListItem","position":3,"name":"Órganos de Gobierno","item":"https://www.academianutricionydietetica.org/pro/la-academia/organos-de-gobierno/"},{"@type":"ListItem","position":4,"name":"María Colomer Valiente"}]},{"@type":"WebSite","@id":"https://www.academianutricionydietetica.org/pro/#website","url":"https://www.academianutricionydietetica.org/pro/","name":"Academia Española de Nutrición y Dietética","description":"Formación, noticias, jornadas y eventos","potentialAction":[{"@type":"SearchAction","target":{"@type":"EntryPoint","urlTemplate":"https://www.academianutricionydietetica.org/pro/?s={search_term_string}"},"query-input":{"@type":"PropertyValueSpecification","valueRequired":true,"valueName":"search_term_string"}}],"inLanguage":"es"}]}</script>
<!-- / Yoast SEO plugin. -->

María Colomer Valiente - Academia Española de Nutrición y Dietética

Academia Española de Nutrición y Dietética

Órganos de Gobierno

Formación, noticias, jornadas y eventos
