{"id":22615,"date":"2024-04-01T07:50:01","date_gmt":"2024-04-01T07:50:01","guid":{"rendered":"https:\/\/www.academianutricionydietetica.org\/pro\/?page_id=22615"},"modified":"2024-04-01T07:50:01","modified_gmt":"2024-04-01T07:50:01","slug":"sebastian-celaya-perez","status":"publish","type":"page","link":"https:\/\/www.academianutricionydietetica.org\/pro\/la-academia\/organos-de-gobierno\/sebastian-celaya-perez\/","title":{"rendered":"Sebasti\u00e1n Celaya P\u00e9rez"},"content":{"rendered":"<p>[vc_row dfd_row_responsive_enable=\u00bbdfd-row-responsive-enable\u00bb responsive_styles=\u00bbpadding_left_mobile:20|padding_right_mobile:20&#8243;][vc_column]<div class=\"dfd-spacer-module\"  data-units=\"px\" data-wide_resolution=\"1280\" data-wide_size=\"80\" data-normal_resolution=\"1024\" data-normal_size=\"60\" data-tablet_resolution=\"800\" data-tablet_size=\"40\" data-mobile_resolution=\"480\" data-mobile_size=\"40\" style=\"height: 80px;\"><\/div><div class=\"dfd-info-banner style-05 responsive-team-members text-center\" ><div class=\"image-cover \"><img loading=\"lazy\" decoding=\"async\" src=\"https:\/\/www.academianutricionydietetica.org\/pro\/uploads\/2024\/04\/Sebastian-Celaya-150x150.jpg\" alt=\"Image\"  width=\"150\" height=\"150\" class=\"info-banner-image \" \/><\/div><div class=\"content-wrap\"><h2 class=\"info-box-title \" style=\"font-size: 22px; line-height: 26.4px; letter-spacing: 1px; \">Sebasti\u00e1n Celaya P\u00e9rez<\/h2><h3 class=\"info-box-subtitle widget-sub-title \" style=\"\">Miembros de honor y em\u00e9ritos<\/h3><div class=\"wrap-delimiter\"><div class=\"delimiter\" ><\/div><\/div><div class=\"description\" style=\"\">Nacido en Huesca 1953.<br \/>\nLicenciatura en Medicina y Cirug\u00eda, Universidad de Zaragoza (1970 1976<br \/>\nDoctor en Medicina: Noviembre 1983. Sobresaliente \u00abCum Laude\u00bb.  PREMIO EXTRAORDINARIO DE DOCTORADO.<br \/>\n M\u00e9dico Especialista en Anestesiolog\u00eda y Reanimaci\u00f3n (1980) y Medicina Intensiva (1984). <\/p>\n<p>ACTIVIDAD DOCENTE<\/p>\n<p> -Profesor Asociado M\u00e9dico Departamento de Cirug\u00eda.(1977-2000) y Medicina Interna (2012-2015).<\/p>\n<p>.- DIRECTOR DE 13 CURSOS DE DOCTORADO. Departamento de Cirug\u00eda.<br \/>\n.- Profesor en 68 Cursos de Doctorado.<\/p>\n<p>LABOR ASISTENCIAL EN HOSPITAL CLINICO UNIVERSITARIO<\/p>\n<p>-M\u00c9DICO ADJUNTO U.C.I.<\/p>\n<p>. COORDINADOR UNIDAD DE NUTRICION CLINICA Y DIETETICA  (1989- 1998). <\/p>\n<p>JEFE DE SECCI\u00d3N MEDICINA INTENSIVA, (2010- 2015).<\/p>\n<p>Presidente de la Comisi\u00f3n de Nutrici\u00f3n (2012-2015).<\/p>\n<p>CARGOS DE GESTION<\/p>\n<p>.-SUBDIRECTOR \u00c1REA QUIR\u00daRGICA del H.C.U. (1994-1998).<\/p>\n<p> .- GERENTE  HOSPITAL ROYO VILLANOVA DE ZARAGOZA.  (1999- 2002).<\/p>\n<p>.- GERENTE  HOSPITAL CL\u00cdNICO UNIVERSITARIO\u201d DE ZARAGOZA (2002 a 2007).<\/p>\n<p>.- GERENTE del Consorcio Aragon\u00e9s Sanitario Alta Resoluci\u00f3n (2007-2008)<\/p>\n<p>.- CONSEJERO DE SANIDAD DEL GOBIERNO DE ARAGON (2015 \u2013 2018)<br \/>\n PUBLICACIONES<\/p>\n<p>.- Editor o Coordinador de 10 libros.  Autor de 80 Cap\u00edtulos de Libros: (71 Nacionales y 9 Internacionales).<br \/>\n\t.<br \/>\n.- Autor  119 trabajos cient\u00edficos publicados en Revista: 84 Nacionales y 17 Internacionales (de ellos 50 incluidos en Medline).<\/p>\n<p>.- Autor 158 Comunicaciones a reuniones Cient\u00edficas: 123 Nacionales y 35 Internacionales.<\/p>\n<p>.- Ponente o Moderador en 175 Reuniones Cient\u00edficas: 152 Nacionales y 23 Internacionales.<\/p>\n<p>.- BECAS DE INVESTIGACI\u00d3N: 5 (3 del Gobierno de Arag\u00f3n; 1 del F.I.S.S.; 1del HCU)<\/p>\n<p>Director de 4 Tesis Doctorales.<br \/>\nDirector de 3 Tesinas de Licenciatura.<br \/>\nMiembro de Tribunal de 25 Tesis Doctorales.<\/p>\n<p>OTROS MERITOS:<\/p>\n<p> -Vocal  Comit\u00e9 organizador 9\u00ba Congress  ESPEN. Barcelona 1987. <\/p>\n<p>-Secretario cient\u00edfico VI Congreso SENPE. Zaragoza 1989. <\/p>\n<p>&#8211; Vocal Comit\u00e9 cient\u00edfico Congreso Mundial de Ostom\u00edas. Madrid.  1992.<\/p>\n<p>-Secretario  de la SENPE 1990 -1997. <\/p>\n<p>-Miembro del Comit\u00e9  Redacci\u00f3n de la Revista NUTRICION HOSPITALARIA <\/p>\n<p>&#8211; Presidente de la SENPE 1997- 2001.<\/p>\n<p>&#8211; Comit\u00e9 de Expertos de la Revista \u201cActividad Diet\u00e9tica\u201d. <\/p>\n<p>&#8211; Vicepresidente Comit\u00e9 Organizador del  22\u00ba Congress  ESPEN Madrid 2000.<\/p>\n<p>.-Vocal de la Comisi\u00f3n Nacional  Prestaciones Diet\u00e9ticas del C. I. del S.N:S Octubre 1998 &#8211; 2011.<\/p>\n<p>-Acad\u00e9mico \u201cCorrespondiente\u201d de la Real  Academia de Medicina de Zaragoza. 2006.<br \/>\n<\/div><\/div><\/div><div class=\"dfd-spacer-module\"  data-units=\"px\" data-wide_resolution=\"1280\" data-wide_size=\"80\" data-normal_resolution=\"1024\" data-normal_size=\"60\" data-tablet_resolution=\"800\" data-tablet_size=\"40\" data-mobile_resolution=\"480\" data-mobile_size=\"40\" style=\"height: 80px;\"><\/div>[\/vc_column][\/vc_row]<\/p>\n","protected":false},"excerpt":{"rendered":"<p>[vc_row dfd_row_responsive_enable=\u00bbdfd-row-responsive-enable\u00bb responsive_styles=\u00bbpadding_left_mobile:20|padding_right_mobile:20&#8243;][vc_column][\/vc_column][\/vc_row]<\/p>\n","protected":false},"author":4,"featured_media":0,"parent":16188,"menu_order":0,"comment_status":"closed","ping_status":"closed","template":"","meta":{"_acf_changed":false,"_monsterinsights_skip_tracking":false,"_monsterinsights_sitenote_active":false,"_monsterinsights_sitenote_note":"","_monsterinsights_sitenote_category":0,"footnotes":""},"class_list":["post-22615","page","type-page","status-publish","hentry"],"acf":[],"yoast_head":"<!-- This site is optimized with the Yoast SEO plugin v26.7 - https:\/\/yoast.com\/wordpress\/plugins\/seo\/ -->\n<title>Sebasti\u00e1n Celaya P\u00e9rez - Academia Espa\u00f1ola de Nutrici\u00f3n y Diet\u00e9tica<\/title>\n<meta name=\"robots\" content=\"index, follow, max-snippet:-1, max-image-preview:large, max-video-preview:-1\" \/>\n<link rel=\"canonical\" href=\"https:\/\/www.academianutricionydietetica.org\/pro\/la-academia\/organos-de-gobierno\/sebastian-celaya-perez\/\" \/>\n<meta property=\"og:locale\" content=\"es_ES\" \/>\n<meta property=\"og:type\" content=\"article\" \/>\n<meta property=\"og:title\" content=\"Sebasti\u00e1n Celaya P\u00e9rez - Academia Espa\u00f1ola de Nutrici\u00f3n y Diet\u00e9tica\" \/>\n<meta property=\"og:description\" content=\"[vc_row dfd_row_responsive_enable=\u00bbdfd-row-responsive-enable\u00bb responsive_styles=\u00bbpadding_left_mobile:20|padding_right_mobile:20&#8243;][vc_column][\/vc_column][\/vc_row]\" \/>\n<meta property=\"og:url\" content=\"https:\/\/www.academianutricionydietetica.org\/pro\/la-academia\/organos-de-gobierno\/sebastian-celaya-perez\/\" \/>\n<meta property=\"og:site_name\" content=\"Academia Espa\u00f1ola de Nutrici\u00f3n y Diet\u00e9tica\" \/>\n<meta name=\"twitter:card\" content=\"summary_large_image\" \/>\n<meta name=\"twitter:label1\" content=\"Tiempo de lectura\" \/>\n\t<meta name=\"twitter:data1\" content=\"2 minutos\" \/>\n<script type=\"application\/ld+json\" class=\"yoast-schema-graph\">{\"@context\":\"https:\/\/schema.org\",\"@graph\":[{\"@type\":\"WebPage\",\"@id\":\"https:\/\/www.academianutricionydietetica.org\/pro\/la-academia\/organos-de-gobierno\/sebastian-celaya-perez\/\",\"url\":\"https:\/\/www.academianutricionydietetica.org\/pro\/la-academia\/organos-de-gobierno\/sebastian-celaya-perez\/\",\"name\":\"Sebasti\u00e1n Celaya P\u00e9rez - Academia Espa\u00f1ola de Nutrici\u00f3n y Diet\u00e9tica\",\"isPartOf\":{\"@id\":\"https:\/\/www.academianutricionydietetica.org\/pro\/#website\"},\"datePublished\":\"2024-04-01T07:50:01+00:00\",\"breadcrumb\":{\"@id\":\"https:\/\/www.academianutricionydietetica.org\/pro\/la-academia\/organos-de-gobierno\/sebastian-celaya-perez\/#breadcrumb\"},\"inLanguage\":\"es\",\"potentialAction\":[{\"@type\":\"ReadAction\",\"target\":[\"https:\/\/www.academianutricionydietetica.org\/pro\/la-academia\/organos-de-gobierno\/sebastian-celaya-perez\/\"]}]},{\"@type\":\"BreadcrumbList\",\"@id\":\"https:\/\/www.academianutricionydietetica.org\/pro\/la-academia\/organos-de-gobierno\/sebastian-celaya-perez\/#breadcrumb\",\"itemListElement\":[{\"@type\":\"ListItem\",\"position\":1,\"name\":\"Inicio\",\"item\":\"https:\/\/www.academianutricionydietetica.org\/pro\/\"},{\"@type\":\"ListItem\",\"position\":2,\"name\":\"La academia\",\"item\":\"https:\/\/www.academianutricionydietetica.org\/pro\/la-academia\/\"},{\"@type\":\"ListItem\",\"position\":3,\"name\":\"\u00d3rganos de Gobierno\",\"item\":\"https:\/\/www.academianutricionydietetica.org\/pro\/la-academia\/organos-de-gobierno\/\"},{\"@type\":\"ListItem\",\"position\":4,\"name\":\"Sebasti\u00e1n Celaya P\u00e9rez\"}]},{\"@type\":\"WebSite\",\"@id\":\"https:\/\/www.academianutricionydietetica.org\/pro\/#website\",\"url\":\"https:\/\/www.academianutricionydietetica.org\/pro\/\",\"name\":\"Academia Espa\u00f1ola de Nutrici\u00f3n y Diet\u00e9tica\",\"description\":\"Formaci\u00f3n, noticias, jornadas y eventos\",\"potentialAction\":[{\"@type\":\"SearchAction\",\"target\":{\"@type\":\"EntryPoint\",\"urlTemplate\":\"https:\/\/www.academianutricionydietetica.org\/pro\/?s={search_term_string}\"},\"query-input\":{\"@type\":\"PropertyValueSpecification\",\"valueRequired\":true,\"valueName\":\"search_term_string\"}}],\"inLanguage\":\"es\"}]}<\/script>\n<!-- \/ Yoast SEO plugin. -->","yoast_head_json":{"title":"Sebasti\u00e1n Celaya P\u00e9rez - Academia Espa\u00f1ola de Nutrici\u00f3n y Diet\u00e9tica","robots":{"index":"index","follow":"follow","max-snippet":"max-snippet:-1","max-image-preview":"max-image-preview:large","max-video-preview":"max-video-preview:-1"},"canonical":"https:\/\/www.academianutricionydietetica.org\/pro\/la-academia\/organos-de-gobierno\/sebastian-celaya-perez\/","og_locale":"es_ES","og_type":"article","og_title":"Sebasti\u00e1n Celaya P\u00e9rez - Academia Espa\u00f1ola de Nutrici\u00f3n y Diet\u00e9tica","og_description":"[vc_row dfd_row_responsive_enable=\u00bbdfd-row-responsive-enable\u00bb responsive_styles=\u00bbpadding_left_mobile:20|padding_right_mobile:20&#8243;][vc_column][\/vc_column][\/vc_row]","og_url":"https:\/\/www.academianutricionydietetica.org\/pro\/la-academia\/organos-de-gobierno\/sebastian-celaya-perez\/","og_site_name":"Academia Espa\u00f1ola de Nutrici\u00f3n y Diet\u00e9tica","twitter_card":"summary_large_image","twitter_misc":{"Tiempo de lectura":"2 minutos"},"schema":{"@context":"https:\/\/schema.org","@graph":[{"@type":"WebPage","@id":"https:\/\/www.academianutricionydietetica.org\/pro\/la-academia\/organos-de-gobierno\/sebastian-celaya-perez\/","url":"https:\/\/www.academianutricionydietetica.org\/pro\/la-academia\/organos-de-gobierno\/sebastian-celaya-perez\/","name":"Sebasti\u00e1n Celaya P\u00e9rez - Academia Espa\u00f1ola de Nutrici\u00f3n y Diet\u00e9tica","isPartOf":{"@id":"https:\/\/www.academianutricionydietetica.org\/pro\/#website"},"datePublished":"2024-04-01T07:50:01+00:00","breadcrumb":{"@id":"https:\/\/www.academianutricionydietetica.org\/pro\/la-academia\/organos-de-gobierno\/sebastian-celaya-perez\/#breadcrumb"},"inLanguage":"es","potentialAction":[{"@type":"ReadAction","target":["https:\/\/www.academianutricionydietetica.org\/pro\/la-academia\/organos-de-gobierno\/sebastian-celaya-perez\/"]}]},{"@type":"BreadcrumbList","@id":"https:\/\/www.academianutricionydietetica.org\/pro\/la-academia\/organos-de-gobierno\/sebastian-celaya-perez\/#breadcrumb","itemListElement":[{"@type":"ListItem","position":1,"name":"Inicio","item":"https:\/\/www.academianutricionydietetica.org\/pro\/"},{"@type":"ListItem","position":2,"name":"La academia","item":"https:\/\/www.academianutricionydietetica.org\/pro\/la-academia\/"},{"@type":"ListItem","position":3,"name":"\u00d3rganos de Gobierno","item":"https:\/\/www.academianutricionydietetica.org\/pro\/la-academia\/organos-de-gobierno\/"},{"@type":"ListItem","position":4,"name":"Sebasti\u00e1n Celaya P\u00e9rez"}]},{"@type":"WebSite","@id":"https:\/\/www.academianutricionydietetica.org\/pro\/#website","url":"https:\/\/www.academianutricionydietetica.org\/pro\/","name":"Academia Espa\u00f1ola de Nutrici\u00f3n y Diet\u00e9tica","description":"Formaci\u00f3n, noticias, jornadas y eventos","potentialAction":[{"@type":"SearchAction","target":{"@type":"EntryPoint","urlTemplate":"https:\/\/www.academianutricionydietetica.org\/pro\/?s={search_term_string}"},"query-input":{"@type":"PropertyValueSpecification","valueRequired":true,"valueName":"search_term_string"}}],"inLanguage":"es"}]}},"_links":{"self":[{"href":"https:\/\/www.academianutricionydietetica.org\/pro\/wp-json\/wp\/v2\/pages\/22615","targetHints":{"allow":["GET"]}}],"collection":[{"href":"https:\/\/www.academianutricionydietetica.org\/pro\/wp-json\/wp\/v2\/pages"}],"about":[{"href":"https:\/\/www.academianutricionydietetica.org\/pro\/wp-json\/wp\/v2\/types\/page"}],"author":[{"embeddable":true,"href":"https:\/\/www.academianutricionydietetica.org\/pro\/wp-json\/wp\/v2\/users\/4"}],"replies":[{"embeddable":true,"href":"https:\/\/www.academianutricionydietetica.org\/pro\/wp-json\/wp\/v2\/comments?post=22615"}],"version-history":[{"count":1,"href":"https:\/\/www.academianutricionydietetica.org\/pro\/wp-json\/wp\/v2\/pages\/22615\/revisions"}],"predecessor-version":[{"id":22617,"href":"https:\/\/www.academianutricionydietetica.org\/pro\/wp-json\/wp\/v2\/pages\/22615\/revisions\/22617"}],"up":[{"embeddable":true,"href":"https:\/\/www.academianutricionydietetica.org\/pro\/wp-json\/wp\/v2\/pages\/16188"}],"wp:attachment":[{"href":"https:\/\/www.academianutricionydietetica.org\/pro\/wp-json\/wp\/v2\/media?parent=22615"}],"curies":[{"name":"wp","href":"https:\/\/api.w.org\/{rel}","templated":true}]}}

Sebastián Celaya Pérez

<p>[vc_row dfd_row_responsive_enable=»dfd-row-responsive-enable» responsive_styles=»padding_left_mobile:20|padding_right_mobile:20&#8243;][vc_column]<div class="dfd-spacer-module"  data-units="px" data-wide_resolution="1280" data-wide_size="80" data-normal_resolution="1024" data-normal_size="60" data-tablet_resolution="800" data-tablet_size="40" data-mobile_resolution="480" data-mobile_size="40" style="height: 80px;"></div><div class="dfd-info-banner style-05 responsive-team-members text-center" ><div class="image-cover "><img loading="lazy" decoding="async" src="https://www.academianutricionydietetica.org/pro/uploads/2024/04/Sebastian-Celaya-150x150.jpg" alt="Image"  width="150" height="150" class="info-banner-image " /></div><div class="content-wrap"><h2 class="info-box-title " style="font-size: 22px; line-height: 26.4px; letter-spacing: 1px; ">Sebastián Celaya Pérez</h2><h3 class="info-box-subtitle widget-sub-title " style="">Miembros de honor y eméritos</h3><div class="wrap-delimiter"><div class="delimiter" ></div></div><div class="description" style="">Nacido en Huesca 1953.<br />
Licenciatura en Medicina y Cirugía, Universidad de Zaragoza (1970 1976<br />
Doctor en Medicina: Noviembre 1983. Sobresaliente «Cum Laude».  PREMIO EXTRAORDINARIO DE DOCTORADO.<br />
 Médico Especialista en Anestesiología y Reanimación (1980) y Medicina Intensiva (1984). </p>
<p>ACTIVIDAD DOCENTE</p>
<p> -Profesor Asociado Médico Departamento de Cirugía.(1977-2000) y Medicina Interna (2012-2015).</p>
<p>.- DIRECTOR DE 13 CURSOS DE DOCTORADO. Departamento de Cirugía.<br />
.- Profesor en 68 Cursos de Doctorado.</p>
<p>LABOR ASISTENCIAL EN HOSPITAL CLINICO UNIVERSITARIO</p>
<p>-MÉDICO ADJUNTO U.C.I.</p>
<p>. COORDINADOR UNIDAD DE NUTRICION CLINICA Y DIETETICA  (1989- 1998). </p>
<p>JEFE DE SECCIÓN MEDICINA INTENSIVA, (2010- 2015).</p>
<p>Presidente de la Comisión de Nutrición (2012-2015).</p>
<p>CARGOS DE GESTION</p>
<p>.-SUBDIRECTOR ÁREA QUIRÚRGICA del H.C.U. (1994-1998).</p>
<p> .- GERENTE  HOSPITAL ROYO VILLANOVA DE ZARAGOZA.  (1999- 2002).</p>
<p>.- GERENTE  HOSPITAL CLÍNICO UNIVERSITARIO” DE ZARAGOZA (2002 a 2007).</p>
<p>.- GERENTE del Consorcio Aragonés Sanitario Alta Resolución (2007-2008)</p>
<p>.- CONSEJERO DE SANIDAD DEL GOBIERNO DE ARAGON (2015 – 2018)<br />
 PUBLICACIONES</p>
<p>.- Editor o Coordinador de 10 libros.  Autor de 80 Capítulos de Libros: (71 Nacionales y 9 Internacionales).<br />
	.<br />
.- Autor  119 trabajos científicos publicados en Revista: 84 Nacionales y 17 Internacionales (de ellos 50 incluidos en Medline).</p>
<p>.- Autor 158 Comunicaciones a reuniones Científicas: 123 Nacionales y 35 Internacionales.</p>
<p>.- Ponente o Moderador en 175 Reuniones Científicas: 152 Nacionales y 23 Internacionales.</p>
<p>.- BECAS DE INVESTIGACIÓN: 5 (3 del Gobierno de Aragón; 1 del F.I.S.S.; 1del HCU)</p>
<p>Director de 4 Tesis Doctorales.<br />
Director de 3 Tesinas de Licenciatura.<br />
Miembro de Tribunal de 25 Tesis Doctorales.</p>
<p>OTROS MERITOS:</p>
<p> -Vocal  Comité organizador 9º Congress  ESPEN. Barcelona 1987. </p>
<p>-Secretario científico VI Congreso SENPE. Zaragoza 1989. </p>
<p>&#8211; Vocal Comité científico Congreso Mundial de Ostomías. Madrid.  1992.</p>
<p>-Secretario  de la SENPE 1990 -1997. </p>
<p>-Miembro del Comité  Redacción de la Revista NUTRICION HOSPITALARIA </p>
<p>&#8211; Presidente de la SENPE 1997- 2001.</p>
<p>&#8211; Comité de Expertos de la Revista “Actividad Dietética”. </p>
<p>&#8211; Vicepresidente Comité Organizador del  22º Congress  ESPEN Madrid 2000.</p>
<p>.-Vocal de la Comisión Nacional  Prestaciones Dietéticas del C. I. del S.N:S Octubre 1998 &#8211; 2011.</p>
<p>-Académico “Correspondiente” de la Real  Academia de Medicina de Zaragoza. 2006.<br />
</div></div></div><div class="dfd-spacer-module"  data-units="px" data-wide_resolution="1280" data-wide_size="80" data-normal_resolution="1024" data-normal_size="60" data-tablet_resolution="800" data-tablet_size="40" data-mobile_resolution="480" data-mobile_size="40" style="height: 80px;"></div>[/vc_column][/vc_row]</p>

<!-- This site is optimized with the Yoast SEO plugin v26.7 - https://yoast.com/wordpress/plugins/seo/ -->
<title>Sebastián Celaya Pérez - Academia Española de Nutrición y Dietética</title>
<meta name="robots" content="index, follow, max-snippet:-1, max-image-preview:large, max-video-preview:-1" />
<link rel="canonical" href="https://www.academianutricionydietetica.org/pro/la-academia/organos-de-gobierno/sebastian-celaya-perez/" />
<meta property="og:locale" content="es_ES" />
<meta property="og:type" content="article" />
<meta property="og:title" content="Sebastián Celaya Pérez - Academia Española de Nutrición y Dietética" />
<meta property="og:description" content="[vc_row dfd_row_responsive_enable=»dfd-row-responsive-enable» responsive_styles=»padding_left_mobile:20|padding_right_mobile:20&#8243;][vc_column][/vc_column][/vc_row]" />
<meta property="og:url" content="https://www.academianutricionydietetica.org/pro/la-academia/organos-de-gobierno/sebastian-celaya-perez/" />
<meta property="og:site_name" content="Academia Española de Nutrición y Dietética" />
<meta name="twitter:card" content="summary_large_image" />
<meta name="twitter:label1" content="Tiempo de lectura" />
	<meta name="twitter:data1" content="2 minutos" />
<script type="application/ld+json" class="yoast-schema-graph">{"@context":"https://schema.org","@graph":[{"@type":"WebPage","@id":"https://www.academianutricionydietetica.org/pro/la-academia/organos-de-gobierno/sebastian-celaya-perez/","url":"https://www.academianutricionydietetica.org/pro/la-academia/organos-de-gobierno/sebastian-celaya-perez/","name":"Sebastián Celaya Pérez - Academia Española de Nutrición y Dietética","isPartOf":{"@id":"https://www.academianutricionydietetica.org/pro/#website"},"datePublished":"2024-04-01T07:50:01+00:00","breadcrumb":{"@id":"https://www.academianutricionydietetica.org/pro/la-academia/organos-de-gobierno/sebastian-celaya-perez/#breadcrumb"},"inLanguage":"es","potentialAction":[{"@type":"ReadAction","target":["https://www.academianutricionydietetica.org/pro/la-academia/organos-de-gobierno/sebastian-celaya-perez/"]}]},{"@type":"BreadcrumbList","@id":"https://www.academianutricionydietetica.org/pro/la-academia/organos-de-gobierno/sebastian-celaya-perez/#breadcrumb","itemListElement":[{"@type":"ListItem","position":1,"name":"Inicio","item":"https://www.academianutricionydietetica.org/pro/"},{"@type":"ListItem","position":2,"name":"La academia","item":"https://www.academianutricionydietetica.org/pro/la-academia/"},{"@type":"ListItem","position":3,"name":"Órganos de Gobierno","item":"https://www.academianutricionydietetica.org/pro/la-academia/organos-de-gobierno/"},{"@type":"ListItem","position":4,"name":"Sebastián Celaya Pérez"}]},{"@type":"WebSite","@id":"https://www.academianutricionydietetica.org/pro/#website","url":"https://www.academianutricionydietetica.org/pro/","name":"Academia Española de Nutrición y Dietética","description":"Formación, noticias, jornadas y eventos","potentialAction":[{"@type":"SearchAction","target":{"@type":"EntryPoint","urlTemplate":"https://www.academianutricionydietetica.org/pro/?s={search_term_string}"},"query-input":{"@type":"PropertyValueSpecification","valueRequired":true,"valueName":"search_term_string"}}],"inLanguage":"es"}]}</script>
<!-- / Yoast SEO plugin. -->

Sebastián Celaya Pérez - Academia Española de Nutrición y Dietética

Academia Española de Nutrición y Dietética

Órganos de Gobierno

Formación, noticias, jornadas y eventos
