{"id":22638,"date":"2024-04-02T09:43:08","date_gmt":"2024-04-02T09:43:08","guid":{"rendered":"https:\/\/www.academianutricionydietetica.org\/pro\/?page_id=22638"},"modified":"2024-04-02T09:47:21","modified_gmt":"2024-04-02T09:47:21","slug":"laura-alvarez-vidal","status":"publish","type":"page","link":"https:\/\/www.academianutricionydietetica.org\/pro\/la-academia\/organos-de-gobierno\/laura-alvarez-vidal\/","title":{"rendered":"Laura \u00c1lvarez Vidal"},"content":{"rendered":"<p>[vc_row dfd_row_responsive_enable=\u00bbdfd-row-responsive-enable\u00bb responsive_styles=\u00bbpadding_left_mobile:20|padding_right_mobile:20&#8243;][vc_column]<div class=\"dfd-spacer-module\"  data-units=\"px\" data-wide_resolution=\"1280\" data-wide_size=\"80\" data-normal_resolution=\"1024\" data-normal_size=\"60\" data-tablet_resolution=\"800\" data-tablet_size=\"40\" data-mobile_resolution=\"480\" data-mobile_size=\"40\" style=\"height: 80px;\"><\/div><div class=\"dfd-info-banner style-05 responsive-team-members text-center\" ><div class=\"image-cover \"><img loading=\"lazy\" decoding=\"async\" src=\"https:\/\/www.academianutricionydietetica.org\/pro\/uploads\/2024\/03\/LAURA-ALVAREZ-150x150.png\" alt=\"Image\"  width=\"150\" height=\"150\" class=\"info-banner-image \" \/><\/div><div class=\"content-wrap\"><h2 class=\"info-box-title \" style=\"font-size: 22px; line-height: 26.4px; letter-spacing: 1px; \">Laura \u00c1lvarez Vidal<\/h2><h3 class=\"info-box-subtitle widget-sub-title \" style=\"\">Miembros de honor y em\u00e9ritos<\/h3><div class=\"wrap-delimiter\"><div class=\"delimiter\" ><\/div><\/div><div class=\"description\" style=\"\">Laura \u00c1lvarez Vidal se diplom\u00f3 en Nutrici\u00f3n Humana y Diet\u00e9tica por el CESNID, UB en 2001. Desde entonces, ha trabajado en diversos ambos de la Nutrici\u00f3n, desde Hospitales \/ Restauraci\u00f3n Colectiva\/ Investigaci\u00f3n en el CESNID y colaboraciones en varios reconocidos medios de comunicaci\u00f3n.<br \/>\nDespu\u00e9s de cursar un Postgrado de Seguridad Alimentaria en la Universidad Aut\u00f3noma de Barcelona y otras formaciones, sigui\u00f3 focalizando su carrera en restauraci\u00f3n colectiva y sistemas de calidad HACCP,  en Catering Aereo y aprobacion de proveedores.  Desde 2002 hasta 2010 formo parte de la Junta De la AEDN, contribuyendo como vocal en el avance de la profesi\u00f3n a m\u00faltiples niveles. Desde 2010, reside en Estados Unidos y actualmente es Directora de Calidad y Sistemas de Seguridad Alimentaria de Gate Group ( catering a\u00e9reo). Paralelamente, Laura \u00c1lvarez forma parte de diversos Comit\u00e9s cient\u00edficos como IFSA y ACA donde re revisan est\u00e1ndares de seguridad alimentaria a nivel global, certificaciones y otros relacionados con recomendaciones nutricionales en este sector.<\/div><\/div><\/div><div class=\"dfd-spacer-module\"  data-units=\"px\" data-wide_resolution=\"1280\" data-wide_size=\"80\" data-normal_resolution=\"1024\" data-normal_size=\"60\" data-tablet_resolution=\"800\" data-tablet_size=\"40\" data-mobile_resolution=\"480\" data-mobile_size=\"40\" style=\"height: 80px;\"><\/div>[\/vc_column][\/vc_row]<\/p>\n","protected":false},"excerpt":{"rendered":"<p>[vc_row dfd_row_responsive_enable=\u00bbdfd-row-responsive-enable\u00bb responsive_styles=\u00bbpadding_left_mobile:20|padding_right_mobile:20&#8243;][vc_column][\/vc_column][\/vc_row]<\/p>\n","protected":false},"author":4,"featured_media":0,"parent":16188,"menu_order":0,"comment_status":"closed","ping_status":"closed","template":"page-custom-with-header.php","meta":{"_acf_changed":false,"_monsterinsights_skip_tracking":false,"_monsterinsights_sitenote_active":false,"_monsterinsights_sitenote_note":"","_monsterinsights_sitenote_category":0,"footnotes":""},"class_list":["post-22638","page","type-page","status-publish","hentry"],"acf":[],"yoast_head":"<!-- This site is optimized with the Yoast SEO plugin v26.7 - https:\/\/yoast.com\/wordpress\/plugins\/seo\/ -->\n<title>Laura \u00c1lvarez Vidal - Academia Espa\u00f1ola de Nutrici\u00f3n y Diet\u00e9tica<\/title>\n<meta name=\"robots\" content=\"index, follow, max-snippet:-1, max-image-preview:large, max-video-preview:-1\" \/>\n<link rel=\"canonical\" href=\"https:\/\/www.academianutricionydietetica.org\/pro\/la-academia\/organos-de-gobierno\/laura-alvarez-vidal\/\" \/>\n<meta property=\"og:locale\" content=\"es_ES\" \/>\n<meta property=\"og:type\" content=\"article\" \/>\n<meta property=\"og:title\" content=\"Laura \u00c1lvarez Vidal - Academia Espa\u00f1ola de Nutrici\u00f3n y Diet\u00e9tica\" \/>\n<meta property=\"og:description\" content=\"[vc_row dfd_row_responsive_enable=\u00bbdfd-row-responsive-enable\u00bb responsive_styles=\u00bbpadding_left_mobile:20|padding_right_mobile:20&#8243;][vc_column][\/vc_column][\/vc_row]\" \/>\n<meta property=\"og:url\" content=\"https:\/\/www.academianutricionydietetica.org\/pro\/la-academia\/organos-de-gobierno\/laura-alvarez-vidal\/\" \/>\n<meta property=\"og:site_name\" content=\"Academia Espa\u00f1ola de Nutrici\u00f3n y Diet\u00e9tica\" \/>\n<meta property=\"article:modified_time\" content=\"2024-04-02T09:47:21+00:00\" \/>\n<meta name=\"twitter:card\" content=\"summary_large_image\" \/>\n<meta name=\"twitter:label1\" content=\"Tiempo de lectura\" \/>\n\t<meta name=\"twitter:data1\" content=\"1 minuto\" \/>\n<script type=\"application\/ld+json\" class=\"yoast-schema-graph\">{\"@context\":\"https:\/\/schema.org\",\"@graph\":[{\"@type\":\"WebPage\",\"@id\":\"https:\/\/www.academianutricionydietetica.org\/pro\/la-academia\/organos-de-gobierno\/laura-alvarez-vidal\/\",\"url\":\"https:\/\/www.academianutricionydietetica.org\/pro\/la-academia\/organos-de-gobierno\/laura-alvarez-vidal\/\",\"name\":\"Laura \u00c1lvarez Vidal - Academia Espa\u00f1ola de Nutrici\u00f3n y Diet\u00e9tica\",\"isPartOf\":{\"@id\":\"https:\/\/www.academianutricionydietetica.org\/pro\/#website\"},\"datePublished\":\"2024-04-02T09:43:08+00:00\",\"dateModified\":\"2024-04-02T09:47:21+00:00\",\"breadcrumb\":{\"@id\":\"https:\/\/www.academianutricionydietetica.org\/pro\/la-academia\/organos-de-gobierno\/laura-alvarez-vidal\/#breadcrumb\"},\"inLanguage\":\"es\",\"potentialAction\":[{\"@type\":\"ReadAction\",\"target\":[\"https:\/\/www.academianutricionydietetica.org\/pro\/la-academia\/organos-de-gobierno\/laura-alvarez-vidal\/\"]}]},{\"@type\":\"BreadcrumbList\",\"@id\":\"https:\/\/www.academianutricionydietetica.org\/pro\/la-academia\/organos-de-gobierno\/laura-alvarez-vidal\/#breadcrumb\",\"itemListElement\":[{\"@type\":\"ListItem\",\"position\":1,\"name\":\"Inicio\",\"item\":\"https:\/\/www.academianutricionydietetica.org\/pro\/\"},{\"@type\":\"ListItem\",\"position\":2,\"name\":\"La academia\",\"item\":\"https:\/\/www.academianutricionydietetica.org\/pro\/la-academia\/\"},{\"@type\":\"ListItem\",\"position\":3,\"name\":\"\u00d3rganos de Gobierno\",\"item\":\"https:\/\/www.academianutricionydietetica.org\/pro\/la-academia\/organos-de-gobierno\/\"},{\"@type\":\"ListItem\",\"position\":4,\"name\":\"Laura \u00c1lvarez Vidal\"}]},{\"@type\":\"WebSite\",\"@id\":\"https:\/\/www.academianutricionydietetica.org\/pro\/#website\",\"url\":\"https:\/\/www.academianutricionydietetica.org\/pro\/\",\"name\":\"Academia Espa\u00f1ola de Nutrici\u00f3n y Diet\u00e9tica\",\"description\":\"Formaci\u00f3n, noticias, jornadas y eventos\",\"potentialAction\":[{\"@type\":\"SearchAction\",\"target\":{\"@type\":\"EntryPoint\",\"urlTemplate\":\"https:\/\/www.academianutricionydietetica.org\/pro\/?s={search_term_string}\"},\"query-input\":{\"@type\":\"PropertyValueSpecification\",\"valueRequired\":true,\"valueName\":\"search_term_string\"}}],\"inLanguage\":\"es\"}]}<\/script>\n<!-- \/ Yoast SEO plugin. -->","yoast_head_json":{"title":"Laura \u00c1lvarez Vidal - Academia Espa\u00f1ola de Nutrici\u00f3n y Diet\u00e9tica","robots":{"index":"index","follow":"follow","max-snippet":"max-snippet:-1","max-image-preview":"max-image-preview:large","max-video-preview":"max-video-preview:-1"},"canonical":"https:\/\/www.academianutricionydietetica.org\/pro\/la-academia\/organos-de-gobierno\/laura-alvarez-vidal\/","og_locale":"es_ES","og_type":"article","og_title":"Laura \u00c1lvarez Vidal - Academia Espa\u00f1ola de Nutrici\u00f3n y Diet\u00e9tica","og_description":"[vc_row dfd_row_responsive_enable=\u00bbdfd-row-responsive-enable\u00bb responsive_styles=\u00bbpadding_left_mobile:20|padding_right_mobile:20&#8243;][vc_column][\/vc_column][\/vc_row]","og_url":"https:\/\/www.academianutricionydietetica.org\/pro\/la-academia\/organos-de-gobierno\/laura-alvarez-vidal\/","og_site_name":"Academia Espa\u00f1ola de Nutrici\u00f3n y Diet\u00e9tica","article_modified_time":"2024-04-02T09:47:21+00:00","twitter_card":"summary_large_image","twitter_misc":{"Tiempo de lectura":"1 minuto"},"schema":{"@context":"https:\/\/schema.org","@graph":[{"@type":"WebPage","@id":"https:\/\/www.academianutricionydietetica.org\/pro\/la-academia\/organos-de-gobierno\/laura-alvarez-vidal\/","url":"https:\/\/www.academianutricionydietetica.org\/pro\/la-academia\/organos-de-gobierno\/laura-alvarez-vidal\/","name":"Laura \u00c1lvarez Vidal - Academia Espa\u00f1ola de Nutrici\u00f3n y Diet\u00e9tica","isPartOf":{"@id":"https:\/\/www.academianutricionydietetica.org\/pro\/#website"},"datePublished":"2024-04-02T09:43:08+00:00","dateModified":"2024-04-02T09:47:21+00:00","breadcrumb":{"@id":"https:\/\/www.academianutricionydietetica.org\/pro\/la-academia\/organos-de-gobierno\/laura-alvarez-vidal\/#breadcrumb"},"inLanguage":"es","potentialAction":[{"@type":"ReadAction","target":["https:\/\/www.academianutricionydietetica.org\/pro\/la-academia\/organos-de-gobierno\/laura-alvarez-vidal\/"]}]},{"@type":"BreadcrumbList","@id":"https:\/\/www.academianutricionydietetica.org\/pro\/la-academia\/organos-de-gobierno\/laura-alvarez-vidal\/#breadcrumb","itemListElement":[{"@type":"ListItem","position":1,"name":"Inicio","item":"https:\/\/www.academianutricionydietetica.org\/pro\/"},{"@type":"ListItem","position":2,"name":"La academia","item":"https:\/\/www.academianutricionydietetica.org\/pro\/la-academia\/"},{"@type":"ListItem","position":3,"name":"\u00d3rganos de Gobierno","item":"https:\/\/www.academianutricionydietetica.org\/pro\/la-academia\/organos-de-gobierno\/"},{"@type":"ListItem","position":4,"name":"Laura \u00c1lvarez Vidal"}]},{"@type":"WebSite","@id":"https:\/\/www.academianutricionydietetica.org\/pro\/#website","url":"https:\/\/www.academianutricionydietetica.org\/pro\/","name":"Academia Espa\u00f1ola de Nutrici\u00f3n y Diet\u00e9tica","description":"Formaci\u00f3n, noticias, jornadas y eventos","potentialAction":[{"@type":"SearchAction","target":{"@type":"EntryPoint","urlTemplate":"https:\/\/www.academianutricionydietetica.org\/pro\/?s={search_term_string}"},"query-input":{"@type":"PropertyValueSpecification","valueRequired":true,"valueName":"search_term_string"}}],"inLanguage":"es"}]}},"_links":{"self":[{"href":"https:\/\/www.academianutricionydietetica.org\/pro\/wp-json\/wp\/v2\/pages\/22638","targetHints":{"allow":["GET"]}}],"collection":[{"href":"https:\/\/www.academianutricionydietetica.org\/pro\/wp-json\/wp\/v2\/pages"}],"about":[{"href":"https:\/\/www.academianutricionydietetica.org\/pro\/wp-json\/wp\/v2\/types\/page"}],"author":[{"embeddable":true,"href":"https:\/\/www.academianutricionydietetica.org\/pro\/wp-json\/wp\/v2\/users\/4"}],"replies":[{"embeddable":true,"href":"https:\/\/www.academianutricionydietetica.org\/pro\/wp-json\/wp\/v2\/comments?post=22638"}],"version-history":[{"count":1,"href":"https:\/\/www.academianutricionydietetica.org\/pro\/wp-json\/wp\/v2\/pages\/22638\/revisions"}],"predecessor-version":[{"id":22639,"href":"https:\/\/www.academianutricionydietetica.org\/pro\/wp-json\/wp\/v2\/pages\/22638\/revisions\/22639"}],"up":[{"embeddable":true,"href":"https:\/\/www.academianutricionydietetica.org\/pro\/wp-json\/wp\/v2\/pages\/16188"}],"wp:attachment":[{"href":"https:\/\/www.academianutricionydietetica.org\/pro\/wp-json\/wp\/v2\/media?parent=22638"}],"curies":[{"name":"wp","href":"https:\/\/api.w.org\/{rel}","templated":true}]}}

Laura Álvarez Vidal

<p>[vc_row dfd_row_responsive_enable=»dfd-row-responsive-enable» responsive_styles=»padding_left_mobile:20|padding_right_mobile:20&#8243;][vc_column]<div class="dfd-spacer-module"  data-units="px" data-wide_resolution="1280" data-wide_size="80" data-normal_resolution="1024" data-normal_size="60" data-tablet_resolution="800" data-tablet_size="40" data-mobile_resolution="480" data-mobile_size="40" style="height: 80px;"></div><div class="dfd-info-banner style-05 responsive-team-members text-center" ><div class="image-cover "><img loading="lazy" decoding="async" src="https://www.academianutricionydietetica.org/pro/uploads/2024/03/LAURA-ALVAREZ-150x150.png" alt="Image"  width="150" height="150" class="info-banner-image " /></div><div class="content-wrap"><h2 class="info-box-title " style="font-size: 22px; line-height: 26.4px; letter-spacing: 1px; ">Laura Álvarez Vidal</h2><h3 class="info-box-subtitle widget-sub-title " style="">Miembros de honor y eméritos</h3><div class="wrap-delimiter"><div class="delimiter" ></div></div><div class="description" style="">Laura Álvarez Vidal se diplomó en Nutrición Humana y Dietética por el CESNID, UB en 2001. Desde entonces, ha trabajado en diversos ambos de la Nutrición, desde Hospitales / Restauración Colectiva/ Investigación en el CESNID y colaboraciones en varios reconocidos medios de comunicación.<br />
Después de cursar un Postgrado de Seguridad Alimentaria en la Universidad Autónoma de Barcelona y otras formaciones, siguió focalizando su carrera en restauración colectiva y sistemas de calidad HACCP,  en Catering Aereo y aprobacion de proveedores.  Desde 2002 hasta 2010 formo parte de la Junta De la AEDN, contribuyendo como vocal en el avance de la profesión a múltiples niveles. Desde 2010, reside en Estados Unidos y actualmente es Directora de Calidad y Sistemas de Seguridad Alimentaria de Gate Group ( catering aéreo). Paralelamente, Laura Álvarez forma parte de diversos Comités científicos como IFSA y ACA donde re revisan estándares de seguridad alimentaria a nivel global, certificaciones y otros relacionados con recomendaciones nutricionales en este sector.</div></div></div><div class="dfd-spacer-module"  data-units="px" data-wide_resolution="1280" data-wide_size="80" data-normal_resolution="1024" data-normal_size="60" data-tablet_resolution="800" data-tablet_size="40" data-mobile_resolution="480" data-mobile_size="40" style="height: 80px;"></div>[/vc_column][/vc_row]</p>

<!-- This site is optimized with the Yoast SEO plugin v26.7 - https://yoast.com/wordpress/plugins/seo/ -->
<title>Laura Álvarez Vidal - Academia Española de Nutrición y Dietética</title>
<meta name="robots" content="index, follow, max-snippet:-1, max-image-preview:large, max-video-preview:-1" />
<link rel="canonical" href="https://www.academianutricionydietetica.org/pro/la-academia/organos-de-gobierno/laura-alvarez-vidal/" />
<meta property="og:locale" content="es_ES" />
<meta property="og:type" content="article" />
<meta property="og:title" content="Laura Álvarez Vidal - Academia Española de Nutrición y Dietética" />
<meta property="og:description" content="[vc_row dfd_row_responsive_enable=»dfd-row-responsive-enable» responsive_styles=»padding_left_mobile:20|padding_right_mobile:20&#8243;][vc_column][/vc_column][/vc_row]" />
<meta property="og:url" content="https://www.academianutricionydietetica.org/pro/la-academia/organos-de-gobierno/laura-alvarez-vidal/" />
<meta property="og:site_name" content="Academia Española de Nutrición y Dietética" />
<meta property="article:modified_time" content="2024-04-02T09:47:21+00:00" />
<meta name="twitter:card" content="summary_large_image" />
<meta name="twitter:label1" content="Tiempo de lectura" />
	<meta name="twitter:data1" content="1 minuto" />
<script type="application/ld+json" class="yoast-schema-graph">{"@context":"https://schema.org","@graph":[{"@type":"WebPage","@id":"https://www.academianutricionydietetica.org/pro/la-academia/organos-de-gobierno/laura-alvarez-vidal/","url":"https://www.academianutricionydietetica.org/pro/la-academia/organos-de-gobierno/laura-alvarez-vidal/","name":"Laura Álvarez Vidal - Academia Española de Nutrición y Dietética","isPartOf":{"@id":"https://www.academianutricionydietetica.org/pro/#website"},"datePublished":"2024-04-02T09:43:08+00:00","dateModified":"2024-04-02T09:47:21+00:00","breadcrumb":{"@id":"https://www.academianutricionydietetica.org/pro/la-academia/organos-de-gobierno/laura-alvarez-vidal/#breadcrumb"},"inLanguage":"es","potentialAction":[{"@type":"ReadAction","target":["https://www.academianutricionydietetica.org/pro/la-academia/organos-de-gobierno/laura-alvarez-vidal/"]}]},{"@type":"BreadcrumbList","@id":"https://www.academianutricionydietetica.org/pro/la-academia/organos-de-gobierno/laura-alvarez-vidal/#breadcrumb","itemListElement":[{"@type":"ListItem","position":1,"name":"Inicio","item":"https://www.academianutricionydietetica.org/pro/"},{"@type":"ListItem","position":2,"name":"La academia","item":"https://www.academianutricionydietetica.org/pro/la-academia/"},{"@type":"ListItem","position":3,"name":"Órganos de Gobierno","item":"https://www.academianutricionydietetica.org/pro/la-academia/organos-de-gobierno/"},{"@type":"ListItem","position":4,"name":"Laura Álvarez Vidal"}]},{"@type":"WebSite","@id":"https://www.academianutricionydietetica.org/pro/#website","url":"https://www.academianutricionydietetica.org/pro/","name":"Academia Española de Nutrición y Dietética","description":"Formación, noticias, jornadas y eventos","potentialAction":[{"@type":"SearchAction","target":{"@type":"EntryPoint","urlTemplate":"https://www.academianutricionydietetica.org/pro/?s={search_term_string}"},"query-input":{"@type":"PropertyValueSpecification","valueRequired":true,"valueName":"search_term_string"}}],"inLanguage":"es"}]}</script>
<!-- / Yoast SEO plugin. -->

Laura Álvarez Vidal - Academia Española de Nutrición y Dietética

Academia Española de Nutrición y Dietética

Órganos de Gobierno

Formación, noticias, jornadas y eventos
