{"id":22956,"date":"2024-09-17T07:47:39","date_gmt":"2024-09-17T07:47:39","guid":{"rendered":"https:\/\/www.academianutricionydietetica.org\/pro\/?page_id=22956"},"modified":"2024-09-20T09:43:44","modified_gmt":"2024-09-20T09:43:44","slug":"maria-abenoza","status":"publish","type":"page","link":"https:\/\/www.academianutricionydietetica.org\/pro\/la-academia\/organos-de-gobierno\/maria-abenoza\/","title":{"rendered":"Maria Abenoza Gim\u00e9nez"},"content":{"rendered":"<p>[vc_row dfd_row_responsive_enable=\u00bbdfd-row-responsive-enable\u00bb responsive_styles=\u00bbpadding_left_mobile:20|padding_right_mobile:20&#8243;][vc_column]<div class=\"dfd-spacer-module\"  data-units=\"px\" data-wide_resolution=\"1280\" data-wide_size=\"80\" data-normal_resolution=\"1024\" data-normal_size=\"60\" data-tablet_resolution=\"800\" data-tablet_size=\"40\" data-mobile_resolution=\"480\" data-mobile_size=\"40\" style=\"height: 80px;\"><\/div><div class=\"dfd-info-banner style-05 responsive-team-members text-center\" ><div class=\"image-cover \"><img loading=\"lazy\" decoding=\"async\" src=\"https:\/\/www.academianutricionydietetica.org\/pro\/uploads\/2019\/06\/94-100x100.jpg\" alt=\"Image\"  width=\"100\" height=\"100\" class=\"info-banner-image \" \/><\/div><div class=\"content-wrap\"><h2 class=\"info-box-title \" style=\"font-size: 22px; line-height: 26.4px; letter-spacing: 1px; \">Mar\u00eda Abenoza Gim\u00e9nez<\/h2><div class=\"wrap-delimiter\"><div class=\"delimiter\" ><\/div><\/div><div class=\"description\" style=\"\">Diplomada en Nutrici\u00f3n Humana y Diet\u00e9tica (2006) y Licenciada en Ciencia y<br \/>\nTecnolog\u00eda de los Alimentos (2009) por la Universidad de Zaragoza. M\u00e1ster de<br \/>\nIniciaci\u00f3n a la investigaci\u00f3n en Ciencia y Tecnolog\u00eda de los Alimentos en la<br \/>\nUniversidad de Zaragoza (2010) y M\u00e1ster Propio en Nutrici\u00f3n Cl\u00ednica (2016) por la<br \/>\nUniversidad de Granada. Doctora por la Universidad de Zaragoza en Calidad,<br \/>\nSeguridad y Tecnolog\u00eda de los Alimentos (2014).<br \/>\nSu carrera investigadora se inici\u00f3 con una beca-colaboraci\u00f3n del Ministerio de<br \/>\nEducaci\u00f3n, Pol\u00edtica Social y Deporte (2008) en el Departamento de Nutrici\u00f3n y<br \/>\nBromatolog\u00eda de la Facultad de Veterinaria de la Universidad de Zaragoza.<br \/>\nPosteriormente, obtuvo una beca predoctoral de formaci\u00f3n y contrataci\u00f3n de personal<br \/>\ninvestigador del Departamento de Ciencia, Tecnolog\u00eda y Universidad de la Diputaci\u00f3n<br \/>\nGeneral de Arag\u00f3n (2010) con la que comenz\u00f3 su tesis doctoral en el Departamento<br \/>\nde Producci\u00f3n Animal y Ciencia de los Alimentos de la Universidad de Zaragoza.<br \/>\nDesde el inicio ha formado parte del Grupo consolidado de Investigaci\u00f3n aplicada<br \/>\nAlimentos de Origen Vegetal de la Universidad de Zaragoza y posteriormente tambi\u00e9n<br \/>\ndel Instituto Agroalimentario de Arag\u00f3n (IA2). Su l\u00ednea de investigaci\u00f3n siempre ha<br \/>\nestado relacionada con el aceite de oliva virgen extra, producto de especial relevancia<br \/>\nen nuestra dieta Mediterr\u00e1nea.<br \/>\nHa participado en varios proyectos de I+D+i nacionales con entidades tanto p\u00fablicas<br \/>\ncomo privadas del sector alimentario y durante su periodo postdoctoral form\u00f3 parte del<br \/>\nequipo investigador de dos proyectos europeos (H2020). Cuenta con varias<br \/>\npublicaciones en revistas indexadas en el Journal Citation Reports y ha presentado<br \/>\ntrabajos relacionados con la nutrici\u00f3n y la ciencia y tecnolog\u00eda de los alimentos en<br \/>\ndistintos congresos tanto nacionales como internacionales.<br \/>\nEn el \u00e1mbito acad\u00e9mico, ha colaborado desde el a\u00f1o 2012 en el desarrollo de tareas<br \/>\ndocentes de la Licenciatura y posteriormente del Grado de Ciencia y Tecnolog\u00eda de los<br \/>\nAlimentos de la Universidad de Zaragoza. En el a\u00f1o 2017 fue docente y directora del<br \/>\nGrado de Nutrici\u00f3n Humana y Diet\u00e9tica de la Universidad Isabel I.<br \/>\nDesde el a\u00f1o 2006 pertenece al Colegio Oficial de Dietistas de Arag\u00f3n.<\/div><\/div><\/div><div class=\"dfd-spacer-module\"  data-units=\"px\" data-wide_resolution=\"1280\" data-wide_size=\"80\" data-normal_resolution=\"1024\" data-normal_size=\"60\" data-tablet_resolution=\"800\" data-tablet_size=\"40\" data-mobile_resolution=\"480\" data-mobile_size=\"40\" style=\"height: 80px;\"><\/div>[\/vc_column][\/vc_row]<\/p>\n","protected":false},"excerpt":{"rendered":"<p>[vc_row dfd_row_responsive_enable=\u00bbdfd-row-responsive-enable\u00bb responsive_styles=\u00bbpadding_left_mobile:20|padding_right_mobile:20&#8243;][vc_column][\/vc_column][\/vc_row]<\/p>\n","protected":false},"author":4,"featured_media":0,"parent":16188,"menu_order":0,"comment_status":"closed","ping_status":"closed","template":"page-custom-with-header.php","meta":{"_acf_changed":false,"_monsterinsights_skip_tracking":false,"_monsterinsights_sitenote_active":false,"_monsterinsights_sitenote_note":"","_monsterinsights_sitenote_category":0,"footnotes":""},"class_list":["post-22956","page","type-page","status-publish","hentry"],"acf":[],"yoast_head":"<!-- This site is optimized with the Yoast SEO plugin v26.7 - https:\/\/yoast.com\/wordpress\/plugins\/seo\/ -->\n<title>Maria Abenoza Gim\u00e9nez - Academia Espa\u00f1ola de Nutrici\u00f3n y Diet\u00e9tica<\/title>\n<meta name=\"robots\" content=\"index, follow, max-snippet:-1, max-image-preview:large, max-video-preview:-1\" \/>\n<link rel=\"canonical\" href=\"https:\/\/www.academianutricionydietetica.org\/pro\/la-academia\/organos-de-gobierno\/maria-abenoza\/\" \/>\n<meta property=\"og:locale\" content=\"es_ES\" \/>\n<meta property=\"og:type\" content=\"article\" \/>\n<meta property=\"og:title\" content=\"Maria Abenoza Gim\u00e9nez - Academia Espa\u00f1ola de Nutrici\u00f3n y Diet\u00e9tica\" \/>\n<meta property=\"og:description\" content=\"[vc_row dfd_row_responsive_enable=\u00bbdfd-row-responsive-enable\u00bb responsive_styles=\u00bbpadding_left_mobile:20|padding_right_mobile:20&#8243;][vc_column][\/vc_column][\/vc_row]\" \/>\n<meta property=\"og:url\" content=\"https:\/\/www.academianutricionydietetica.org\/pro\/la-academia\/organos-de-gobierno\/maria-abenoza\/\" \/>\n<meta property=\"og:site_name\" content=\"Academia Espa\u00f1ola de Nutrici\u00f3n y Diet\u00e9tica\" \/>\n<meta property=\"article:modified_time\" content=\"2024-09-20T09:43:44+00:00\" \/>\n<meta name=\"twitter:card\" content=\"summary_large_image\" \/>\n<meta name=\"twitter:label1\" content=\"Tiempo de lectura\" \/>\n\t<meta name=\"twitter:data1\" content=\"2 minutos\" \/>\n<script type=\"application\/ld+json\" class=\"yoast-schema-graph\">{\"@context\":\"https:\/\/schema.org\",\"@graph\":[{\"@type\":\"WebPage\",\"@id\":\"https:\/\/www.academianutricionydietetica.org\/pro\/la-academia\/organos-de-gobierno\/maria-abenoza\/\",\"url\":\"https:\/\/www.academianutricionydietetica.org\/pro\/la-academia\/organos-de-gobierno\/maria-abenoza\/\",\"name\":\"Maria Abenoza Gim\u00e9nez - Academia Espa\u00f1ola de Nutrici\u00f3n y Diet\u00e9tica\",\"isPartOf\":{\"@id\":\"https:\/\/www.academianutricionydietetica.org\/pro\/#website\"},\"datePublished\":\"2024-09-17T07:47:39+00:00\",\"dateModified\":\"2024-09-20T09:43:44+00:00\",\"breadcrumb\":{\"@id\":\"https:\/\/www.academianutricionydietetica.org\/pro\/la-academia\/organos-de-gobierno\/maria-abenoza\/#breadcrumb\"},\"inLanguage\":\"es\",\"potentialAction\":[{\"@type\":\"ReadAction\",\"target\":[\"https:\/\/www.academianutricionydietetica.org\/pro\/la-academia\/organos-de-gobierno\/maria-abenoza\/\"]}]},{\"@type\":\"BreadcrumbList\",\"@id\":\"https:\/\/www.academianutricionydietetica.org\/pro\/la-academia\/organos-de-gobierno\/maria-abenoza\/#breadcrumb\",\"itemListElement\":[{\"@type\":\"ListItem\",\"position\":1,\"name\":\"Inicio\",\"item\":\"https:\/\/www.academianutricionydietetica.org\/pro\/\"},{\"@type\":\"ListItem\",\"position\":2,\"name\":\"La academia\",\"item\":\"https:\/\/www.academianutricionydietetica.org\/pro\/la-academia\/\"},{\"@type\":\"ListItem\",\"position\":3,\"name\":\"\u00d3rganos de Gobierno\",\"item\":\"https:\/\/www.academianutricionydietetica.org\/pro\/la-academia\/organos-de-gobierno\/\"},{\"@type\":\"ListItem\",\"position\":4,\"name\":\"Maria Abenoza Gim\u00e9nez\"}]},{\"@type\":\"WebSite\",\"@id\":\"https:\/\/www.academianutricionydietetica.org\/pro\/#website\",\"url\":\"https:\/\/www.academianutricionydietetica.org\/pro\/\",\"name\":\"Academia Espa\u00f1ola de Nutrici\u00f3n y Diet\u00e9tica\",\"description\":\"Formaci\u00f3n, noticias, jornadas y eventos\",\"potentialAction\":[{\"@type\":\"SearchAction\",\"target\":{\"@type\":\"EntryPoint\",\"urlTemplate\":\"https:\/\/www.academianutricionydietetica.org\/pro\/?s={search_term_string}\"},\"query-input\":{\"@type\":\"PropertyValueSpecification\",\"valueRequired\":true,\"valueName\":\"search_term_string\"}}],\"inLanguage\":\"es\"}]}<\/script>\n<!-- \/ Yoast SEO plugin. -->","yoast_head_json":{"title":"Maria Abenoza Gim\u00e9nez - Academia Espa\u00f1ola de Nutrici\u00f3n y Diet\u00e9tica","robots":{"index":"index","follow":"follow","max-snippet":"max-snippet:-1","max-image-preview":"max-image-preview:large","max-video-preview":"max-video-preview:-1"},"canonical":"https:\/\/www.academianutricionydietetica.org\/pro\/la-academia\/organos-de-gobierno\/maria-abenoza\/","og_locale":"es_ES","og_type":"article","og_title":"Maria Abenoza Gim\u00e9nez - Academia Espa\u00f1ola de Nutrici\u00f3n y Diet\u00e9tica","og_description":"[vc_row dfd_row_responsive_enable=\u00bbdfd-row-responsive-enable\u00bb responsive_styles=\u00bbpadding_left_mobile:20|padding_right_mobile:20&#8243;][vc_column][\/vc_column][\/vc_row]","og_url":"https:\/\/www.academianutricionydietetica.org\/pro\/la-academia\/organos-de-gobierno\/maria-abenoza\/","og_site_name":"Academia Espa\u00f1ola de Nutrici\u00f3n y Diet\u00e9tica","article_modified_time":"2024-09-20T09:43:44+00:00","twitter_card":"summary_large_image","twitter_misc":{"Tiempo de lectura":"2 minutos"},"schema":{"@context":"https:\/\/schema.org","@graph":[{"@type":"WebPage","@id":"https:\/\/www.academianutricionydietetica.org\/pro\/la-academia\/organos-de-gobierno\/maria-abenoza\/","url":"https:\/\/www.academianutricionydietetica.org\/pro\/la-academia\/organos-de-gobierno\/maria-abenoza\/","name":"Maria Abenoza Gim\u00e9nez - Academia Espa\u00f1ola de Nutrici\u00f3n y Diet\u00e9tica","isPartOf":{"@id":"https:\/\/www.academianutricionydietetica.org\/pro\/#website"},"datePublished":"2024-09-17T07:47:39+00:00","dateModified":"2024-09-20T09:43:44+00:00","breadcrumb":{"@id":"https:\/\/www.academianutricionydietetica.org\/pro\/la-academia\/organos-de-gobierno\/maria-abenoza\/#breadcrumb"},"inLanguage":"es","potentialAction":[{"@type":"ReadAction","target":["https:\/\/www.academianutricionydietetica.org\/pro\/la-academia\/organos-de-gobierno\/maria-abenoza\/"]}]},{"@type":"BreadcrumbList","@id":"https:\/\/www.academianutricionydietetica.org\/pro\/la-academia\/organos-de-gobierno\/maria-abenoza\/#breadcrumb","itemListElement":[{"@type":"ListItem","position":1,"name":"Inicio","item":"https:\/\/www.academianutricionydietetica.org\/pro\/"},{"@type":"ListItem","position":2,"name":"La academia","item":"https:\/\/www.academianutricionydietetica.org\/pro\/la-academia\/"},{"@type":"ListItem","position":3,"name":"\u00d3rganos de Gobierno","item":"https:\/\/www.academianutricionydietetica.org\/pro\/la-academia\/organos-de-gobierno\/"},{"@type":"ListItem","position":4,"name":"Maria Abenoza Gim\u00e9nez"}]},{"@type":"WebSite","@id":"https:\/\/www.academianutricionydietetica.org\/pro\/#website","url":"https:\/\/www.academianutricionydietetica.org\/pro\/","name":"Academia Espa\u00f1ola de Nutrici\u00f3n y Diet\u00e9tica","description":"Formaci\u00f3n, noticias, jornadas y eventos","potentialAction":[{"@type":"SearchAction","target":{"@type":"EntryPoint","urlTemplate":"https:\/\/www.academianutricionydietetica.org\/pro\/?s={search_term_string}"},"query-input":{"@type":"PropertyValueSpecification","valueRequired":true,"valueName":"search_term_string"}}],"inLanguage":"es"}]}},"_links":{"self":[{"href":"https:\/\/www.academianutricionydietetica.org\/pro\/wp-json\/wp\/v2\/pages\/22956","targetHints":{"allow":["GET"]}}],"collection":[{"href":"https:\/\/www.academianutricionydietetica.org\/pro\/wp-json\/wp\/v2\/pages"}],"about":[{"href":"https:\/\/www.academianutricionydietetica.org\/pro\/wp-json\/wp\/v2\/types\/page"}],"author":[{"embeddable":true,"href":"https:\/\/www.academianutricionydietetica.org\/pro\/wp-json\/wp\/v2\/users\/4"}],"replies":[{"embeddable":true,"href":"https:\/\/www.academianutricionydietetica.org\/pro\/wp-json\/wp\/v2\/comments?post=22956"}],"version-history":[{"count":4,"href":"https:\/\/www.academianutricionydietetica.org\/pro\/wp-json\/wp\/v2\/pages\/22956\/revisions"}],"predecessor-version":[{"id":22961,"href":"https:\/\/www.academianutricionydietetica.org\/pro\/wp-json\/wp\/v2\/pages\/22956\/revisions\/22961"}],"up":[{"embeddable":true,"href":"https:\/\/www.academianutricionydietetica.org\/pro\/wp-json\/wp\/v2\/pages\/16188"}],"wp:attachment":[{"href":"https:\/\/www.academianutricionydietetica.org\/pro\/wp-json\/wp\/v2\/media?parent=22956"}],"curies":[{"name":"wp","href":"https:\/\/api.w.org\/{rel}","templated":true}]}}

Maria Abenoza Giménez

<p>[vc_row dfd_row_responsive_enable=»dfd-row-responsive-enable» responsive_styles=»padding_left_mobile:20|padding_right_mobile:20&#8243;][vc_column]<div class="dfd-spacer-module"  data-units="px" data-wide_resolution="1280" data-wide_size="80" data-normal_resolution="1024" data-normal_size="60" data-tablet_resolution="800" data-tablet_size="40" data-mobile_resolution="480" data-mobile_size="40" style="height: 80px;"></div><div class="dfd-info-banner style-05 responsive-team-members text-center" ><div class="image-cover "><img loading="lazy" decoding="async" src="https://www.academianutricionydietetica.org/pro/uploads/2019/06/94-100x100.jpg" alt="Image"  width="100" height="100" class="info-banner-image " /></div><div class="content-wrap"><h2 class="info-box-title " style="font-size: 22px; line-height: 26.4px; letter-spacing: 1px; ">María Abenoza Giménez</h2><div class="wrap-delimiter"><div class="delimiter" ></div></div><div class="description" style="">Diplomada en Nutrición Humana y Dietética (2006) y Licenciada en Ciencia y<br />
Tecnología de los Alimentos (2009) por la Universidad de Zaragoza. Máster de<br />
Iniciación a la investigación en Ciencia y Tecnología de los Alimentos en la<br />
Universidad de Zaragoza (2010) y Máster Propio en Nutrición Clínica (2016) por la<br />
Universidad de Granada. Doctora por la Universidad de Zaragoza en Calidad,<br />
Seguridad y Tecnología de los Alimentos (2014).<br />
Su carrera investigadora se inició con una beca-colaboración del Ministerio de<br />
Educación, Política Social y Deporte (2008) en el Departamento de Nutrición y<br />
Bromatología de la Facultad de Veterinaria de la Universidad de Zaragoza.<br />
Posteriormente, obtuvo una beca predoctoral de formación y contratación de personal<br />
investigador del Departamento de Ciencia, Tecnología y Universidad de la Diputación<br />
General de Aragón (2010) con la que comenzó su tesis doctoral en el Departamento<br />
de Producción Animal y Ciencia de los Alimentos de la Universidad de Zaragoza.<br />
Desde el inicio ha formado parte del Grupo consolidado de Investigación aplicada<br />
Alimentos de Origen Vegetal de la Universidad de Zaragoza y posteriormente también<br />
del Instituto Agroalimentario de Aragón (IA2). Su línea de investigación siempre ha<br />
estado relacionada con el aceite de oliva virgen extra, producto de especial relevancia<br />
en nuestra dieta Mediterránea.<br />
Ha participado en varios proyectos de I+D+i nacionales con entidades tanto públicas<br />
como privadas del sector alimentario y durante su periodo postdoctoral formó parte del<br />
equipo investigador de dos proyectos europeos (H2020). Cuenta con varias<br />
publicaciones en revistas indexadas en el Journal Citation Reports y ha presentado<br />
trabajos relacionados con la nutrición y la ciencia y tecnología de los alimentos en<br />
distintos congresos tanto nacionales como internacionales.<br />
En el ámbito académico, ha colaborado desde el año 2012 en el desarrollo de tareas<br />
docentes de la Licenciatura y posteriormente del Grado de Ciencia y Tecnología de los<br />
Alimentos de la Universidad de Zaragoza. En el año 2017 fue docente y directora del<br />
Grado de Nutrición Humana y Dietética de la Universidad Isabel I.<br />
Desde el año 2006 pertenece al Colegio Oficial de Dietistas de Aragón.</div></div></div><div class="dfd-spacer-module"  data-units="px" data-wide_resolution="1280" data-wide_size="80" data-normal_resolution="1024" data-normal_size="60" data-tablet_resolution="800" data-tablet_size="40" data-mobile_resolution="480" data-mobile_size="40" style="height: 80px;"></div>[/vc_column][/vc_row]</p>

<!-- This site is optimized with the Yoast SEO plugin v26.7 - https://yoast.com/wordpress/plugins/seo/ -->
<title>Maria Abenoza Giménez - Academia Española de Nutrición y Dietética</title>
<meta name="robots" content="index, follow, max-snippet:-1, max-image-preview:large, max-video-preview:-1" />
<link rel="canonical" href="https://www.academianutricionydietetica.org/pro/la-academia/organos-de-gobierno/maria-abenoza/" />
<meta property="og:locale" content="es_ES" />
<meta property="og:type" content="article" />
<meta property="og:title" content="Maria Abenoza Giménez - Academia Española de Nutrición y Dietética" />
<meta property="og:description" content="[vc_row dfd_row_responsive_enable=»dfd-row-responsive-enable» responsive_styles=»padding_left_mobile:20|padding_right_mobile:20&#8243;][vc_column][/vc_column][/vc_row]" />
<meta property="og:url" content="https://www.academianutricionydietetica.org/pro/la-academia/organos-de-gobierno/maria-abenoza/" />
<meta property="og:site_name" content="Academia Española de Nutrición y Dietética" />
<meta property="article:modified_time" content="2024-09-20T09:43:44+00:00" />
<meta name="twitter:card" content="summary_large_image" />
<meta name="twitter:label1" content="Tiempo de lectura" />
	<meta name="twitter:data1" content="2 minutos" />
<script type="application/ld+json" class="yoast-schema-graph">{"@context":"https://schema.org","@graph":[{"@type":"WebPage","@id":"https://www.academianutricionydietetica.org/pro/la-academia/organos-de-gobierno/maria-abenoza/","url":"https://www.academianutricionydietetica.org/pro/la-academia/organos-de-gobierno/maria-abenoza/","name":"Maria Abenoza Giménez - Academia Española de Nutrición y Dietética","isPartOf":{"@id":"https://www.academianutricionydietetica.org/pro/#website"},"datePublished":"2024-09-17T07:47:39+00:00","dateModified":"2024-09-20T09:43:44+00:00","breadcrumb":{"@id":"https://www.academianutricionydietetica.org/pro/la-academia/organos-de-gobierno/maria-abenoza/#breadcrumb"},"inLanguage":"es","potentialAction":[{"@type":"ReadAction","target":["https://www.academianutricionydietetica.org/pro/la-academia/organos-de-gobierno/maria-abenoza/"]}]},{"@type":"BreadcrumbList","@id":"https://www.academianutricionydietetica.org/pro/la-academia/organos-de-gobierno/maria-abenoza/#breadcrumb","itemListElement":[{"@type":"ListItem","position":1,"name":"Inicio","item":"https://www.academianutricionydietetica.org/pro/"},{"@type":"ListItem","position":2,"name":"La academia","item":"https://www.academianutricionydietetica.org/pro/la-academia/"},{"@type":"ListItem","position":3,"name":"Órganos de Gobierno","item":"https://www.academianutricionydietetica.org/pro/la-academia/organos-de-gobierno/"},{"@type":"ListItem","position":4,"name":"Maria Abenoza Giménez"}]},{"@type":"WebSite","@id":"https://www.academianutricionydietetica.org/pro/#website","url":"https://www.academianutricionydietetica.org/pro/","name":"Academia Española de Nutrición y Dietética","description":"Formación, noticias, jornadas y eventos","potentialAction":[{"@type":"SearchAction","target":{"@type":"EntryPoint","urlTemplate":"https://www.academianutricionydietetica.org/pro/?s={search_term_string}"},"query-input":{"@type":"PropertyValueSpecification","valueRequired":true,"valueName":"search_term_string"}}],"inLanguage":"es"}]}</script>
<!-- / Yoast SEO plugin. -->

Maria Abenoza Giménez - Academia Española de Nutrición y Dietética

Academia Española de Nutrición y Dietética

Órganos de Gobierno

Formación, noticias, jornadas y eventos
