{"id":23698,"date":"2025-05-05T10:48:22","date_gmt":"2025-05-05T10:48:22","guid":{"rendered":"https:\/\/www.academianutricionydietetica.org\/pro\/?page_id=23698"},"modified":"2025-05-20T09:54:30","modified_gmt":"2025-05-20T09:54:30","slug":"claudia-urdangarin-fernandez","status":"publish","type":"page","link":"https:\/\/www.academianutricionydietetica.org\/pro\/la-academia\/equipo-y-colaboradores\/claudia-urdangarin-fernandez\/","title":{"rendered":"Claudia Urdangar\u00edn Fern\u00e1ndez"},"content":{"rendered":"<p>[vc_row dfd_row_responsive_enable=\u00bbdfd-row-responsive-enable\u00bb responsive_styles=\u00bbpadding_left_mobile:20|padding_right_mobile:20&#8243;][vc_column]<div class=\"dfd-spacer-module\"  data-units=\"px\" data-wide_resolution=\"1280\" data-wide_size=\"80\" data-normal_resolution=\"1024\" data-normal_size=\"60\" data-tablet_resolution=\"800\" data-tablet_size=\"40\" data-mobile_resolution=\"480\" data-mobile_size=\"40\" style=\"height: 80px;\"><\/div><div class=\"dfd-info-banner style-05 responsive-team-members text-center\" ><div class=\"image-cover \"><img loading=\"lazy\" decoding=\"async\" src=\"https:\/\/www.academianutricionydietetica.org\/pro\/uploads\/2025\/05\/Claudia-Urdangarin-Fernandez-1-150x150.png\" alt=\"Image\"  width=\"150\" height=\"150\" class=\"info-banner-image \" \/><\/div><div class=\"content-wrap\"><h2 class=\"info-box-title \" style=\"font-size: 22px; line-height: 26.4px; letter-spacing: 1px; \">Claudia Urdangar\u00edn Fern\u00e1ndez<\/h2><h3 class=\"info-box-subtitle widget-sub-title \" style=\"\">Comit\u00e9 Cient\u00edfico<\/h3><div class=\"wrap-delimiter\"><div class=\"delimiter\" ><\/div><\/div><div class=\"description\" style=\"\">Claudia Urdangar\u00edn Fern\u00e1ndez es dietista-nutricionista graduada en Nutrici\u00f3n Humana y Diet\u00e9tica por la Universidad de Navarra, con especializaci\u00f3n en desnutrici\u00f3n relacionada con la enfermedad, trastornos de la conducta alimentaria y alimentaci\u00f3n en geriatr\u00eda. Su formaci\u00f3n incluye estudios de postgrado en el abordaje integral de la enfermedad de Alzheimer y valoraci\u00f3n geri\u00e1trica integral.<\/p>\n<p>Comenz\u00f3 su trayectoria profesional en el \u00e1mbito de la investigaci\u00f3n como asociada en el proyecto \u00abEducaci\u00f3n nutricional para la salud familiar preventiva del sobrepeso y obesidad infantiles\u00bb, financiado por el Servicio Navarro de Salud y el Instituto de Salud Carlos III, en el Centro de Salud de Azpilaga\u00f1a. Desde 2007, forma parte de la Cl\u00ednica Universidad de Navarra, donde inici\u00f3 como responsable del \u00c1rea de Dietas y Alimentaci\u00f3n. All\u00ed ha desarrollado una s\u00f3lida carrera en Restauraci\u00f3n Colectiva y Nutrici\u00f3n Cl\u00ednica, contribuyendo a la creaci\u00f3n de la Unidad de Nutrici\u00f3n Cl\u00ednica Hospitalaria, de la cual es miembro en la actualidad.<\/p>\n<p>En el \u00e1mbito acad\u00e9mico, Claudia es profesora cl\u00ednica asociada en la Facultad de Farmacia y Nutrici\u00f3n de la Universidad de Navarra, donde imparte la asignatura de Nutrici\u00f3n Cl\u00ednica en el Grado de Nutrici\u00f3n Humana y Diet\u00e9tica. Tambi\u00e9n colabora en programas de formaci\u00f3n continuada y especializada para personal sanitario, como el Programa de Formaci\u00f3n Permanente de Cuidados Especializados de Enfermer\u00eda y los programas de Formaci\u00f3n Continuada del Sistema Nacional de Salud.<\/p>\n<p>Adem\u00e1s de su labor docente y cl\u00ednica, forma parte del Comit\u00e9 de Desarrollo Profesional de la Cl\u00ednica Universidad de Navarra, contribuyendo activamente al crecimiento y actualizaci\u00f3n de las competencias de los profesionales de la salud.<\/p>\n<p>Explora su producci\u00f3n cient\u00edfica en <a href=\"https:\/\/www.webofscience.com\/wos\/author\/record\/JIF-4436-2023\" target=\"_blank\" rel=\"noopener\">Web of Science<\/a>.<br \/>\n<\/div><div class=\"dfd-module-readmore\"><a href=\"#\" target=\"_blank\" rel=\"nofollow\" class=\"read-more-01\"><\/a><\/div><\/div><\/div><div class=\"dfd-spacer-module\"  data-units=\"px\" data-wide_resolution=\"1280\" data-wide_size=\"80\" data-normal_resolution=\"1024\" data-normal_size=\"60\" data-tablet_resolution=\"800\" data-tablet_size=\"40\" data-mobile_resolution=\"480\" data-mobile_size=\"40\" style=\"height: 80px;\"><\/div>[\/vc_column][\/vc_row]<\/p>\n","protected":false},"excerpt":{"rendered":"<p>[vc_row dfd_row_responsive_enable=\u00bbdfd-row-responsive-enable\u00bb responsive_styles=\u00bbpadding_left_mobile:20|padding_right_mobile:20&#8243;][vc_column][\/vc_column][\/vc_row]<\/p>\n","protected":false},"author":4,"featured_media":0,"parent":18871,"menu_order":0,"comment_status":"closed","ping_status":"closed","template":"page-custom-with-header.php","meta":{"_acf_changed":false,"_monsterinsights_skip_tracking":false,"_monsterinsights_sitenote_active":false,"_monsterinsights_sitenote_note":"","_monsterinsights_sitenote_category":0,"footnotes":""},"class_list":["post-23698","page","type-page","status-publish","hentry"],"acf":[],"yoast_head":"<!-- This site is optimized with the Yoast SEO plugin v26.7 - https:\/\/yoast.com\/wordpress\/plugins\/seo\/ -->\n<title>Claudia Urdangar\u00edn Fern\u00e1ndez - Academia Espa\u00f1ola de Nutrici\u00f3n y Diet\u00e9tica<\/title>\n<meta name=\"robots\" content=\"index, follow, max-snippet:-1, max-image-preview:large, max-video-preview:-1\" \/>\n<link rel=\"canonical\" href=\"https:\/\/www.academianutricionydietetica.org\/pro\/la-academia\/equipo-y-colaboradores\/claudia-urdangarin-fernandez\/\" \/>\n<meta property=\"og:locale\" content=\"es_ES\" \/>\n<meta property=\"og:type\" content=\"article\" \/>\n<meta property=\"og:title\" content=\"Claudia Urdangar\u00edn Fern\u00e1ndez - Academia Espa\u00f1ola de Nutrici\u00f3n y Diet\u00e9tica\" \/>\n<meta property=\"og:description\" content=\"[vc_row dfd_row_responsive_enable=\u00bbdfd-row-responsive-enable\u00bb responsive_styles=\u00bbpadding_left_mobile:20|padding_right_mobile:20&#8243;][vc_column][\/vc_column][\/vc_row]\" \/>\n<meta property=\"og:url\" content=\"https:\/\/www.academianutricionydietetica.org\/pro\/la-academia\/equipo-y-colaboradores\/claudia-urdangarin-fernandez\/\" \/>\n<meta property=\"og:site_name\" content=\"Academia Espa\u00f1ola de Nutrici\u00f3n y Diet\u00e9tica\" \/>\n<meta property=\"article:modified_time\" content=\"2025-05-20T09:54:30+00:00\" \/>\n<meta name=\"twitter:card\" content=\"summary_large_image\" \/>\n<meta name=\"twitter:label1\" content=\"Tiempo de lectura\" \/>\n\t<meta name=\"twitter:data1\" content=\"2 minutos\" \/>\n<script type=\"application\/ld+json\" class=\"yoast-schema-graph\">{\"@context\":\"https:\/\/schema.org\",\"@graph\":[{\"@type\":\"WebPage\",\"@id\":\"https:\/\/www.academianutricionydietetica.org\/pro\/la-academia\/equipo-y-colaboradores\/claudia-urdangarin-fernandez\/\",\"url\":\"https:\/\/www.academianutricionydietetica.org\/pro\/la-academia\/equipo-y-colaboradores\/claudia-urdangarin-fernandez\/\",\"name\":\"Claudia Urdangar\u00edn Fern\u00e1ndez - Academia Espa\u00f1ola de Nutrici\u00f3n y Diet\u00e9tica\",\"isPartOf\":{\"@id\":\"https:\/\/www.academianutricionydietetica.org\/pro\/#website\"},\"datePublished\":\"2025-05-05T10:48:22+00:00\",\"dateModified\":\"2025-05-20T09:54:30+00:00\",\"breadcrumb\":{\"@id\":\"https:\/\/www.academianutricionydietetica.org\/pro\/la-academia\/equipo-y-colaboradores\/claudia-urdangarin-fernandez\/#breadcrumb\"},\"inLanguage\":\"es\",\"potentialAction\":[{\"@type\":\"ReadAction\",\"target\":[\"https:\/\/www.academianutricionydietetica.org\/pro\/la-academia\/equipo-y-colaboradores\/claudia-urdangarin-fernandez\/\"]}]},{\"@type\":\"BreadcrumbList\",\"@id\":\"https:\/\/www.academianutricionydietetica.org\/pro\/la-academia\/equipo-y-colaboradores\/claudia-urdangarin-fernandez\/#breadcrumb\",\"itemListElement\":[{\"@type\":\"ListItem\",\"position\":1,\"name\":\"Inicio\",\"item\":\"https:\/\/www.academianutricionydietetica.org\/pro\/\"},{\"@type\":\"ListItem\",\"position\":2,\"name\":\"La academia\",\"item\":\"https:\/\/www.academianutricionydietetica.org\/pro\/la-academia\/\"},{\"@type\":\"ListItem\",\"position\":3,\"name\":\"Equipo y colaboradores\",\"item\":\"https:\/\/www.academianutricionydietetica.org\/pro\/la-academia\/equipo-y-colaboradores\/\"},{\"@type\":\"ListItem\",\"position\":4,\"name\":\"Claudia Urdangar\u00edn Fern\u00e1ndez\"}]},{\"@type\":\"WebSite\",\"@id\":\"https:\/\/www.academianutricionydietetica.org\/pro\/#website\",\"url\":\"https:\/\/www.academianutricionydietetica.org\/pro\/\",\"name\":\"Academia Espa\u00f1ola de Nutrici\u00f3n y Diet\u00e9tica\",\"description\":\"Formaci\u00f3n, noticias, jornadas y eventos\",\"potentialAction\":[{\"@type\":\"SearchAction\",\"target\":{\"@type\":\"EntryPoint\",\"urlTemplate\":\"https:\/\/www.academianutricionydietetica.org\/pro\/?s={search_term_string}\"},\"query-input\":{\"@type\":\"PropertyValueSpecification\",\"valueRequired\":true,\"valueName\":\"search_term_string\"}}],\"inLanguage\":\"es\"}]}<\/script>\n<!-- \/ Yoast SEO plugin. -->","yoast_head_json":{"title":"Claudia Urdangar\u00edn Fern\u00e1ndez - Academia Espa\u00f1ola de Nutrici\u00f3n y Diet\u00e9tica","robots":{"index":"index","follow":"follow","max-snippet":"max-snippet:-1","max-image-preview":"max-image-preview:large","max-video-preview":"max-video-preview:-1"},"canonical":"https:\/\/www.academianutricionydietetica.org\/pro\/la-academia\/equipo-y-colaboradores\/claudia-urdangarin-fernandez\/","og_locale":"es_ES","og_type":"article","og_title":"Claudia Urdangar\u00edn Fern\u00e1ndez - Academia Espa\u00f1ola de Nutrici\u00f3n y Diet\u00e9tica","og_description":"[vc_row dfd_row_responsive_enable=\u00bbdfd-row-responsive-enable\u00bb responsive_styles=\u00bbpadding_left_mobile:20|padding_right_mobile:20&#8243;][vc_column][\/vc_column][\/vc_row]","og_url":"https:\/\/www.academianutricionydietetica.org\/pro\/la-academia\/equipo-y-colaboradores\/claudia-urdangarin-fernandez\/","og_site_name":"Academia Espa\u00f1ola de Nutrici\u00f3n y Diet\u00e9tica","article_modified_time":"2025-05-20T09:54:30+00:00","twitter_card":"summary_large_image","twitter_misc":{"Tiempo de lectura":"2 minutos"},"schema":{"@context":"https:\/\/schema.org","@graph":[{"@type":"WebPage","@id":"https:\/\/www.academianutricionydietetica.org\/pro\/la-academia\/equipo-y-colaboradores\/claudia-urdangarin-fernandez\/","url":"https:\/\/www.academianutricionydietetica.org\/pro\/la-academia\/equipo-y-colaboradores\/claudia-urdangarin-fernandez\/","name":"Claudia Urdangar\u00edn Fern\u00e1ndez - Academia Espa\u00f1ola de Nutrici\u00f3n y Diet\u00e9tica","isPartOf":{"@id":"https:\/\/www.academianutricionydietetica.org\/pro\/#website"},"datePublished":"2025-05-05T10:48:22+00:00","dateModified":"2025-05-20T09:54:30+00:00","breadcrumb":{"@id":"https:\/\/www.academianutricionydietetica.org\/pro\/la-academia\/equipo-y-colaboradores\/claudia-urdangarin-fernandez\/#breadcrumb"},"inLanguage":"es","potentialAction":[{"@type":"ReadAction","target":["https:\/\/www.academianutricionydietetica.org\/pro\/la-academia\/equipo-y-colaboradores\/claudia-urdangarin-fernandez\/"]}]},{"@type":"BreadcrumbList","@id":"https:\/\/www.academianutricionydietetica.org\/pro\/la-academia\/equipo-y-colaboradores\/claudia-urdangarin-fernandez\/#breadcrumb","itemListElement":[{"@type":"ListItem","position":1,"name":"Inicio","item":"https:\/\/www.academianutricionydietetica.org\/pro\/"},{"@type":"ListItem","position":2,"name":"La academia","item":"https:\/\/www.academianutricionydietetica.org\/pro\/la-academia\/"},{"@type":"ListItem","position":3,"name":"Equipo y colaboradores","item":"https:\/\/www.academianutricionydietetica.org\/pro\/la-academia\/equipo-y-colaboradores\/"},{"@type":"ListItem","position":4,"name":"Claudia Urdangar\u00edn Fern\u00e1ndez"}]},{"@type":"WebSite","@id":"https:\/\/www.academianutricionydietetica.org\/pro\/#website","url":"https:\/\/www.academianutricionydietetica.org\/pro\/","name":"Academia Espa\u00f1ola de Nutrici\u00f3n y Diet\u00e9tica","description":"Formaci\u00f3n, noticias, jornadas y eventos","potentialAction":[{"@type":"SearchAction","target":{"@type":"EntryPoint","urlTemplate":"https:\/\/www.academianutricionydietetica.org\/pro\/?s={search_term_string}"},"query-input":{"@type":"PropertyValueSpecification","valueRequired":true,"valueName":"search_term_string"}}],"inLanguage":"es"}]}},"_links":{"self":[{"href":"https:\/\/www.academianutricionydietetica.org\/pro\/wp-json\/wp\/v2\/pages\/23698","targetHints":{"allow":["GET"]}}],"collection":[{"href":"https:\/\/www.academianutricionydietetica.org\/pro\/wp-json\/wp\/v2\/pages"}],"about":[{"href":"https:\/\/www.academianutricionydietetica.org\/pro\/wp-json\/wp\/v2\/types\/page"}],"author":[{"embeddable":true,"href":"https:\/\/www.academianutricionydietetica.org\/pro\/wp-json\/wp\/v2\/users\/4"}],"replies":[{"embeddable":true,"href":"https:\/\/www.academianutricionydietetica.org\/pro\/wp-json\/wp\/v2\/comments?post=23698"}],"version-history":[{"count":4,"href":"https:\/\/www.academianutricionydietetica.org\/pro\/wp-json\/wp\/v2\/pages\/23698\/revisions"}],"predecessor-version":[{"id":23779,"href":"https:\/\/www.academianutricionydietetica.org\/pro\/wp-json\/wp\/v2\/pages\/23698\/revisions\/23779"}],"up":[{"embeddable":true,"href":"https:\/\/www.academianutricionydietetica.org\/pro\/wp-json\/wp\/v2\/pages\/18871"}],"wp:attachment":[{"href":"https:\/\/www.academianutricionydietetica.org\/pro\/wp-json\/wp\/v2\/media?parent=23698"}],"curies":[{"name":"wp","href":"https:\/\/api.w.org\/{rel}","templated":true}]}}

Claudia Urdangarín Fernández

<p>[vc_row dfd_row_responsive_enable=»dfd-row-responsive-enable» responsive_styles=»padding_left_mobile:20|padding_right_mobile:20&#8243;][vc_column]<div class="dfd-spacer-module"  data-units="px" data-wide_resolution="1280" data-wide_size="80" data-normal_resolution="1024" data-normal_size="60" data-tablet_resolution="800" data-tablet_size="40" data-mobile_resolution="480" data-mobile_size="40" style="height: 80px;"></div><div class="dfd-info-banner style-05 responsive-team-members text-center" ><div class="image-cover "><img loading="lazy" decoding="async" src="https://www.academianutricionydietetica.org/pro/uploads/2025/05/Claudia-Urdangarin-Fernandez-1-150x150.png" alt="Image"  width="150" height="150" class="info-banner-image " /></div><div class="content-wrap"><h2 class="info-box-title " style="font-size: 22px; line-height: 26.4px; letter-spacing: 1px; ">Claudia Urdangarín Fernández</h2><h3 class="info-box-subtitle widget-sub-title " style="">Comité Científico</h3><div class="wrap-delimiter"><div class="delimiter" ></div></div><div class="description" style="">Claudia Urdangarín Fernández es dietista-nutricionista graduada en Nutrición Humana y Dietética por la Universidad de Navarra, con especialización en desnutrición relacionada con la enfermedad, trastornos de la conducta alimentaria y alimentación en geriatría. Su formación incluye estudios de postgrado en el abordaje integral de la enfermedad de Alzheimer y valoración geriátrica integral.</p>
<p>Comenzó su trayectoria profesional en el ámbito de la investigación como asociada en el proyecto «Educación nutricional para la salud familiar preventiva del sobrepeso y obesidad infantiles», financiado por el Servicio Navarro de Salud y el Instituto de Salud Carlos III, en el Centro de Salud de Azpilagaña. Desde 2007, forma parte de la Clínica Universidad de Navarra, donde inició como responsable del Área de Dietas y Alimentación. Allí ha desarrollado una sólida carrera en Restauración Colectiva y Nutrición Clínica, contribuyendo a la creación de la Unidad de Nutrición Clínica Hospitalaria, de la cual es miembro en la actualidad.</p>
<p>En el ámbito académico, Claudia es profesora clínica asociada en la Facultad de Farmacia y Nutrición de la Universidad de Navarra, donde imparte la asignatura de Nutrición Clínica en el Grado de Nutrición Humana y Dietética. También colabora en programas de formación continuada y especializada para personal sanitario, como el Programa de Formación Permanente de Cuidados Especializados de Enfermería y los programas de Formación Continuada del Sistema Nacional de Salud.</p>
<p>Además de su labor docente y clínica, forma parte del Comité de Desarrollo Profesional de la Clínica Universidad de Navarra, contribuyendo activamente al crecimiento y actualización de las competencias de los profesionales de la salud.</p>
<p>Explora su producción científica en <a href="https://www.webofscience.com/wos/author/record/JIF-4436-2023" target="_blank" rel="noopener">Web of Science</a>.<br />
</div><div class="dfd-module-readmore"><a href="#" target="_blank" rel="nofollow" class="read-more-01"></a></div></div></div><div class="dfd-spacer-module"  data-units="px" data-wide_resolution="1280" data-wide_size="80" data-normal_resolution="1024" data-normal_size="60" data-tablet_resolution="800" data-tablet_size="40" data-mobile_resolution="480" data-mobile_size="40" style="height: 80px;"></div>[/vc_column][/vc_row]</p>

<!-- This site is optimized with the Yoast SEO plugin v26.7 - https://yoast.com/wordpress/plugins/seo/ -->
<title>Claudia Urdangarín Fernández - Academia Española de Nutrición y Dietética</title>
<meta name="robots" content="index, follow, max-snippet:-1, max-image-preview:large, max-video-preview:-1" />
<link rel="canonical" href="https://www.academianutricionydietetica.org/pro/la-academia/equipo-y-colaboradores/claudia-urdangarin-fernandez/" />
<meta property="og:locale" content="es_ES" />
<meta property="og:type" content="article" />
<meta property="og:title" content="Claudia Urdangarín Fernández - Academia Española de Nutrición y Dietética" />
<meta property="og:description" content="[vc_row dfd_row_responsive_enable=»dfd-row-responsive-enable» responsive_styles=»padding_left_mobile:20|padding_right_mobile:20&#8243;][vc_column][/vc_column][/vc_row]" />
<meta property="og:url" content="https://www.academianutricionydietetica.org/pro/la-academia/equipo-y-colaboradores/claudia-urdangarin-fernandez/" />
<meta property="og:site_name" content="Academia Española de Nutrición y Dietética" />
<meta property="article:modified_time" content="2025-05-20T09:54:30+00:00" />
<meta name="twitter:card" content="summary_large_image" />
<meta name="twitter:label1" content="Tiempo de lectura" />
	<meta name="twitter:data1" content="2 minutos" />
<script type="application/ld+json" class="yoast-schema-graph">{"@context":"https://schema.org","@graph":[{"@type":"WebPage","@id":"https://www.academianutricionydietetica.org/pro/la-academia/equipo-y-colaboradores/claudia-urdangarin-fernandez/","url":"https://www.academianutricionydietetica.org/pro/la-academia/equipo-y-colaboradores/claudia-urdangarin-fernandez/","name":"Claudia Urdangarín Fernández - Academia Española de Nutrición y Dietética","isPartOf":{"@id":"https://www.academianutricionydietetica.org/pro/#website"},"datePublished":"2025-05-05T10:48:22+00:00","dateModified":"2025-05-20T09:54:30+00:00","breadcrumb":{"@id":"https://www.academianutricionydietetica.org/pro/la-academia/equipo-y-colaboradores/claudia-urdangarin-fernandez/#breadcrumb"},"inLanguage":"es","potentialAction":[{"@type":"ReadAction","target":["https://www.academianutricionydietetica.org/pro/la-academia/equipo-y-colaboradores/claudia-urdangarin-fernandez/"]}]},{"@type":"BreadcrumbList","@id":"https://www.academianutricionydietetica.org/pro/la-academia/equipo-y-colaboradores/claudia-urdangarin-fernandez/#breadcrumb","itemListElement":[{"@type":"ListItem","position":1,"name":"Inicio","item":"https://www.academianutricionydietetica.org/pro/"},{"@type":"ListItem","position":2,"name":"La academia","item":"https://www.academianutricionydietetica.org/pro/la-academia/"},{"@type":"ListItem","position":3,"name":"Equipo y colaboradores","item":"https://www.academianutricionydietetica.org/pro/la-academia/equipo-y-colaboradores/"},{"@type":"ListItem","position":4,"name":"Claudia Urdangarín Fernández"}]},{"@type":"WebSite","@id":"https://www.academianutricionydietetica.org/pro/#website","url":"https://www.academianutricionydietetica.org/pro/","name":"Academia Española de Nutrición y Dietética","description":"Formación, noticias, jornadas y eventos","potentialAction":[{"@type":"SearchAction","target":{"@type":"EntryPoint","urlTemplate":"https://www.academianutricionydietetica.org/pro/?s={search_term_string}"},"query-input":{"@type":"PropertyValueSpecification","valueRequired":true,"valueName":"search_term_string"}}],"inLanguage":"es"}]}</script>
<!-- / Yoast SEO plugin. -->

Claudia Urdangarín Fernández - Academia Española de Nutrición y Dietética

Academia Española de Nutrición y Dietética

Formación, noticias, jornadas y eventos
