{"id":24176,"date":"2025-10-12T18:36:04","date_gmt":"2025-10-12T18:36:04","guid":{"rendered":"https:\/\/www.academianutricionydietetica.org\/pro\/?page_id=24176"},"modified":"2025-10-12T18:43:23","modified_gmt":"2025-10-12T18:43:23","slug":"gregorio-varela-moreiras","status":"publish","type":"page","link":"https:\/\/www.academianutricionydietetica.org\/pro\/la-academia\/organos-de-gobierno\/gregorio-varela-moreiras\/","title":{"rendered":"Gregorio Varela Moreiras"},"content":{"rendered":"<p>[vc_row dfd_row_responsive_enable=\u00bbdfd-row-responsive-enable\u00bb responsive_styles=\u00bbpadding_left_mobile:20|padding_right_mobile:20&#8243;][vc_column]<div class=\"dfd-spacer-module\"  data-units=\"px\" data-wide_resolution=\"1280\" data-wide_size=\"80\" data-normal_resolution=\"1024\" data-normal_size=\"60\" data-tablet_resolution=\"800\" data-tablet_size=\"40\" data-mobile_resolution=\"480\" data-mobile_size=\"40\" style=\"height: 80px;\"><\/div><div class=\"dfd-info-banner style-05 responsive-team-members text-center\" ><div class=\"image-cover \"><img loading=\"lazy\" decoding=\"async\" src=\"https:\/\/www.academianutricionydietetica.org\/pro\/uploads\/2025\/10\/Gregorio-Varela-2-100x100.jpg\" alt=\"Image\"  width=\"100\" height=\"100\" class=\"info-banner-image \" \/><\/div><div class=\"content-wrap\"><h2 class=\"info-box-title \" style=\"font-size: 22px; line-height: 26.4px; letter-spacing: 1px; \">Gregorio Varela Moreiras<\/h2><h3 class=\"info-box-subtitle widget-sub-title \" style=\"\">Miembros de honor y em\u00e9ritos<\/h3><div class=\"wrap-delimiter\"><div class=\"delimiter\" ><\/div><\/div><div class=\"description\" style=\"\">Complutense de Madrid, y colegiado en el COFM desde hace pr\u00e1cticamente cuarenta a\u00f1os. Actualmente, Catedr\u00e1tico de Nutrici\u00f3n y Bromatolog\u00eda de la Facultad de Farmacia de la Universidad San Pablo-CEU en Madrid, y Director del Instituto Universitario CEU \u201cAlimentaci\u00f3n y Sociedad\u201d. Responsable del Grupo de Excelencia en Investigaci\u00f3n \u201cNutrici\u00f3n para la Vida\u201d, y Presidente de la Federaci\u00f3n Espa\u00f1ola de Sociedades de Nutrici\u00f3n, Alimentaci\u00f3n y Diet\u00e9tica (FESNAD).<\/p>\n<p>Realiz\u00f3 su formaci\u00f3n postdoctoral en el Jean Mayer USDA Human Nutrition Research Center on Aging at TUFTS University (Boston, EEUU), y a su regreso se incorpor\u00f3 al Instituto de Investigaciones Biom\u00e9dicas \u201cAlberto Sols\u201d (CSIC, Madrid). Posteriormente, obtuvo la plaza de Prof. Titular de Nutrici\u00f3n y Bromatolog\u00eda en la Universidad de Burgos, hasta su incorporaci\u00f3n a la Universidad San Pablo CEU. En esta \u00faltima, ha ocupado el cargo de Decano de la Facultad de Ciencias Experimentales y de la Salud, promoviendo la creaci\u00f3n de la primera Facultad de Farmacia en dicha Universidad. En la misma, tambi\u00e9n ha sido durante dos d\u00e9cadas Director del Departamento de Ciencias Farmac\u00e9uticas y de la Salud.<\/p>\n<p>Es Acad\u00e9mico de N\u00famero de la Real Academia Europea de Doctores, de la Real Academia de Gastronom\u00eda, de la Academia Hispanoamericana de Doctores, Acad\u00e9mico Correspondiente de la Real Academia de Farmacia de Galicia, y miembro fundador de la Academia Espa\u00f1ola de la Nutrici\u00f3n y Ciencias de la Alimentaci\u00f3n. Ha publicado m\u00e1s de 250 art\u00edculos cient\u00edficos indexados, m\u00e1s de 50 cap\u00edtulos de libros, y es editor de 15 libros.<\/p>\n<p>Es actualmente Vicepresidente de la Sociedad Espa\u00f1ola de Nutrici\u00f3n Comunitaria, y ha sido Presidente de la Sociedad Espa\u00f1ola de Nutrici\u00f3n (SE\u00d1) y de la Fundaci\u00f3n Espa\u00f1ola de la Nutrici\u00f3n (FEN). Entre otras, cuenta con las siguientes distinciones: Encomienda Orden Alfonso X El Sabio; Premio Internacional HIP\u00d3CRATES de Investigaci\u00f3n M\u00e9dica sobre Nutrici\u00f3n Humana; Premio Dr. Mara\u00f1\u00f3n a la Mejor Labor Cient\u00edfica en el Campo de la Alimentaci\u00f3n, el Grand Prix de la Ciencia de la Alimentaci\u00f3n (Academia Internacional de Gastronom\u00eda), as\u00ed como el Premio Luis No\u00e9 Fern\u00e1ndez 2024 (modalidad Nutrici\u00f3n) .Presidente del Comit\u00e9 Cient\u00edfico de la Agencia Salud y Dieta Mediterr\u00e1nea, Miembro del Patronato y del Consejo Cient\u00edfico de IMDEA-Food (Comunidad de Madrid), del Comit\u00e9 de Nutrici\u00f3n de la Fundaci\u00f3n Espa\u00f1ola del Coraz\u00f3n, y del Comit\u00e9 Cient\u00edfico de la Academia Internacional de Gastronom\u00eda.<\/div><\/div><\/div><div class=\"dfd-spacer-module\"  data-units=\"px\" data-wide_resolution=\"1280\" data-wide_size=\"80\" data-normal_resolution=\"1024\" data-normal_size=\"60\" data-tablet_resolution=\"800\" data-tablet_size=\"40\" data-mobile_resolution=\"480\" data-mobile_size=\"40\" style=\"height: 80px;\"><\/div>[\/vc_column][\/vc_row]<\/p>\n","protected":false},"excerpt":{"rendered":"<p>[vc_row dfd_row_responsive_enable=\u00bbdfd-row-responsive-enable\u00bb responsive_styles=\u00bbpadding_left_mobile:20|padding_right_mobile:20&#8243;][vc_column][\/vc_column][\/vc_row]<\/p>\n","protected":false},"author":4,"featured_media":0,"parent":16188,"menu_order":0,"comment_status":"closed","ping_status":"closed","template":"page-custom-with-header.php","meta":{"_acf_changed":false,"_monsterinsights_skip_tracking":false,"_monsterinsights_sitenote_active":false,"_monsterinsights_sitenote_note":"","_monsterinsights_sitenote_category":0,"footnotes":""},"class_list":["post-24176","page","type-page","status-publish","hentry"],"acf":[],"yoast_head":"<!-- This site is optimized with the Yoast SEO plugin v26.7 - https:\/\/yoast.com\/wordpress\/plugins\/seo\/ -->\n<title>Gregorio Varela Moreiras - Academia Espa\u00f1ola de Nutrici\u00f3n y Diet\u00e9tica<\/title>\n<meta name=\"robots\" content=\"index, follow, max-snippet:-1, max-image-preview:large, max-video-preview:-1\" \/>\n<link rel=\"canonical\" href=\"https:\/\/www.academianutricionydietetica.org\/pro\/la-academia\/organos-de-gobierno\/gregorio-varela-moreiras\/\" \/>\n<meta property=\"og:locale\" content=\"es_ES\" \/>\n<meta property=\"og:type\" content=\"article\" \/>\n<meta property=\"og:title\" content=\"Gregorio Varela Moreiras - Academia Espa\u00f1ola de Nutrici\u00f3n y Diet\u00e9tica\" \/>\n<meta property=\"og:description\" content=\"[vc_row dfd_row_responsive_enable=\u00bbdfd-row-responsive-enable\u00bb responsive_styles=\u00bbpadding_left_mobile:20|padding_right_mobile:20&#8243;][vc_column][\/vc_column][\/vc_row]\" \/>\n<meta property=\"og:url\" content=\"https:\/\/www.academianutricionydietetica.org\/pro\/la-academia\/organos-de-gobierno\/gregorio-varela-moreiras\/\" \/>\n<meta property=\"og:site_name\" content=\"Academia Espa\u00f1ola de Nutrici\u00f3n y Diet\u00e9tica\" \/>\n<meta property=\"article:modified_time\" content=\"2025-10-12T18:43:23+00:00\" \/>\n<meta name=\"twitter:card\" content=\"summary_large_image\" \/>\n<meta name=\"twitter:label1\" content=\"Tiempo de lectura\" \/>\n\t<meta name=\"twitter:data1\" content=\"2 minutos\" \/>\n<script type=\"application\/ld+json\" class=\"yoast-schema-graph\">{\"@context\":\"https:\/\/schema.org\",\"@graph\":[{\"@type\":\"WebPage\",\"@id\":\"https:\/\/www.academianutricionydietetica.org\/pro\/la-academia\/organos-de-gobierno\/gregorio-varela-moreiras\/\",\"url\":\"https:\/\/www.academianutricionydietetica.org\/pro\/la-academia\/organos-de-gobierno\/gregorio-varela-moreiras\/\",\"name\":\"Gregorio Varela Moreiras - Academia Espa\u00f1ola de Nutrici\u00f3n y Diet\u00e9tica\",\"isPartOf\":{\"@id\":\"https:\/\/www.academianutricionydietetica.org\/pro\/#website\"},\"datePublished\":\"2025-10-12T18:36:04+00:00\",\"dateModified\":\"2025-10-12T18:43:23+00:00\",\"breadcrumb\":{\"@id\":\"https:\/\/www.academianutricionydietetica.org\/pro\/la-academia\/organos-de-gobierno\/gregorio-varela-moreiras\/#breadcrumb\"},\"inLanguage\":\"es\",\"potentialAction\":[{\"@type\":\"ReadAction\",\"target\":[\"https:\/\/www.academianutricionydietetica.org\/pro\/la-academia\/organos-de-gobierno\/gregorio-varela-moreiras\/\"]}]},{\"@type\":\"BreadcrumbList\",\"@id\":\"https:\/\/www.academianutricionydietetica.org\/pro\/la-academia\/organos-de-gobierno\/gregorio-varela-moreiras\/#breadcrumb\",\"itemListElement\":[{\"@type\":\"ListItem\",\"position\":1,\"name\":\"Inicio\",\"item\":\"https:\/\/www.academianutricionydietetica.org\/pro\/\"},{\"@type\":\"ListItem\",\"position\":2,\"name\":\"La academia\",\"item\":\"https:\/\/www.academianutricionydietetica.org\/pro\/la-academia\/\"},{\"@type\":\"ListItem\",\"position\":3,\"name\":\"\u00d3rganos de Gobierno\",\"item\":\"https:\/\/www.academianutricionydietetica.org\/pro\/la-academia\/organos-de-gobierno\/\"},{\"@type\":\"ListItem\",\"position\":4,\"name\":\"Gregorio Varela Moreiras\"}]},{\"@type\":\"WebSite\",\"@id\":\"https:\/\/www.academianutricionydietetica.org\/pro\/#website\",\"url\":\"https:\/\/www.academianutricionydietetica.org\/pro\/\",\"name\":\"Academia Espa\u00f1ola de Nutrici\u00f3n y Diet\u00e9tica\",\"description\":\"Formaci\u00f3n, noticias, jornadas y eventos\",\"potentialAction\":[{\"@type\":\"SearchAction\",\"target\":{\"@type\":\"EntryPoint\",\"urlTemplate\":\"https:\/\/www.academianutricionydietetica.org\/pro\/?s={search_term_string}\"},\"query-input\":{\"@type\":\"PropertyValueSpecification\",\"valueRequired\":true,\"valueName\":\"search_term_string\"}}],\"inLanguage\":\"es\"}]}<\/script>\n<!-- \/ Yoast SEO plugin. -->","yoast_head_json":{"title":"Gregorio Varela Moreiras - Academia Espa\u00f1ola de Nutrici\u00f3n y Diet\u00e9tica","robots":{"index":"index","follow":"follow","max-snippet":"max-snippet:-1","max-image-preview":"max-image-preview:large","max-video-preview":"max-video-preview:-1"},"canonical":"https:\/\/www.academianutricionydietetica.org\/pro\/la-academia\/organos-de-gobierno\/gregorio-varela-moreiras\/","og_locale":"es_ES","og_type":"article","og_title":"Gregorio Varela Moreiras - Academia Espa\u00f1ola de Nutrici\u00f3n y Diet\u00e9tica","og_description":"[vc_row dfd_row_responsive_enable=\u00bbdfd-row-responsive-enable\u00bb responsive_styles=\u00bbpadding_left_mobile:20|padding_right_mobile:20&#8243;][vc_column][\/vc_column][\/vc_row]","og_url":"https:\/\/www.academianutricionydietetica.org\/pro\/la-academia\/organos-de-gobierno\/gregorio-varela-moreiras\/","og_site_name":"Academia Espa\u00f1ola de Nutrici\u00f3n y Diet\u00e9tica","article_modified_time":"2025-10-12T18:43:23+00:00","twitter_card":"summary_large_image","twitter_misc":{"Tiempo de lectura":"2 minutos"},"schema":{"@context":"https:\/\/schema.org","@graph":[{"@type":"WebPage","@id":"https:\/\/www.academianutricionydietetica.org\/pro\/la-academia\/organos-de-gobierno\/gregorio-varela-moreiras\/","url":"https:\/\/www.academianutricionydietetica.org\/pro\/la-academia\/organos-de-gobierno\/gregorio-varela-moreiras\/","name":"Gregorio Varela Moreiras - Academia Espa\u00f1ola de Nutrici\u00f3n y Diet\u00e9tica","isPartOf":{"@id":"https:\/\/www.academianutricionydietetica.org\/pro\/#website"},"datePublished":"2025-10-12T18:36:04+00:00","dateModified":"2025-10-12T18:43:23+00:00","breadcrumb":{"@id":"https:\/\/www.academianutricionydietetica.org\/pro\/la-academia\/organos-de-gobierno\/gregorio-varela-moreiras\/#breadcrumb"},"inLanguage":"es","potentialAction":[{"@type":"ReadAction","target":["https:\/\/www.academianutricionydietetica.org\/pro\/la-academia\/organos-de-gobierno\/gregorio-varela-moreiras\/"]}]},{"@type":"BreadcrumbList","@id":"https:\/\/www.academianutricionydietetica.org\/pro\/la-academia\/organos-de-gobierno\/gregorio-varela-moreiras\/#breadcrumb","itemListElement":[{"@type":"ListItem","position":1,"name":"Inicio","item":"https:\/\/www.academianutricionydietetica.org\/pro\/"},{"@type":"ListItem","position":2,"name":"La academia","item":"https:\/\/www.academianutricionydietetica.org\/pro\/la-academia\/"},{"@type":"ListItem","position":3,"name":"\u00d3rganos de Gobierno","item":"https:\/\/www.academianutricionydietetica.org\/pro\/la-academia\/organos-de-gobierno\/"},{"@type":"ListItem","position":4,"name":"Gregorio Varela Moreiras"}]},{"@type":"WebSite","@id":"https:\/\/www.academianutricionydietetica.org\/pro\/#website","url":"https:\/\/www.academianutricionydietetica.org\/pro\/","name":"Academia Espa\u00f1ola de Nutrici\u00f3n y Diet\u00e9tica","description":"Formaci\u00f3n, noticias, jornadas y eventos","potentialAction":[{"@type":"SearchAction","target":{"@type":"EntryPoint","urlTemplate":"https:\/\/www.academianutricionydietetica.org\/pro\/?s={search_term_string}"},"query-input":{"@type":"PropertyValueSpecification","valueRequired":true,"valueName":"search_term_string"}}],"inLanguage":"es"}]}},"_links":{"self":[{"href":"https:\/\/www.academianutricionydietetica.org\/pro\/wp-json\/wp\/v2\/pages\/24176","targetHints":{"allow":["GET"]}}],"collection":[{"href":"https:\/\/www.academianutricionydietetica.org\/pro\/wp-json\/wp\/v2\/pages"}],"about":[{"href":"https:\/\/www.academianutricionydietetica.org\/pro\/wp-json\/wp\/v2\/types\/page"}],"author":[{"embeddable":true,"href":"https:\/\/www.academianutricionydietetica.org\/pro\/wp-json\/wp\/v2\/users\/4"}],"replies":[{"embeddable":true,"href":"https:\/\/www.academianutricionydietetica.org\/pro\/wp-json\/wp\/v2\/comments?post=24176"}],"version-history":[{"count":3,"href":"https:\/\/www.academianutricionydietetica.org\/pro\/wp-json\/wp\/v2\/pages\/24176\/revisions"}],"predecessor-version":[{"id":24182,"href":"https:\/\/www.academianutricionydietetica.org\/pro\/wp-json\/wp\/v2\/pages\/24176\/revisions\/24182"}],"up":[{"embeddable":true,"href":"https:\/\/www.academianutricionydietetica.org\/pro\/wp-json\/wp\/v2\/pages\/16188"}],"wp:attachment":[{"href":"https:\/\/www.academianutricionydietetica.org\/pro\/wp-json\/wp\/v2\/media?parent=24176"}],"curies":[{"name":"wp","href":"https:\/\/api.w.org\/{rel}","templated":true}]}}

<p>[vc_row dfd_row_responsive_enable=»dfd-row-responsive-enable» responsive_styles=»padding_left_mobile:20|padding_right_mobile:20&#8243;][vc_column]<div class="dfd-spacer-module"  data-units="px" data-wide_resolution="1280" data-wide_size="80" data-normal_resolution="1024" data-normal_size="60" data-tablet_resolution="800" data-tablet_size="40" data-mobile_resolution="480" data-mobile_size="40" style="height: 80px;"></div><div class="dfd-info-banner style-05 responsive-team-members text-center" ><div class="image-cover "><img loading="lazy" decoding="async" src="https://www.academianutricionydietetica.org/pro/uploads/2025/10/Gregorio-Varela-2-100x100.jpg" alt="Image"  width="100" height="100" class="info-banner-image " /></div><div class="content-wrap"><h2 class="info-box-title " style="font-size: 22px; line-height: 26.4px; letter-spacing: 1px; ">Gregorio Varela Moreiras</h2><h3 class="info-box-subtitle widget-sub-title " style="">Miembros de honor y eméritos</h3><div class="wrap-delimiter"><div class="delimiter" ></div></div><div class="description" style="">Complutense de Madrid, y colegiado en el COFM desde hace prácticamente cuarenta años. Actualmente, Catedrático de Nutrición y Bromatología de la Facultad de Farmacia de la Universidad San Pablo-CEU en Madrid, y Director del Instituto Universitario CEU “Alimentación y Sociedad”. Responsable del Grupo de Excelencia en Investigación “Nutrición para la Vida”, y Presidente de la Federación Española de Sociedades de Nutrición, Alimentación y Dietética (FESNAD).</p>
<p>Realizó su formación postdoctoral en el Jean Mayer USDA Human Nutrition Research Center on Aging at TUFTS University (Boston, EEUU), y a su regreso se incorporó al Instituto de Investigaciones Biomédicas “Alberto Sols” (CSIC, Madrid). Posteriormente, obtuvo la plaza de Prof. Titular de Nutrición y Bromatología en la Universidad de Burgos, hasta su incorporación a la Universidad San Pablo CEU. En esta última, ha ocupado el cargo de Decano de la Facultad de Ciencias Experimentales y de la Salud, promoviendo la creación de la primera Facultad de Farmacia en dicha Universidad. En la misma, también ha sido durante dos décadas Director del Departamento de Ciencias Farmacéuticas y de la Salud.</p>
<p>Es Académico de Número de la Real Academia Europea de Doctores, de la Real Academia de Gastronomía, de la Academia Hispanoamericana de Doctores, Académico Correspondiente de la Real Academia de Farmacia de Galicia, y miembro fundador de la Academia Española de la Nutrición y Ciencias de la Alimentación. Ha publicado más de 250 artículos científicos indexados, más de 50 capítulos de libros, y es editor de 15 libros.</p>
<p>Es actualmente Vicepresidente de la Sociedad Española de Nutrición Comunitaria, y ha sido Presidente de la Sociedad Española de Nutrición (SEÑ) y de la Fundación Española de la Nutrición (FEN). Entre otras, cuenta con las siguientes distinciones: Encomienda Orden Alfonso X El Sabio; Premio Internacional HIPÓCRATES de Investigación Médica sobre Nutrición Humana; Premio Dr. Marañón a la Mejor Labor Científica en el Campo de la Alimentación, el Grand Prix de la Ciencia de la Alimentación (Academia Internacional de Gastronomía), así como el Premio Luis Noé Fernández 2024 (modalidad Nutrición) .Presidente del Comité Científico de la Agencia Salud y Dieta Mediterránea, Miembro del Patronato y del Consejo Científico de IMDEA-Food (Comunidad de Madrid), del Comité de Nutrición de la Fundación Española del Corazón, y del Comité Científico de la Academia Internacional de Gastronomía.</div></div></div><div class="dfd-spacer-module"  data-units="px" data-wide_resolution="1280" data-wide_size="80" data-normal_resolution="1024" data-normal_size="60" data-tablet_resolution="800" data-tablet_size="40" data-mobile_resolution="480" data-mobile_size="40" style="height: 80px;"></div>[/vc_column][/vc_row]</p>

<!-- This site is optimized with the Yoast SEO plugin v26.7 - https://yoast.com/wordpress/plugins/seo/ -->
<title>Gregorio Varela Moreiras - Academia Española de Nutrición y Dietética</title>
<meta name="robots" content="index, follow, max-snippet:-1, max-image-preview:large, max-video-preview:-1" />
<link rel="canonical" href="https://www.academianutricionydietetica.org/pro/la-academia/organos-de-gobierno/gregorio-varela-moreiras/" />
<meta property="og:locale" content="es_ES" />
<meta property="og:type" content="article" />
<meta property="og:title" content="Gregorio Varela Moreiras - Academia Española de Nutrición y Dietética" />
<meta property="og:description" content="[vc_row dfd_row_responsive_enable=»dfd-row-responsive-enable» responsive_styles=»padding_left_mobile:20|padding_right_mobile:20&#8243;][vc_column][/vc_column][/vc_row]" />
<meta property="og:url" content="https://www.academianutricionydietetica.org/pro/la-academia/organos-de-gobierno/gregorio-varela-moreiras/" />
<meta property="og:site_name" content="Academia Española de Nutrición y Dietética" />
<meta property="article:modified_time" content="2025-10-12T18:43:23+00:00" />
<meta name="twitter:card" content="summary_large_image" />
<meta name="twitter:label1" content="Tiempo de lectura" />
	<meta name="twitter:data1" content="2 minutos" />
<script type="application/ld+json" class="yoast-schema-graph">{"@context":"https://schema.org","@graph":[{"@type":"WebPage","@id":"https://www.academianutricionydietetica.org/pro/la-academia/organos-de-gobierno/gregorio-varela-moreiras/","url":"https://www.academianutricionydietetica.org/pro/la-academia/organos-de-gobierno/gregorio-varela-moreiras/","name":"Gregorio Varela Moreiras - Academia Española de Nutrición y Dietética","isPartOf":{"@id":"https://www.academianutricionydietetica.org/pro/#website"},"datePublished":"2025-10-12T18:36:04+00:00","dateModified":"2025-10-12T18:43:23+00:00","breadcrumb":{"@id":"https://www.academianutricionydietetica.org/pro/la-academia/organos-de-gobierno/gregorio-varela-moreiras/#breadcrumb"},"inLanguage":"es","potentialAction":[{"@type":"ReadAction","target":["https://www.academianutricionydietetica.org/pro/la-academia/organos-de-gobierno/gregorio-varela-moreiras/"]}]},{"@type":"BreadcrumbList","@id":"https://www.academianutricionydietetica.org/pro/la-academia/organos-de-gobierno/gregorio-varela-moreiras/#breadcrumb","itemListElement":[{"@type":"ListItem","position":1,"name":"Inicio","item":"https://www.academianutricionydietetica.org/pro/"},{"@type":"ListItem","position":2,"name":"La academia","item":"https://www.academianutricionydietetica.org/pro/la-academia/"},{"@type":"ListItem","position":3,"name":"Órganos de Gobierno","item":"https://www.academianutricionydietetica.org/pro/la-academia/organos-de-gobierno/"},{"@type":"ListItem","position":4,"name":"Gregorio Varela Moreiras"}]},{"@type":"WebSite","@id":"https://www.academianutricionydietetica.org/pro/#website","url":"https://www.academianutricionydietetica.org/pro/","name":"Academia Española de Nutrición y Dietética","description":"Formación, noticias, jornadas y eventos","potentialAction":[{"@type":"SearchAction","target":{"@type":"EntryPoint","urlTemplate":"https://www.academianutricionydietetica.org/pro/?s={search_term_string}"},"query-input":{"@type":"PropertyValueSpecification","valueRequired":true,"valueName":"search_term_string"}}],"inLanguage":"es"}]}</script>
<!-- / Yoast SEO plugin. -->

Gregorio Varela Moreiras - Academia Española de Nutrición y Dietética

Academia Española de Nutrición y Dietética

Órganos de Gobierno

Formación, noticias, jornadas y eventos
