{"id":24188,"date":"2025-10-14T07:01:25","date_gmt":"2025-10-14T07:01:25","guid":{"rendered":"https:\/\/www.academianutricionydietetica.org\/pro\/?page_id=24188"},"modified":"2025-10-14T07:21:43","modified_gmt":"2025-10-14T07:21:43","slug":"angela-garcia-gonzalez","status":"publish","type":"page","link":"https:\/\/www.academianutricionydietetica.org\/pro\/la-academia\/organos-de-gobierno\/angela-garcia-gonzalez\/","title":{"rendered":"\u00c1ngela Garc\u00eda Gonz\u00e1lez"},"content":{"rendered":"<p>[vc_row dfd_row_responsive_enable=\u00bbdfd-row-responsive-enable\u00bb responsive_styles=\u00bbpadding_left_mobile:20|padding_right_mobile:20&#8243;][vc_column]<div class=\"dfd-spacer-module\"  data-units=\"px\" data-wide_resolution=\"1280\" data-wide_size=\"80\" data-normal_resolution=\"1024\" data-normal_size=\"60\" data-tablet_resolution=\"800\" data-tablet_size=\"40\" data-mobile_resolution=\"480\" data-mobile_size=\"40\" style=\"height: 80px;\"><\/div><div class=\"dfd-info-banner style-05 responsive-team-members text-center\" ><div class=\"image-cover \"><img loading=\"lazy\" decoding=\"async\" src=\"https:\/\/www.academianutricionydietetica.org\/pro\/uploads\/2025\/10\/Angela-GArcia-Gonzalez-100x100.jpg\" alt=\"Image\"  width=\"100\" height=\"100\" class=\"info-banner-image \" \/><\/div><div class=\"content-wrap\"><h2 class=\"info-box-title \" style=\"font-size: 22px; line-height: 26.4px; letter-spacing: 1px; \">\u00c1ngela Garc\u00eda Gonz\u00e1lez<\/h2><h3 class=\"info-box-subtitle widget-sub-title \" style=\"\">Miembros de honor y em\u00e9ritos<\/h3><div class=\"wrap-delimiter\"><div class=\"delimiter\" ><\/div><\/div><div class=\"description\" style=\"\">Doctora en Medicina y Cirug\u00eda (Universidad de Oviedo), tengo un alma de dietista que descubr\u00ed al finalizar mis estudios de Medicina y realizar un M\u00e1ster en Nutrici\u00f3n Cl\u00ednica en la Universidad Aut\u00f3noma de Madrid. Trabaj\u00e9 como profesora e investigadora en la Universidad Aut\u00f3noma del Estado de Hidalgo (M\u00e9xico) y desde 2002 soy profesora de Nutrici\u00f3n en la Universidad San Pablo-CEU (Madrid), donde imparto asignaturas relacionadas con la nutrici\u00f3n y la salud p\u00fablica.<\/p>\n<p>Miembro del Grupo de Investigaci\u00f3n consolidado \u201cAlimentaci\u00f3n y nutrici\u00f3n en la promoci\u00f3n de la salud- CEU-NutriFood\u201d, liderado por la Dra. Elena Alonso Aperte, en el \u00e1mbito de la investigaci\u00f3n, tengo pasi\u00f3n por la sociolog\u00eda de la alimentaci\u00f3n y la evaluaci\u00f3n de los determinantes culturales y socioecon\u00f3micos de los h\u00e1bitos alimentarios, con una especial curiosidad por la alimentaci\u00f3n sostenible y la alfabetizaci\u00f3n alimentaria. Tambi\u00e9n he participado en diversos proyectos centrados en el an\u00e1lisis del estado nutricional de deportistas y otros subgrupos poblacionales.<\/p>\n<p>He liderado 8 proyectos de investigaci\u00f3n y participado en otros 21 como investigadora. Soy autora de 35 art\u00edculos cient\u00edficos; 9 cap\u00edtulos de libros y editora de 1 libro, habiendo presentado 42 comunicaciones a congresos (14 como ponencia invitada). Hasta la actualidad ha dirigido 2 tesis doctorales; 2 tesis de licenciatura y m\u00e1s de 100 proyectos de investigaci\u00f3n de Fin de Grado. \u00cdndices de calidad de la producci\u00f3n cient\u00edfica: Web of Science Metrics:: \u00edndice H :14 Google Scholar, \u00edndice H:16 \u00edndice i10:19<\/p>\n<p>Como docente soy una entusiasta de la innovaci\u00f3n y de la internacionalizaci\u00f3n y soy miembro del Comit\u00e9 de innovaci\u00f3n docente de la facultad de farmacia de mi universidad. He colaborado con colegas de distintas universidades europeas en la tutor\u00eda de proyectos internacionales de TFG y en proyectos de aprendizaje colaborativo, tanto virtuales como semipresenciales tales como  \u201cNutrition International Health Promotion Project\u201d, \u201cThe Foodture\u201d o \u201cQuality of Food Intake and Social Exclusion\u201d.<\/p>\n<p>Represento a la Universidad San Pablo-CEU en EFAD desde 2008 y desde 2013 soy miembro de su comit\u00e9 de Educaci\u00f3n y Aprendizaje Permanente (ELLC) que tiene como visi\u00f3n apoyar a EFAD en la consecuci\u00f3n de la m\u00e1s alta calidad en la educaci\u00f3n y formaci\u00f3n del colectivo dietista en Europa, habiendo participado en la elaboraci\u00f3n de los documentos: Dietitians in Europe Definition  Profession and Education (2016) Revised Dietetic Competence and the six domains of dietetic competency in Europe (2016); EFAD Academic Standards (2018); EFAD Practical Placements Standards (2022); European Dietetic Advanced Competencies (2025)<br \/>\n<\/div><\/div><a href=\"https:\/\/www.academianutricionydietetica.org\/pro\/la-academia\/organos-de-gobierno\/angela-garcia-gonzalez\/\" title=\"\u00c1ngela Garc\u00eda Gonz\u00e1lez\"  class=\"full-box-link\"><\/a><\/div><div class=\"dfd-spacer-module\"  data-units=\"px\" data-wide_resolution=\"1280\" data-wide_size=\"80\" data-normal_resolution=\"1024\" data-normal_size=\"60\" data-tablet_resolution=\"800\" data-tablet_size=\"40\" data-mobile_resolution=\"480\" data-mobile_size=\"40\" style=\"height: 80px;\"><\/div>[\/vc_column][\/vc_row]<\/p>\n","protected":false},"excerpt":{"rendered":"<p>[vc_row dfd_row_responsive_enable=\u00bbdfd-row-responsive-enable\u00bb responsive_styles=\u00bbpadding_left_mobile:20|padding_right_mobile:20&#8243;][vc_column][\/vc_column][\/vc_row]<\/p>\n","protected":false},"author":4,"featured_media":0,"parent":16188,"menu_order":0,"comment_status":"closed","ping_status":"closed","template":"page-custom-with-header.php","meta":{"_acf_changed":false,"_monsterinsights_skip_tracking":false,"_monsterinsights_sitenote_active":false,"_monsterinsights_sitenote_note":"","_monsterinsights_sitenote_category":0,"footnotes":""},"class_list":["post-24188","page","type-page","status-publish","hentry"],"acf":[],"yoast_head":"<!-- This site is optimized with the Yoast SEO plugin v26.7 - https:\/\/yoast.com\/wordpress\/plugins\/seo\/ -->\n<title>\u00c1ngela Garc\u00eda Gonz\u00e1lez - Academia Espa\u00f1ola de Nutrici\u00f3n y Diet\u00e9tica<\/title>\n<meta name=\"robots\" content=\"index, follow, max-snippet:-1, max-image-preview:large, max-video-preview:-1\" \/>\n<link rel=\"canonical\" href=\"https:\/\/www.academianutricionydietetica.org\/pro\/la-academia\/organos-de-gobierno\/angela-garcia-gonzalez\/\" \/>\n<meta property=\"og:locale\" content=\"es_ES\" \/>\n<meta property=\"og:type\" content=\"article\" \/>\n<meta property=\"og:title\" content=\"\u00c1ngela Garc\u00eda Gonz\u00e1lez - Academia Espa\u00f1ola de Nutrici\u00f3n y Diet\u00e9tica\" \/>\n<meta property=\"og:description\" content=\"[vc_row dfd_row_responsive_enable=\u00bbdfd-row-responsive-enable\u00bb responsive_styles=\u00bbpadding_left_mobile:20|padding_right_mobile:20&#8243;][vc_column][\/vc_column][\/vc_row]\" \/>\n<meta property=\"og:url\" content=\"https:\/\/www.academianutricionydietetica.org\/pro\/la-academia\/organos-de-gobierno\/angela-garcia-gonzalez\/\" \/>\n<meta property=\"og:site_name\" content=\"Academia Espa\u00f1ola de Nutrici\u00f3n y Diet\u00e9tica\" \/>\n<meta property=\"article:modified_time\" content=\"2025-10-14T07:21:43+00:00\" \/>\n<meta name=\"twitter:card\" content=\"summary_large_image\" \/>\n<meta name=\"twitter:label1\" content=\"Tiempo de lectura\" \/>\n\t<meta name=\"twitter:data1\" content=\"3 minutos\" \/>\n<script type=\"application\/ld+json\" class=\"yoast-schema-graph\">{\"@context\":\"https:\/\/schema.org\",\"@graph\":[{\"@type\":\"WebPage\",\"@id\":\"https:\/\/www.academianutricionydietetica.org\/pro\/la-academia\/organos-de-gobierno\/angela-garcia-gonzalez\/\",\"url\":\"https:\/\/www.academianutricionydietetica.org\/pro\/la-academia\/organos-de-gobierno\/angela-garcia-gonzalez\/\",\"name\":\"\u00c1ngela Garc\u00eda Gonz\u00e1lez - Academia Espa\u00f1ola de Nutrici\u00f3n y Diet\u00e9tica\",\"isPartOf\":{\"@id\":\"https:\/\/www.academianutricionydietetica.org\/pro\/#website\"},\"datePublished\":\"2025-10-14T07:01:25+00:00\",\"dateModified\":\"2025-10-14T07:21:43+00:00\",\"breadcrumb\":{\"@id\":\"https:\/\/www.academianutricionydietetica.org\/pro\/la-academia\/organos-de-gobierno\/angela-garcia-gonzalez\/#breadcrumb\"},\"inLanguage\":\"es\",\"potentialAction\":[{\"@type\":\"ReadAction\",\"target\":[\"https:\/\/www.academianutricionydietetica.org\/pro\/la-academia\/organos-de-gobierno\/angela-garcia-gonzalez\/\"]}]},{\"@type\":\"BreadcrumbList\",\"@id\":\"https:\/\/www.academianutricionydietetica.org\/pro\/la-academia\/organos-de-gobierno\/angela-garcia-gonzalez\/#breadcrumb\",\"itemListElement\":[{\"@type\":\"ListItem\",\"position\":1,\"name\":\"Inicio\",\"item\":\"https:\/\/www.academianutricionydietetica.org\/pro\/\"},{\"@type\":\"ListItem\",\"position\":2,\"name\":\"La academia\",\"item\":\"https:\/\/www.academianutricionydietetica.org\/pro\/la-academia\/\"},{\"@type\":\"ListItem\",\"position\":3,\"name\":\"\u00d3rganos de Gobierno\",\"item\":\"https:\/\/www.academianutricionydietetica.org\/pro\/la-academia\/organos-de-gobierno\/\"},{\"@type\":\"ListItem\",\"position\":4,\"name\":\"\u00c1ngela Garc\u00eda Gonz\u00e1lez\"}]},{\"@type\":\"WebSite\",\"@id\":\"https:\/\/www.academianutricionydietetica.org\/pro\/#website\",\"url\":\"https:\/\/www.academianutricionydietetica.org\/pro\/\",\"name\":\"Academia Espa\u00f1ola de Nutrici\u00f3n y Diet\u00e9tica\",\"description\":\"Formaci\u00f3n, noticias, jornadas y eventos\",\"potentialAction\":[{\"@type\":\"SearchAction\",\"target\":{\"@type\":\"EntryPoint\",\"urlTemplate\":\"https:\/\/www.academianutricionydietetica.org\/pro\/?s={search_term_string}\"},\"query-input\":{\"@type\":\"PropertyValueSpecification\",\"valueRequired\":true,\"valueName\":\"search_term_string\"}}],\"inLanguage\":\"es\"}]}<\/script>\n<!-- \/ Yoast SEO plugin. -->","yoast_head_json":{"title":"\u00c1ngela Garc\u00eda Gonz\u00e1lez - Academia Espa\u00f1ola de Nutrici\u00f3n y Diet\u00e9tica","robots":{"index":"index","follow":"follow","max-snippet":"max-snippet:-1","max-image-preview":"max-image-preview:large","max-video-preview":"max-video-preview:-1"},"canonical":"https:\/\/www.academianutricionydietetica.org\/pro\/la-academia\/organos-de-gobierno\/angela-garcia-gonzalez\/","og_locale":"es_ES","og_type":"article","og_title":"\u00c1ngela Garc\u00eda Gonz\u00e1lez - Academia Espa\u00f1ola de Nutrici\u00f3n y Diet\u00e9tica","og_description":"[vc_row dfd_row_responsive_enable=\u00bbdfd-row-responsive-enable\u00bb responsive_styles=\u00bbpadding_left_mobile:20|padding_right_mobile:20&#8243;][vc_column][\/vc_column][\/vc_row]","og_url":"https:\/\/www.academianutricionydietetica.org\/pro\/la-academia\/organos-de-gobierno\/angela-garcia-gonzalez\/","og_site_name":"Academia Espa\u00f1ola de Nutrici\u00f3n y Diet\u00e9tica","article_modified_time":"2025-10-14T07:21:43+00:00","twitter_card":"summary_large_image","twitter_misc":{"Tiempo de lectura":"3 minutos"},"schema":{"@context":"https:\/\/schema.org","@graph":[{"@type":"WebPage","@id":"https:\/\/www.academianutricionydietetica.org\/pro\/la-academia\/organos-de-gobierno\/angela-garcia-gonzalez\/","url":"https:\/\/www.academianutricionydietetica.org\/pro\/la-academia\/organos-de-gobierno\/angela-garcia-gonzalez\/","name":"\u00c1ngela Garc\u00eda Gonz\u00e1lez - Academia Espa\u00f1ola de Nutrici\u00f3n y Diet\u00e9tica","isPartOf":{"@id":"https:\/\/www.academianutricionydietetica.org\/pro\/#website"},"datePublished":"2025-10-14T07:01:25+00:00","dateModified":"2025-10-14T07:21:43+00:00","breadcrumb":{"@id":"https:\/\/www.academianutricionydietetica.org\/pro\/la-academia\/organos-de-gobierno\/angela-garcia-gonzalez\/#breadcrumb"},"inLanguage":"es","potentialAction":[{"@type":"ReadAction","target":["https:\/\/www.academianutricionydietetica.org\/pro\/la-academia\/organos-de-gobierno\/angela-garcia-gonzalez\/"]}]},{"@type":"BreadcrumbList","@id":"https:\/\/www.academianutricionydietetica.org\/pro\/la-academia\/organos-de-gobierno\/angela-garcia-gonzalez\/#breadcrumb","itemListElement":[{"@type":"ListItem","position":1,"name":"Inicio","item":"https:\/\/www.academianutricionydietetica.org\/pro\/"},{"@type":"ListItem","position":2,"name":"La academia","item":"https:\/\/www.academianutricionydietetica.org\/pro\/la-academia\/"},{"@type":"ListItem","position":3,"name":"\u00d3rganos de Gobierno","item":"https:\/\/www.academianutricionydietetica.org\/pro\/la-academia\/organos-de-gobierno\/"},{"@type":"ListItem","position":4,"name":"\u00c1ngela Garc\u00eda Gonz\u00e1lez"}]},{"@type":"WebSite","@id":"https:\/\/www.academianutricionydietetica.org\/pro\/#website","url":"https:\/\/www.academianutricionydietetica.org\/pro\/","name":"Academia Espa\u00f1ola de Nutrici\u00f3n y Diet\u00e9tica","description":"Formaci\u00f3n, noticias, jornadas y eventos","potentialAction":[{"@type":"SearchAction","target":{"@type":"EntryPoint","urlTemplate":"https:\/\/www.academianutricionydietetica.org\/pro\/?s={search_term_string}"},"query-input":{"@type":"PropertyValueSpecification","valueRequired":true,"valueName":"search_term_string"}}],"inLanguage":"es"}]}},"_links":{"self":[{"href":"https:\/\/www.academianutricionydietetica.org\/pro\/wp-json\/wp\/v2\/pages\/24188","targetHints":{"allow":["GET"]}}],"collection":[{"href":"https:\/\/www.academianutricionydietetica.org\/pro\/wp-json\/wp\/v2\/pages"}],"about":[{"href":"https:\/\/www.academianutricionydietetica.org\/pro\/wp-json\/wp\/v2\/types\/page"}],"author":[{"embeddable":true,"href":"https:\/\/www.academianutricionydietetica.org\/pro\/wp-json\/wp\/v2\/users\/4"}],"replies":[{"embeddable":true,"href":"https:\/\/www.academianutricionydietetica.org\/pro\/wp-json\/wp\/v2\/comments?post=24188"}],"version-history":[{"count":3,"href":"https:\/\/www.academianutricionydietetica.org\/pro\/wp-json\/wp\/v2\/pages\/24188\/revisions"}],"predecessor-version":[{"id":24197,"href":"https:\/\/www.academianutricionydietetica.org\/pro\/wp-json\/wp\/v2\/pages\/24188\/revisions\/24197"}],"up":[{"embeddable":true,"href":"https:\/\/www.academianutricionydietetica.org\/pro\/wp-json\/wp\/v2\/pages\/16188"}],"wp:attachment":[{"href":"https:\/\/www.academianutricionydietetica.org\/pro\/wp-json\/wp\/v2\/media?parent=24188"}],"curies":[{"name":"wp","href":"https:\/\/api.w.org\/{rel}","templated":true}]}}

Ángela García González

<p>[vc_row dfd_row_responsive_enable=»dfd-row-responsive-enable» responsive_styles=»padding_left_mobile:20|padding_right_mobile:20&#8243;][vc_column]<div class="dfd-spacer-module"  data-units="px" data-wide_resolution="1280" data-wide_size="80" data-normal_resolution="1024" data-normal_size="60" data-tablet_resolution="800" data-tablet_size="40" data-mobile_resolution="480" data-mobile_size="40" style="height: 80px;"></div><div class="dfd-info-banner style-05 responsive-team-members text-center" ><div class="image-cover "><img loading="lazy" decoding="async" src="https://www.academianutricionydietetica.org/pro/uploads/2025/10/Angela-GArcia-Gonzalez-100x100.jpg" alt="Image"  width="100" height="100" class="info-banner-image " /></div><div class="content-wrap"><h2 class="info-box-title " style="font-size: 22px; line-height: 26.4px; letter-spacing: 1px; ">Ángela García González</h2><h3 class="info-box-subtitle widget-sub-title " style="">Miembros de honor y eméritos</h3><div class="wrap-delimiter"><div class="delimiter" ></div></div><div class="description" style="">Doctora en Medicina y Cirugía (Universidad de Oviedo), tengo un alma de dietista que descubrí al finalizar mis estudios de Medicina y realizar un Máster en Nutrición Clínica en la Universidad Autónoma de Madrid. Trabajé como profesora e investigadora en la Universidad Autónoma del Estado de Hidalgo (México) y desde 2002 soy profesora de Nutrición en la Universidad San Pablo-CEU (Madrid), donde imparto asignaturas relacionadas con la nutrición y la salud pública.</p>
<p>Miembro del Grupo de Investigación consolidado “Alimentación y nutrición en la promoción de la salud- CEU-NutriFood”, liderado por la Dra. Elena Alonso Aperte, en el ámbito de la investigación, tengo pasión por la sociología de la alimentación y la evaluación de los determinantes culturales y socioeconómicos de los hábitos alimentarios, con una especial curiosidad por la alimentación sostenible y la alfabetización alimentaria. También he participado en diversos proyectos centrados en el análisis del estado nutricional de deportistas y otros subgrupos poblacionales.</p>
<p>He liderado 8 proyectos de investigación y participado en otros 21 como investigadora. Soy autora de 35 artículos científicos; 9 capítulos de libros y editora de 1 libro, habiendo presentado 42 comunicaciones a congresos (14 como ponencia invitada). Hasta la actualidad ha dirigido 2 tesis doctorales; 2 tesis de licenciatura y más de 100 proyectos de investigación de Fin de Grado. Índices de calidad de la producción científica: Web of Science Metrics:: índice H :14 Google Scholar, índice H:16 índice i10:19</p>
<p>Como docente soy una entusiasta de la innovación y de la internacionalización y soy miembro del Comité de innovación docente de la facultad de farmacia de mi universidad. He colaborado con colegas de distintas universidades europeas en la tutoría de proyectos internacionales de TFG y en proyectos de aprendizaje colaborativo, tanto virtuales como semipresenciales tales como  “Nutrition International Health Promotion Project”, “The Foodture” o “Quality of Food Intake and Social Exclusion”.</p>
<p>Represento a la Universidad San Pablo-CEU en EFAD desde 2008 y desde 2013 soy miembro de su comité de Educación y Aprendizaje Permanente (ELLC) que tiene como visión apoyar a EFAD en la consecución de la más alta calidad en la educación y formación del colectivo dietista en Europa, habiendo participado en la elaboración de los documentos: Dietitians in Europe Definition  Profession and Education (2016) Revised Dietetic Competence and the six domains of dietetic competency in Europe (2016); EFAD Academic Standards (2018); EFAD Practical Placements Standards (2022); European Dietetic Advanced Competencies (2025)<br />
</div></div><a href="https://www.academianutricionydietetica.org/pro/la-academia/organos-de-gobierno/angela-garcia-gonzalez/" title="Ángela García González"  class="full-box-link"></a></div><div class="dfd-spacer-module"  data-units="px" data-wide_resolution="1280" data-wide_size="80" data-normal_resolution="1024" data-normal_size="60" data-tablet_resolution="800" data-tablet_size="40" data-mobile_resolution="480" data-mobile_size="40" style="height: 80px;"></div>[/vc_column][/vc_row]</p>

<!-- This site is optimized with the Yoast SEO plugin v26.7 - https://yoast.com/wordpress/plugins/seo/ -->
<title>Ángela García González - Academia Española de Nutrición y Dietética</title>
<meta name="robots" content="index, follow, max-snippet:-1, max-image-preview:large, max-video-preview:-1" />
<link rel="canonical" href="https://www.academianutricionydietetica.org/pro/la-academia/organos-de-gobierno/angela-garcia-gonzalez/" />
<meta property="og:locale" content="es_ES" />
<meta property="og:type" content="article" />
<meta property="og:title" content="Ángela García González - Academia Española de Nutrición y Dietética" />
<meta property="og:description" content="[vc_row dfd_row_responsive_enable=»dfd-row-responsive-enable» responsive_styles=»padding_left_mobile:20|padding_right_mobile:20&#8243;][vc_column][/vc_column][/vc_row]" />
<meta property="og:url" content="https://www.academianutricionydietetica.org/pro/la-academia/organos-de-gobierno/angela-garcia-gonzalez/" />
<meta property="og:site_name" content="Academia Española de Nutrición y Dietética" />
<meta property="article:modified_time" content="2025-10-14T07:21:43+00:00" />
<meta name="twitter:card" content="summary_large_image" />
<meta name="twitter:label1" content="Tiempo de lectura" />
	<meta name="twitter:data1" content="3 minutos" />
<script type="application/ld+json" class="yoast-schema-graph">{"@context":"https://schema.org","@graph":[{"@type":"WebPage","@id":"https://www.academianutricionydietetica.org/pro/la-academia/organos-de-gobierno/angela-garcia-gonzalez/","url":"https://www.academianutricionydietetica.org/pro/la-academia/organos-de-gobierno/angela-garcia-gonzalez/","name":"Ángela García González - Academia Española de Nutrición y Dietética","isPartOf":{"@id":"https://www.academianutricionydietetica.org/pro/#website"},"datePublished":"2025-10-14T07:01:25+00:00","dateModified":"2025-10-14T07:21:43+00:00","breadcrumb":{"@id":"https://www.academianutricionydietetica.org/pro/la-academia/organos-de-gobierno/angela-garcia-gonzalez/#breadcrumb"},"inLanguage":"es","potentialAction":[{"@type":"ReadAction","target":["https://www.academianutricionydietetica.org/pro/la-academia/organos-de-gobierno/angela-garcia-gonzalez/"]}]},{"@type":"BreadcrumbList","@id":"https://www.academianutricionydietetica.org/pro/la-academia/organos-de-gobierno/angela-garcia-gonzalez/#breadcrumb","itemListElement":[{"@type":"ListItem","position":1,"name":"Inicio","item":"https://www.academianutricionydietetica.org/pro/"},{"@type":"ListItem","position":2,"name":"La academia","item":"https://www.academianutricionydietetica.org/pro/la-academia/"},{"@type":"ListItem","position":3,"name":"Órganos de Gobierno","item":"https://www.academianutricionydietetica.org/pro/la-academia/organos-de-gobierno/"},{"@type":"ListItem","position":4,"name":"Ángela García González"}]},{"@type":"WebSite","@id":"https://www.academianutricionydietetica.org/pro/#website","url":"https://www.academianutricionydietetica.org/pro/","name":"Academia Española de Nutrición y Dietética","description":"Formación, noticias, jornadas y eventos","potentialAction":[{"@type":"SearchAction","target":{"@type":"EntryPoint","urlTemplate":"https://www.academianutricionydietetica.org/pro/?s={search_term_string}"},"query-input":{"@type":"PropertyValueSpecification","valueRequired":true,"valueName":"search_term_string"}}],"inLanguage":"es"}]}</script>
<!-- / Yoast SEO plugin. -->

Ángela García González - Academia Española de Nutrición y Dietética

Academia Española de Nutrición y Dietética

Órganos de Gobierno

Formación, noticias, jornadas y eventos
