{"id":24456,"date":"2026-01-30T10:57:57","date_gmt":"2026-01-30T10:57:57","guid":{"rendered":"https:\/\/www.academianutricionydietetica.org\/pro\/?page_id=24456"},"modified":"2026-01-30T11:01:45","modified_gmt":"2026-01-30T11:01:45","slug":"maite-maraculla-arenaza","status":"publish","type":"page","link":"https:\/\/www.academianutricionydietetica.org\/pro\/la-academia\/organos-de-gobierno\/maite-maraculla-arenaza\/","title":{"rendered":"Maite Maraculla Arenaza"},"content":{"rendered":"<p>[vc_row dfd_row_responsive_enable=\u00bbdfd-row-responsive-enable\u00bb responsive_styles=\u00bbpadding_left_mobile:20|padding_right_mobile:20&#8243;][vc_column]<div class=\"dfd-spacer-module\"  data-units=\"px\" data-wide_resolution=\"1280\" data-wide_size=\"80\" data-normal_resolution=\"1024\" data-normal_size=\"60\" data-tablet_resolution=\"800\" data-tablet_size=\"40\" data-mobile_resolution=\"480\" data-mobile_size=\"40\" style=\"height: 80px;\"><\/div><div class=\"dfd-info-banner style-05 responsive-team-members text-center\" ><div class=\"image-cover \"><img loading=\"lazy\" decoding=\"async\" src=\"https:\/\/www.academianutricionydietetica.org\/pro\/uploads\/2026\/01\/Foto-1-100x100.jpg\" alt=\"Maite Maraculla Arenaza\"  width=\"100\" height=\"100\" class=\"info-banner-image \" \/><\/div><div class=\"content-wrap\"><h2 class=\"info-box-title \" style=\"font-size: 22px; line-height: 26.4px; letter-spacing: 1px; \">Maite Maraculla Arenaza <\/h2><h3 class=\"info-box-subtitle widget-sub-title \" style=\"\">Miembros de honor y em\u00e9ritos<\/h3><div class=\"wrap-delimiter\"><div class=\"delimiter\" ><\/div><\/div><div class=\"description\" style=\"\">M\u00aa TERESA (o Maite) MACARULLA ARENAZA, es licenciada y doctora con Premio Extraordinario en Farmacia por la Universidad de Navarra. Fue Profesora Ayudante de la misma, y posteriormente Profesora Asociada y Profesora Titular Interina de la Universidad del Pa\u00eds Vasco (UPV\/EHU). Desde 1993 es Profesora Titular de la Universidad del Pa\u00eds Vasco, donde pertenece al Grupo de Investigaci\u00f3n Consolidado de la UPV\/EHU, reconocido como Grupo de Investigaci\u00f3n del Sistema Universitario Vasco por el Gobierno Vasco y adscrito al Instituto de Investigaci\u00f3n Sanitaria Bioaraba, denominado \u201cNutrici\u00f3n y Obesidad\u201d. Este grupo forma parte de 2 Redes de Investigaci\u00f3n: \u201cCentro de Investigaci\u00f3n Biom\u00e9dica en Red de la Fisiopatolog\u00eda de la Obesidad y Nutrici\u00f3n\u201d (CIBERobn) del Instituto de Salud Carlos III, y \u201cComunidad de Trabajo de los Pirineos\u201d (CTP) de los Gobiernos Auton\u00f3micos de Euskadi, Navarra, Arag\u00f3n, Catalu\u00f1a, Aquitania y Midi-Pyr\u00e9n\u00e9es (Francia).<\/p>\n<p>Su investigaci\u00f3n se centra en el estudio de la obesidad y patolog\u00edas asociadas (mecanismos bioqu\u00edmicos, hormonales y nutrigen\u00f3micos), y en la b\u00fasqueda de nuevas mol\u00e9culas con potencial aplicaci\u00f3n anti-obesidad para la elaboraci\u00f3n de alimentos funcionales.<br \/>\nLa Dra. Macarulla ha participado en m\u00e1s de 40 proyectos de investigaci\u00f3n de convocatoria competitiva. Ha dirigido 7 Tesis Doctorales, 6 Tesis de Licenciatura y 8 Trabajos Fin de M\u00e1ster. Ha publicado 6 libros, 24 cap\u00edtulos de libro, y m\u00e1s de 90 art\u00edculos en revistas cient\u00edficas (la mayor\u00eda internacionales). Fruto de su investigaci\u00f3n ha conseguido una patente. Ha presentado m\u00e1s de 200 comunicaciones en congresos (m\u00e1s de la mitad internacionales), habiendo sido premiadas 3 de ellas. Es revisora habitual de varias revistas cient\u00edficas internacionales.<\/p>\n<p>Durante 7 a\u00f1os fue Responsable y Coordinadora de los Programas de Doctorado \u201cFarmacia y Ciencia de los Alimentos\u201d y \u201cNutrici\u00f3n, Bromatolog\u00eda y Tecnolog\u00eda de Alimentos\u201d de su Departamento. Ha pertenecido al Comit\u00e9 de Organizaci\u00f3n del M\u00e1ster \u201cNutrici\u00f3n y Salud\u201d, y pertenece a su Comisi\u00f3n de Calidad, as\u00ed como a la Comisi\u00f3n Acad\u00e9mica del Programa de Doctorado Interuniversitario \u201cNutrigen\u00f3mica y Nutrici\u00f3n Personalizada\u201d liderado por la Universidad de las Islas Baleares.<\/p>\n<p>Actualmente tiene evaluados positivamente 4 Sexenios de Investigaci\u00f3n y 6 Quinquenios de Docencia.<br \/>\n<\/div><\/div><\/div><div class=\"dfd-spacer-module\"  data-units=\"px\" data-wide_resolution=\"1280\" data-wide_size=\"80\" data-normal_resolution=\"1024\" data-normal_size=\"60\" data-tablet_resolution=\"800\" data-tablet_size=\"40\" data-mobile_resolution=\"480\" data-mobile_size=\"40\" style=\"height: 80px;\"><\/div>[\/vc_column][\/vc_row]<\/p>\n","protected":false},"excerpt":{"rendered":"<p>[vc_row dfd_row_responsive_enable=\u00bbdfd-row-responsive-enable\u00bb responsive_styles=\u00bbpadding_left_mobile:20|padding_right_mobile:20&#8243;][vc_column][\/vc_column][\/vc_row]<\/p>\n","protected":false},"author":4,"featured_media":0,"parent":16188,"menu_order":0,"comment_status":"closed","ping_status":"closed","template":"page-custom-with-header.php","meta":{"_acf_changed":false,"_monsterinsights_skip_tracking":false,"_monsterinsights_sitenote_active":false,"_monsterinsights_sitenote_note":"","_monsterinsights_sitenote_category":0,"footnotes":""},"class_list":["post-24456","page","type-page","status-publish","hentry"],"acf":[],"yoast_head":"<!-- This site is optimized with the Yoast SEO plugin v26.7 - https:\/\/yoast.com\/wordpress\/plugins\/seo\/ -->\n<title>Maite Maraculla Arenaza - Academia Espa\u00f1ola de Nutrici\u00f3n y Diet\u00e9tica<\/title>\n<meta name=\"robots\" content=\"index, follow, max-snippet:-1, max-image-preview:large, max-video-preview:-1\" \/>\n<link rel=\"canonical\" href=\"https:\/\/www.academianutricionydietetica.org\/pro\/la-academia\/organos-de-gobierno\/maite-maraculla-arenaza\/\" \/>\n<meta property=\"og:locale\" content=\"es_ES\" \/>\n<meta property=\"og:type\" content=\"article\" \/>\n<meta property=\"og:title\" content=\"Maite Maraculla Arenaza - Academia Espa\u00f1ola de Nutrici\u00f3n y Diet\u00e9tica\" \/>\n<meta property=\"og:description\" content=\"[vc_row dfd_row_responsive_enable=\u00bbdfd-row-responsive-enable\u00bb responsive_styles=\u00bbpadding_left_mobile:20|padding_right_mobile:20&#8243;][vc_column][\/vc_column][\/vc_row]\" \/>\n<meta property=\"og:url\" content=\"https:\/\/www.academianutricionydietetica.org\/pro\/la-academia\/organos-de-gobierno\/maite-maraculla-arenaza\/\" \/>\n<meta property=\"og:site_name\" content=\"Academia Espa\u00f1ola de Nutrici\u00f3n y Diet\u00e9tica\" \/>\n<meta property=\"article:modified_time\" content=\"2026-01-30T11:01:45+00:00\" \/>\n<meta name=\"twitter:card\" content=\"summary_large_image\" \/>\n<meta name=\"twitter:label1\" content=\"Tiempo de lectura\" \/>\n\t<meta name=\"twitter:data1\" content=\"2 minutos\" \/>\n<script type=\"application\/ld+json\" class=\"yoast-schema-graph\">{\"@context\":\"https:\/\/schema.org\",\"@graph\":[{\"@type\":\"WebPage\",\"@id\":\"https:\/\/www.academianutricionydietetica.org\/pro\/la-academia\/organos-de-gobierno\/maite-maraculla-arenaza\/\",\"url\":\"https:\/\/www.academianutricionydietetica.org\/pro\/la-academia\/organos-de-gobierno\/maite-maraculla-arenaza\/\",\"name\":\"Maite Maraculla Arenaza - Academia Espa\u00f1ola de Nutrici\u00f3n y Diet\u00e9tica\",\"isPartOf\":{\"@id\":\"https:\/\/www.academianutricionydietetica.org\/pro\/#website\"},\"datePublished\":\"2026-01-30T10:57:57+00:00\",\"dateModified\":\"2026-01-30T11:01:45+00:00\",\"breadcrumb\":{\"@id\":\"https:\/\/www.academianutricionydietetica.org\/pro\/la-academia\/organos-de-gobierno\/maite-maraculla-arenaza\/#breadcrumb\"},\"inLanguage\":\"es\",\"potentialAction\":[{\"@type\":\"ReadAction\",\"target\":[\"https:\/\/www.academianutricionydietetica.org\/pro\/la-academia\/organos-de-gobierno\/maite-maraculla-arenaza\/\"]}]},{\"@type\":\"BreadcrumbList\",\"@id\":\"https:\/\/www.academianutricionydietetica.org\/pro\/la-academia\/organos-de-gobierno\/maite-maraculla-arenaza\/#breadcrumb\",\"itemListElement\":[{\"@type\":\"ListItem\",\"position\":1,\"name\":\"Inicio\",\"item\":\"https:\/\/www.academianutricionydietetica.org\/pro\/\"},{\"@type\":\"ListItem\",\"position\":2,\"name\":\"La academia\",\"item\":\"https:\/\/www.academianutricionydietetica.org\/pro\/la-academia\/\"},{\"@type\":\"ListItem\",\"position\":3,\"name\":\"\u00d3rganos de Gobierno\",\"item\":\"https:\/\/www.academianutricionydietetica.org\/pro\/la-academia\/organos-de-gobierno\/\"},{\"@type\":\"ListItem\",\"position\":4,\"name\":\"Maite Maraculla Arenaza\"}]},{\"@type\":\"WebSite\",\"@id\":\"https:\/\/www.academianutricionydietetica.org\/pro\/#website\",\"url\":\"https:\/\/www.academianutricionydietetica.org\/pro\/\",\"name\":\"Academia Espa\u00f1ola de Nutrici\u00f3n y Diet\u00e9tica\",\"description\":\"Formaci\u00f3n, noticias, jornadas y eventos\",\"potentialAction\":[{\"@type\":\"SearchAction\",\"target\":{\"@type\":\"EntryPoint\",\"urlTemplate\":\"https:\/\/www.academianutricionydietetica.org\/pro\/?s={search_term_string}\"},\"query-input\":{\"@type\":\"PropertyValueSpecification\",\"valueRequired\":true,\"valueName\":\"search_term_string\"}}],\"inLanguage\":\"es\"}]}<\/script>\n<!-- \/ Yoast SEO plugin. -->","yoast_head_json":{"title":"Maite Maraculla Arenaza - Academia Espa\u00f1ola de Nutrici\u00f3n y Diet\u00e9tica","robots":{"index":"index","follow":"follow","max-snippet":"max-snippet:-1","max-image-preview":"max-image-preview:large","max-video-preview":"max-video-preview:-1"},"canonical":"https:\/\/www.academianutricionydietetica.org\/pro\/la-academia\/organos-de-gobierno\/maite-maraculla-arenaza\/","og_locale":"es_ES","og_type":"article","og_title":"Maite Maraculla Arenaza - Academia Espa\u00f1ola de Nutrici\u00f3n y Diet\u00e9tica","og_description":"[vc_row dfd_row_responsive_enable=\u00bbdfd-row-responsive-enable\u00bb responsive_styles=\u00bbpadding_left_mobile:20|padding_right_mobile:20&#8243;][vc_column][\/vc_column][\/vc_row]","og_url":"https:\/\/www.academianutricionydietetica.org\/pro\/la-academia\/organos-de-gobierno\/maite-maraculla-arenaza\/","og_site_name":"Academia Espa\u00f1ola de Nutrici\u00f3n y Diet\u00e9tica","article_modified_time":"2026-01-30T11:01:45+00:00","twitter_card":"summary_large_image","twitter_misc":{"Tiempo de lectura":"2 minutos"},"schema":{"@context":"https:\/\/schema.org","@graph":[{"@type":"WebPage","@id":"https:\/\/www.academianutricionydietetica.org\/pro\/la-academia\/organos-de-gobierno\/maite-maraculla-arenaza\/","url":"https:\/\/www.academianutricionydietetica.org\/pro\/la-academia\/organos-de-gobierno\/maite-maraculla-arenaza\/","name":"Maite Maraculla Arenaza - Academia Espa\u00f1ola de Nutrici\u00f3n y Diet\u00e9tica","isPartOf":{"@id":"https:\/\/www.academianutricionydietetica.org\/pro\/#website"},"datePublished":"2026-01-30T10:57:57+00:00","dateModified":"2026-01-30T11:01:45+00:00","breadcrumb":{"@id":"https:\/\/www.academianutricionydietetica.org\/pro\/la-academia\/organos-de-gobierno\/maite-maraculla-arenaza\/#breadcrumb"},"inLanguage":"es","potentialAction":[{"@type":"ReadAction","target":["https:\/\/www.academianutricionydietetica.org\/pro\/la-academia\/organos-de-gobierno\/maite-maraculla-arenaza\/"]}]},{"@type":"BreadcrumbList","@id":"https:\/\/www.academianutricionydietetica.org\/pro\/la-academia\/organos-de-gobierno\/maite-maraculla-arenaza\/#breadcrumb","itemListElement":[{"@type":"ListItem","position":1,"name":"Inicio","item":"https:\/\/www.academianutricionydietetica.org\/pro\/"},{"@type":"ListItem","position":2,"name":"La academia","item":"https:\/\/www.academianutricionydietetica.org\/pro\/la-academia\/"},{"@type":"ListItem","position":3,"name":"\u00d3rganos de Gobierno","item":"https:\/\/www.academianutricionydietetica.org\/pro\/la-academia\/organos-de-gobierno\/"},{"@type":"ListItem","position":4,"name":"Maite Maraculla Arenaza"}]},{"@type":"WebSite","@id":"https:\/\/www.academianutricionydietetica.org\/pro\/#website","url":"https:\/\/www.academianutricionydietetica.org\/pro\/","name":"Academia Espa\u00f1ola de Nutrici\u00f3n y Diet\u00e9tica","description":"Formaci\u00f3n, noticias, jornadas y eventos","potentialAction":[{"@type":"SearchAction","target":{"@type":"EntryPoint","urlTemplate":"https:\/\/www.academianutricionydietetica.org\/pro\/?s={search_term_string}"},"query-input":{"@type":"PropertyValueSpecification","valueRequired":true,"valueName":"search_term_string"}}],"inLanguage":"es"}]}},"_links":{"self":[{"href":"https:\/\/www.academianutricionydietetica.org\/pro\/wp-json\/wp\/v2\/pages\/24456","targetHints":{"allow":["GET"]}}],"collection":[{"href":"https:\/\/www.academianutricionydietetica.org\/pro\/wp-json\/wp\/v2\/pages"}],"about":[{"href":"https:\/\/www.academianutricionydietetica.org\/pro\/wp-json\/wp\/v2\/types\/page"}],"author":[{"embeddable":true,"href":"https:\/\/www.academianutricionydietetica.org\/pro\/wp-json\/wp\/v2\/users\/4"}],"replies":[{"embeddable":true,"href":"https:\/\/www.academianutricionydietetica.org\/pro\/wp-json\/wp\/v2\/comments?post=24456"}],"version-history":[{"count":1,"href":"https:\/\/www.academianutricionydietetica.org\/pro\/wp-json\/wp\/v2\/pages\/24456\/revisions"}],"predecessor-version":[{"id":24458,"href":"https:\/\/www.academianutricionydietetica.org\/pro\/wp-json\/wp\/v2\/pages\/24456\/revisions\/24458"}],"up":[{"embeddable":true,"href":"https:\/\/www.academianutricionydietetica.org\/pro\/wp-json\/wp\/v2\/pages\/16188"}],"wp:attachment":[{"href":"https:\/\/www.academianutricionydietetica.org\/pro\/wp-json\/wp\/v2\/media?parent=24456"}],"curies":[{"name":"wp","href":"https:\/\/api.w.org\/{rel}","templated":true}]}}

<p>[vc_row dfd_row_responsive_enable=»dfd-row-responsive-enable» responsive_styles=»padding_left_mobile:20|padding_right_mobile:20&#8243;][vc_column]<div class="dfd-spacer-module"  data-units="px" data-wide_resolution="1280" data-wide_size="80" data-normal_resolution="1024" data-normal_size="60" data-tablet_resolution="800" data-tablet_size="40" data-mobile_resolution="480" data-mobile_size="40" style="height: 80px;"></div><div class="dfd-info-banner style-05 responsive-team-members text-center" ><div class="image-cover "><img loading="lazy" decoding="async" src="https://www.academianutricionydietetica.org/pro/uploads/2026/01/Foto-1-100x100.jpg" alt="Maite Maraculla Arenaza"  width="100" height="100" class="info-banner-image " /></div><div class="content-wrap"><h2 class="info-box-title " style="font-size: 22px; line-height: 26.4px; letter-spacing: 1px; ">Maite Maraculla Arenaza </h2><h3 class="info-box-subtitle widget-sub-title " style="">Miembros de honor y eméritos</h3><div class="wrap-delimiter"><div class="delimiter" ></div></div><div class="description" style="">Mª TERESA (o Maite) MACARULLA ARENAZA, es licenciada y doctora con Premio Extraordinario en Farmacia por la Universidad de Navarra. Fue Profesora Ayudante de la misma, y posteriormente Profesora Asociada y Profesora Titular Interina de la Universidad del País Vasco (UPV/EHU). Desde 1993 es Profesora Titular de la Universidad del País Vasco, donde pertenece al Grupo de Investigación Consolidado de la UPV/EHU, reconocido como Grupo de Investigación del Sistema Universitario Vasco por el Gobierno Vasco y adscrito al Instituto de Investigación Sanitaria Bioaraba, denominado “Nutrición y Obesidad”. Este grupo forma parte de 2 Redes de Investigación: “Centro de Investigación Biomédica en Red de la Fisiopatología de la Obesidad y Nutrición” (CIBERobn) del Instituto de Salud Carlos III, y “Comunidad de Trabajo de los Pirineos” (CTP) de los Gobiernos Autonómicos de Euskadi, Navarra, Aragón, Cataluña, Aquitania y Midi-Pyrénées (Francia).</p>
<p>Su investigación se centra en el estudio de la obesidad y patologías asociadas (mecanismos bioquímicos, hormonales y nutrigenómicos), y en la búsqueda de nuevas moléculas con potencial aplicación anti-obesidad para la elaboración de alimentos funcionales.<br />
La Dra. Macarulla ha participado en más de 40 proyectos de investigación de convocatoria competitiva. Ha dirigido 7 Tesis Doctorales, 6 Tesis de Licenciatura y 8 Trabajos Fin de Máster. Ha publicado 6 libros, 24 capítulos de libro, y más de 90 artículos en revistas científicas (la mayoría internacionales). Fruto de su investigación ha conseguido una patente. Ha presentado más de 200 comunicaciones en congresos (más de la mitad internacionales), habiendo sido premiadas 3 de ellas. Es revisora habitual de varias revistas científicas internacionales.</p>
<p>Durante 7 años fue Responsable y Coordinadora de los Programas de Doctorado “Farmacia y Ciencia de los Alimentos” y “Nutrición, Bromatología y Tecnología de Alimentos” de su Departamento. Ha pertenecido al Comité de Organización del Máster “Nutrición y Salud”, y pertenece a su Comisión de Calidad, así como a la Comisión Académica del Programa de Doctorado Interuniversitario “Nutrigenómica y Nutrición Personalizada” liderado por la Universidad de las Islas Baleares.</p>
<p>Actualmente tiene evaluados positivamente 4 Sexenios de Investigación y 6 Quinquenios de Docencia.<br />
</div></div></div><div class="dfd-spacer-module"  data-units="px" data-wide_resolution="1280" data-wide_size="80" data-normal_resolution="1024" data-normal_size="60" data-tablet_resolution="800" data-tablet_size="40" data-mobile_resolution="480" data-mobile_size="40" style="height: 80px;"></div>[/vc_column][/vc_row]</p>

<!-- This site is optimized with the Yoast SEO plugin v26.7 - https://yoast.com/wordpress/plugins/seo/ -->
<title>Maite Maraculla Arenaza - Academia Española de Nutrición y Dietética</title>
<meta name="robots" content="index, follow, max-snippet:-1, max-image-preview:large, max-video-preview:-1" />
<link rel="canonical" href="https://www.academianutricionydietetica.org/pro/la-academia/organos-de-gobierno/maite-maraculla-arenaza/" />
<meta property="og:locale" content="es_ES" />
<meta property="og:type" content="article" />
<meta property="og:title" content="Maite Maraculla Arenaza - Academia Española de Nutrición y Dietética" />
<meta property="og:description" content="[vc_row dfd_row_responsive_enable=»dfd-row-responsive-enable» responsive_styles=»padding_left_mobile:20|padding_right_mobile:20&#8243;][vc_column][/vc_column][/vc_row]" />
<meta property="og:url" content="https://www.academianutricionydietetica.org/pro/la-academia/organos-de-gobierno/maite-maraculla-arenaza/" />
<meta property="og:site_name" content="Academia Española de Nutrición y Dietética" />
<meta property="article:modified_time" content="2026-01-30T11:01:45+00:00" />
<meta name="twitter:card" content="summary_large_image" />
<meta name="twitter:label1" content="Tiempo de lectura" />
	<meta name="twitter:data1" content="2 minutos" />
<script type="application/ld+json" class="yoast-schema-graph">{"@context":"https://schema.org","@graph":[{"@type":"WebPage","@id":"https://www.academianutricionydietetica.org/pro/la-academia/organos-de-gobierno/maite-maraculla-arenaza/","url":"https://www.academianutricionydietetica.org/pro/la-academia/organos-de-gobierno/maite-maraculla-arenaza/","name":"Maite Maraculla Arenaza - Academia Española de Nutrición y Dietética","isPartOf":{"@id":"https://www.academianutricionydietetica.org/pro/#website"},"datePublished":"2026-01-30T10:57:57+00:00","dateModified":"2026-01-30T11:01:45+00:00","breadcrumb":{"@id":"https://www.academianutricionydietetica.org/pro/la-academia/organos-de-gobierno/maite-maraculla-arenaza/#breadcrumb"},"inLanguage":"es","potentialAction":[{"@type":"ReadAction","target":["https://www.academianutricionydietetica.org/pro/la-academia/organos-de-gobierno/maite-maraculla-arenaza/"]}]},{"@type":"BreadcrumbList","@id":"https://www.academianutricionydietetica.org/pro/la-academia/organos-de-gobierno/maite-maraculla-arenaza/#breadcrumb","itemListElement":[{"@type":"ListItem","position":1,"name":"Inicio","item":"https://www.academianutricionydietetica.org/pro/"},{"@type":"ListItem","position":2,"name":"La academia","item":"https://www.academianutricionydietetica.org/pro/la-academia/"},{"@type":"ListItem","position":3,"name":"Órganos de Gobierno","item":"https://www.academianutricionydietetica.org/pro/la-academia/organos-de-gobierno/"},{"@type":"ListItem","position":4,"name":"Maite Maraculla Arenaza"}]},{"@type":"WebSite","@id":"https://www.academianutricionydietetica.org/pro/#website","url":"https://www.academianutricionydietetica.org/pro/","name":"Academia Española de Nutrición y Dietética","description":"Formación, noticias, jornadas y eventos","potentialAction":[{"@type":"SearchAction","target":{"@type":"EntryPoint","urlTemplate":"https://www.academianutricionydietetica.org/pro/?s={search_term_string}"},"query-input":{"@type":"PropertyValueSpecification","valueRequired":true,"valueName":"search_term_string"}}],"inLanguage":"es"}]}</script>
<!-- / Yoast SEO plugin. -->

Maite Maraculla Arenaza - Academia Española de Nutrición y Dietética

Academia Española de Nutrición y Dietética

Órganos de Gobierno

Formación, noticias, jornadas y eventos
